CRAN Package Check Results for Package assertive.sets

Last updated on 2021-04-17 07:47:34 CEST.

Flavor Version Tinstall Tcheck Ttotal Status Flags
r-devel-linux-x86_64-debian-clang 0.0-3 1.90 23.78 25.68 NOTE
r-devel-linux-x86_64-debian-gcc 0.0-3 1.51 18.64 20.15 NOTE
r-devel-linux-x86_64-fedora-clang 0.0-3 41.14 NOTE
r-devel-linux-x86_64-fedora-gcc 0.0-3 30.75 NOTE
r-devel-windows-ix86+x86_64 0.0-3 4.00 41.00 45.00 NOTE
r-devel-windows-x86_64-gcc10-UCRT 0.0-3 NOTE
r-patched-linux-x86_64 0.0-3 2.03 22.79 24.82 OK
r-patched-solaris-x86 0.0-3 49.50 OK
r-release-linux-x86_64 0.0-3 1.76 23.03 24.79 OK
r-release-macos-x86_64 0.0-3 OK
r-release-windows-ix86+x86_64 0.0-3 4.00 42.00 46.00 OK
r-oldrel-macos-x86_64 0.0-3 OK
r-oldrel-windows-ix86+x86_64 0.0-3 3.00 38.00 41.00 OK

Check Details

Version: 0.0-3
Check: LazyData
Result: NOTE
     'LazyData' is specified without a 'data' directory
Flavors: r-devel-linux-x86_64-debian-clang, r-devel-linux-x86_64-debian-gcc, r-devel-linux-x86_64-fedora-clang, r-devel-linux-x86_64-fedora-gcc, r-devel-windows-ix86+x86_64, r-devel-windows-x86_64-gcc10-UCRT

Version: 0.0-3
Check: Rd cross-references
Result: NOTE
    Undeclared package ‘sets’ in Rd xrefs
Flavor: r-devel-linux-x86_64-fedora-clang