CRAN Package Check Results for Package assertive.sets

Last updated on 2022-08-09 21:52:39 CEST.

Flavor Version Tinstall Tcheck Ttotal Status Flags
r-devel-linux-x86_64-debian-clang 0.0-3 2.12 24.47 26.59 NOTE
r-devel-linux-x86_64-debian-gcc 0.0-3 1.44 18.90 20.34 NOTE
r-devel-linux-x86_64-fedora-clang 0.0-3 42.51 NOTE
r-devel-linux-x86_64-fedora-gcc 0.0-3 41.40 NOTE
r-devel-windows-x86_64 0.0-3 17.00 48.00 65.00 NOTE
r-patched-linux-x86_64 0.0-3 1.66 23.73 25.39 NOTE
r-release-linux-x86_64 0.0-3 NOTE
r-release-macos-arm64 0.0-3 15.00 NOTE
r-release-macos-x86_64 0.0-3 22.00 NOTE
r-release-windows-x86_64 0.0-3 21.00 49.00 70.00 NOTE
r-oldrel-macos-arm64 0.0-3 19.00 NOTE
r-oldrel-macos-x86_64 0.0-3 28.00 NOTE
r-oldrel-windows-ix86+x86_64 0.0-3 5.00 42.00 47.00 NOTE

Check Details

Version: 0.0-3
Check: LazyData
Result: NOTE
     'LazyData' is specified without a 'data' directory
Flavors: r-devel-linux-x86_64-debian-clang, r-devel-linux-x86_64-debian-gcc, r-devel-linux-x86_64-fedora-clang, r-devel-linux-x86_64-fedora-gcc, r-devel-windows-x86_64, r-patched-linux-x86_64, r-release-linux-x86_64, r-release-macos-arm64, r-release-macos-x86_64, r-release-windows-x86_64, r-oldrel-macos-arm64, r-oldrel-macos-x86_64, r-oldrel-windows-ix86+x86_64

Version: 0.0-3
Check: Rd cross-references
Result: NOTE
    Undeclared package ‘sets’ in Rd xrefs
Flavor: r-devel-linux-x86_64-fedora-clang