CRAN Package Check Results for Package assertive.strings

Last updated on 2022-08-07 20:49:20 CEST.

Flavor Version Tinstall Tcheck Ttotal Status Flags
r-devel-linux-x86_64-debian-clang 0.0-3 2.88 29.87 32.75 NOTE
r-devel-linux-x86_64-debian-gcc 0.0-3 1.99 23.22 25.21 NOTE
r-devel-linux-x86_64-fedora-clang 0.0-3 49.94 NOTE
r-devel-linux-x86_64-fedora-gcc 0.0-3 47.97 NOTE
r-devel-windows-x86_64 0.0-3 54.00 54.00 108.00 NOTE
r-patched-linux-x86_64 0.0-3 2.62 28.90 31.52 NOTE
r-release-linux-x86_64 0.0-3 2.42 28.90 31.32 NOTE
r-release-macos-arm64 0.0-3 17.00 NOTE
r-release-macos-x86_64 0.0-3 25.00 NOTE
r-release-windows-x86_64 0.0-3 33.00 51.00 84.00 NOTE
r-oldrel-macos-arm64 0.0-3 22.00 NOTE
r-oldrel-macos-x86_64 0.0-3 30.00 NOTE
r-oldrel-windows-ix86+x86_64 0.0-3 6.00 48.00 54.00 NOTE

Check Details

Version: 0.0-3
Check: LazyData
Result: NOTE
     'LazyData' is specified without a 'data' directory
Flavors: r-devel-linux-x86_64-debian-clang, r-devel-linux-x86_64-debian-gcc, r-devel-linux-x86_64-fedora-clang, r-devel-linux-x86_64-fedora-gcc, r-devel-windows-x86_64, r-patched-linux-x86_64, r-release-linux-x86_64, r-release-macos-arm64, r-release-macos-x86_64, r-release-windows-x86_64, r-oldrel-macos-arm64, r-oldrel-macos-x86_64, r-oldrel-windows-ix86+x86_64