CRAN Package Check Results for Package asteRisk

Last updated on 2021-11-27 14:51:13 CET.

Flavor Version Tinstall Tcheck Ttotal Status Flags
r-devel-linux-x86_64-debian-clang 1.1.0 NOTE
r-devel-linux-x86_64-debian-gcc 1.1.0 10.70 51.46 62.16 NOTE
r-devel-linux-x86_64-fedora-clang 1.1.0 111.93 NOTE
r-devel-linux-x86_64-fedora-gcc 1.1.0 99.75 NOTE
r-devel-windows-x86_64-new-UL 1.1.0 28.00 103.00 131.00 NOTE
r-devel-windows-x86_64-new-TK 1.1.0 NOTE
r-devel-windows-x86_64-old 1.1.0 18.00 80.00 98.00 NOTE
r-patched-linux-x86_64 1.1.0 11.78 65.83 77.61 NOTE
r-patched-solaris-x86 1.1.0 120.80 NOTE
r-release-linux-x86_64 1.1.0 NOTE
r-release-macos-arm64 1.1.0 NOTE
r-release-macos-x86_64 1.1.0 NOTE
r-release-windows-ix86+x86_64 1.1.0 22.00 83.00 105.00 NOTE
r-oldrel-macos-x86_64 1.1.0 NOTE
r-oldrel-windows-ix86+x86_64 1.1.0 16.00 82.00 98.00 NOTE

Check Details

Version: 1.1.0
Check: package dependencies
Result: NOTE
    Package suggested but not available for checking: 'asteRiskData'
Flavors: r-devel-linux-x86_64-debian-clang, r-devel-linux-x86_64-debian-gcc, r-devel-linux-x86_64-fedora-clang, r-devel-linux-x86_64-fedora-gcc, r-devel-windows-x86_64-new-UL, r-devel-windows-x86_64-new-TK, r-devel-windows-x86_64-old, r-patched-linux-x86_64, r-patched-solaris-x86, r-release-linux-x86_64, r-release-macos-x86_64, r-release-windows-ix86+x86_64, r-oldrel-macos-x86_64, r-oldrel-windows-ix86+x86_64

Version: 1.1.0
Check: package dependencies
Result: NOTE
    Packages suggested but not available for checking:
     'asteRiskData', 'BiocStyle'
Flavor: r-release-macos-arm64