CRAN Package Check Results for Package aster

Last updated on 2015-03-28 00:54:11.

Flavor Version Tinstall Tcheck Ttotal Status Flags
r-devel-linux-x86_64-debian-clang 0.8-30 4.64 106.94 111.58 NOTE
r-devel-linux-x86_64-debian-gcc 0.8-30 4.24 105.38 109.61 NOTE
r-devel-linux-x86_64-fedora-clang 0.8-30 231.71 NOTE
r-devel-linux-x86_64-fedora-gcc 0.8-30 224.38 NOTE
r-devel-osx-x86_64-clang 0.8-30 243.65 NOTE
r-prerel-windows-ix86+x86_64 0.8-30 25.00 221.00 246.00 NOTE
r-prerel-linux-x86_64 0.8-30 4.40 111.85 116.25 NOTE
r-prerel-solaris-sparc 0.8-30 2231.80 NOTE
r-prerel-solaris-x86 0.8-30 316.50 NOTE
r-release-linux-x86_64 0.8-30 4.70 107.10 111.80 OK
r-release-osx-x86_64-mavericks 0.8-30 OK
r-release-osx-x86_64-snowleopard 0.8-30 OK
r-release-windows-ix86+x86_64 0.8-30 34.00 220.00 254.00 OK
r-oldrel-windows-ix86+x86_64 0.8-30 22.00 182.00 204.00 OK

Check Details

Version: 0.8-30
Check: DESCRIPTION meta-information
Result: NOTE
    Malformed Description field: should contain one or more complete sentences.
Flavors: r-devel-linux-x86_64-debian-clang, r-devel-linux-x86_64-debian-gcc, r-devel-linux-x86_64-fedora-clang, r-devel-linux-x86_64-fedora-gcc, r-devel-osx-x86_64-clang, r-prerel-windows-ix86+x86_64, r-prerel-linux-x86_64, r-prerel-solaris-sparc, r-prerel-solaris-x86