CRAN Package Check Results for Package aster

Last updated on 2015-07-07 11:47:59.

Flavor Version Tinstall Tcheck Ttotal Status Flags
r-devel-linux-x86_64-debian-clang 0.8-30 4.14 104.98 109.12 NOTE
r-devel-linux-x86_64-debian-gcc 0.8-30 4.37 103.79 108.16 NOTE
r-devel-linux-x86_64-fedora-clang 0.8-30 225.13 NOTE
r-devel-linux-x86_64-fedora-gcc 0.8-30 212.23 NOTE
r-devel-osx-x86_64-clang 0.8-30 198.58 NOTE
r-devel-windows-ix86+x86_64 0.8-30 45.00 217.00 262.00 NOTE
r-patched-linux-x86_64 0.8-30 4.40 103.95 108.35 NOTE
r-patched-solaris-sparc 0.8-30 2150.60 NOTE
r-patched-solaris-x86 0.8-30 313.20 NOTE
r-release-linux-x86_64 0.8-30 4.40 104.68 109.09 NOTE
r-release-osx-x86_64-mavericks 0.8-30 NOTE
r-release-windows-ix86+x86_64 0.8-30 40.00 229.00 269.00 NOTE
r-oldrel-windows-ix86+x86_64 0.8-30 46.00 221.00 267.00 OK

Check Details

Version: 0.8-30
Check: DESCRIPTION meta-information
Result: NOTE
    Malformed Description field: should contain one or more complete sentences.
Flavors: r-devel-linux-x86_64-debian-clang, r-devel-linux-x86_64-debian-gcc, r-devel-linux-x86_64-fedora-clang, r-devel-linux-x86_64-fedora-gcc, r-devel-osx-x86_64-clang, r-devel-windows-ix86+x86_64, r-patched-linux-x86_64, r-patched-solaris-sparc, r-patched-solaris-x86, r-release-linux-x86_64, r-release-osx-x86_64-mavericks, r-release-windows-ix86+x86_64

Version: 0.8-30
Check: R code for possible problems
Result: NOTE
    anova.asterlist: no visible global function definition for ‘pchisq’
    anova.reasterlist: no visible global function definition for ‘pchisq’
    anovaAsterOrReasterList: no visible global function definition for
     ‘pchisq’
    aster.default: no visible global function definition for ‘nlm’
    aster.default: no visible global function definition for ‘optim’
    aster.formula: no visible binding for global variable ‘na.fail’
    aster.formula: no visible global function definition for
     ‘model.response’
    aster.formula: no visible global function definition for
     ‘is.empty.model’
    aster.formula: no visible global function definition for ‘model.matrix’
    aster.formula: no visible global function definition for ‘.getXlevels’
    predict.aster.formula: no visible global function definition for
     ‘model.response’
    predict.aster.formula: no visible global function definition for
     ‘is.empty.model’
    predict.aster.formula: no visible global function definition for
     ‘model.matrix’
    print.summary.aster: no visible global function definition for
     ‘printCoefmat’
    print.summary.reaster: no visible global function definition for
     ‘printCoefmat’
    reaster.default: no visible global function definition for ‘optim’
    reaster.formula: no visible binding for global variable ‘na.fail’
    reaster.formula: no visible global function definition for
     ‘model.response’
    reaster.formula: no visible global function definition for
     ‘is.empty.model’
    reaster.formula: no visible global function definition for
     ‘model.matrix’
    reaster.formula: no visible global function definition for ‘lm’
    summary.aster: no visible global function definition for ‘pnorm’
    summary.reaster: no visible global function definition for ‘pnorm’
    Undefined global functions or variables:
     .getXlevels is.empty.model lm model.matrix model.response na.fail nlm
     optim pchisq pnorm printCoefmat
Flavors: r-devel-linux-x86_64-debian-clang, r-devel-linux-x86_64-debian-gcc, r-devel-linux-x86_64-fedora-clang, r-devel-linux-x86_64-fedora-gcc, r-devel-windows-ix86+x86_64