CRAN Package Check Results for Package aster

Last updated on 2017-02-23 05:48:47.

Flavor Version Tinstall Tcheck Ttotal Status Flags
r-devel-linux-x86_64-debian-clang 0.8-31 5.81 89.55 95.36 NOTE
r-devel-linux-x86_64-debian-gcc 0.8-31 5.16 89.41 94.57 NOTE
r-devel-linux-x86_64-fedora-clang 0.8-31 199.62 NOTE --no-stop-on-test-error
r-devel-linux-x86_64-fedora-gcc 0.8-31 197.25 NOTE --no-stop-on-test-error
r-devel-macos-x86_64-clang 0.8-31 144.99 NOTE --no-stop-on-test-error
r-devel-windows-ix86+x86_64 0.8-31 21.00 282.00 303.00 OK
r-patched-linux-x86_64 0.8-31 4.55 85.95 90.50 OK
r-patched-solaris-sparc 0.8-31 1712.90 OK
r-patched-solaris-x86 0.8-31 241.30 OK
r-release-linux-x86_64 0.8-31 4.55 85.50 90.04 OK
r-release-osx-x86_64-mavericks 0.8-31 OK
r-release-windows-ix86+x86_64 0.8-31 20.00 208.00 228.00 OK
r-oldrel-windows-ix86+x86_64 0.8-31 29.00 245.00 274.00 OK

Check Details

Version: 0.8-31
Check: compiled code
Result: NOTE
    File ‘aster/libs/aster.so’:
     Found no call to: ‘R_useDynamicSymbols’
    
    It is good practice to register native routines and to disable symbol
    search.
    
    See ‘Writing portable packages’ in the ‘Writing R Extensions’ manual.
Flavors: r-devel-linux-x86_64-debian-clang, r-devel-linux-x86_64-debian-gcc

Version: 0.8-31
Flags: --no-stop-on-test-error
Check: compiled code
Result: NOTE
    File ‘aster/libs/aster.so’:
     Found no call to: ‘R_useDynamicSymbols’
    
    It is good practice to register native routines and to disable symbol
    search.
    
    See ‘Writing portable packages’ in the ‘Writing R Extensions’ manual.
Flavors: r-devel-linux-x86_64-fedora-clang, r-devel-linux-x86_64-fedora-gcc, r-devel-macos-x86_64-clang