CRAN Package Check Results for Package aster2

Last updated on 2014-07-25 01:48:42.

Flavor Version Tinstall Tcheck Ttotal Status Flags
r-devel-linux-x86_64-debian-clang 0.1 1.50 58.92 60.43 NOTE
r-devel-linux-x86_64-debian-gcc 0.1 1.87 58.76 60.62 NOTE
r-devel-linux-x86_64-fedora-clang 0.1 119.73 NOTE
r-devel-linux-x86_64-fedora-gcc 0.1 121.33 NOTE
r-devel-osx-x86_64-clang 0.1 83.29 NOTE
r-devel-windows-ix86+x86_64 0.1 11.00 150.00 161.00 NOTE
r-patched-linux-x86_64 0.1 1.88 57.76 59.64 NOTE
r-patched-solaris-sparc 0.1 951.90 NOTE
r-patched-solaris-x86 0.1 174.60 NOTE
r-release-linux-ix86 0.1 2.73 100.06 102.78 NOTE
r-release-linux-x86_64 0.1 1.93 58.44 60.36 NOTE
r-release-osx-x86_64-mavericks 0.1 NOTE
r-release-windows-ix86+x86_64 0.1 15.00 148.00 163.00 NOTE
r-oldrel-windows-ix86+x86_64 0.1 12.00 214.00 226.00 NOTE

Check Details

Version: 0.1
Check: R code for possible problems
Result: NOTE
    File ‘aster2/R/onAttach.R’:
     .onAttach calls:
     cat("This is beta software.\n")
     cat("Unless you need to do aster models with dependence groups,\n")
     cat(" use package \"aster\" instead.\n")
     cat("See help(aster2-package) for differences from package \"aster\"\n")
     cat(" and examples.\n")
    
    Package startup functions should use ‘packageStartupMessage’ to
     generate messages.
    See section ‘Good practice’ in '?.onAttach'.
Flavors: r-devel-linux-x86_64-debian-clang, r-devel-linux-x86_64-debian-gcc, r-devel-linux-x86_64-fedora-clang, r-devel-linux-x86_64-fedora-gcc, r-devel-osx-x86_64-clang, r-devel-windows-ix86+x86_64, r-patched-linux-x86_64, r-patched-solaris-sparc, r-patched-solaris-x86, r-release-linux-ix86, r-release-linux-x86_64, r-release-osx-x86_64-mavericks, r-release-windows-ix86+x86_64, r-oldrel-windows-ix86+x86_64