CRAN Package Check Results for Package aster2

Last updated on 2016-02-08 02:47:14.

Flavor Version Tinstall Tcheck Ttotal Status Flags
r-devel-linux-x86_64-debian-gcc 0.2-1 2.88 26.08 28.96 NOTE
r-devel-linux-x86_64-fedora-clang 0.2-1 52.89 NOTE
r-devel-linux-x86_64-fedora-gcc 0.2-1 51.57 NOTE
r-devel-osx-x86_64-clang 0.2-1 57.34 NOTE
r-devel-windows-ix86+x86_64 0.2-1 17.00 95.00 112.00 NOTE
r-patched-linux-x86_64 0.2-1 3.00 26.92 29.92 OK
r-patched-solaris-sparc 0.2-1 403.00 OK
r-patched-solaris-x86 0.2-1 76.70 OK
r-release-linux-x86_64 0.2-1 2.94 26.48 29.42 OK
r-release-osx-x86_64-mavericks 0.2-1 OK
r-release-windows-ix86+x86_64 0.2-1 12.00 69.00 81.00 OK
r-oldrel-windows-ix86+x86_64 0.2-1 21.00 72.00 93.00 OK

Check Details

Version: 0.2-1
Check: R code for possible problems
Result: NOTE
    asterdata: no visible global function definition for ‘reshape’
    Undefined global functions or variables:
     reshape
    Consider adding
     importFrom("stats", "reshape")
    to your NAMESPACE file.
Flavors: r-devel-linux-x86_64-debian-gcc, r-devel-linux-x86_64-fedora-clang, r-devel-linux-x86_64-fedora-gcc, r-devel-osx-x86_64-clang, r-devel-windows-ix86+x86_64