CRAN Package Check Results for Package aster2

Last updated on 2016-06-27 12:48:55.

Flavor Version Tinstall Tcheck Ttotal Status Flags
r-devel-linux-x86_64-debian-gcc 0.2-1 2.94 27.12 30.06 NOTE
r-devel-linux-x86_64-fedora-clang 0.2-1 54.15 NOTE
r-devel-linux-x86_64-fedora-gcc 0.2-1 51.66 NOTE
r-devel-osx-x86_64-clang 0.2-1 42.14 NOTE
r-devel-windows-ix86+x86_64 0.2-1 11.00 79.00 90.00 NOTE
r-patched-linux-x86_64 0.2-1 3.07 27.69 30.76 NOTE
r-patched-solaris-sparc 0.2-1 407.00 NOTE
r-patched-solaris-x86 0.2-1 78.30 NOTE
r-release-linux-x86_64 0.2-1 3.19 26.92 30.12 NOTE
r-release-osx-x86_64-mavericks 0.2-1 NOTE
r-release-windows-ix86+x86_64 0.2-1 15.00 96.00 111.00 NOTE
r-oldrel-windows-ix86+x86_64 0.2-1 12.00 69.00 81.00 OK

Check Details

Version: 0.2-1
Check: R code for possible problems
Result: NOTE
    asterdata: no visible global function definition for ‘reshape’
    Undefined global functions or variables:
     reshape
    Consider adding
     importFrom("stats", "reshape")
    to your NAMESPACE file.
Flavors: r-devel-linux-x86_64-debian-gcc, r-devel-linux-x86_64-fedora-clang, r-devel-linux-x86_64-fedora-gcc, r-devel-osx-x86_64-clang, r-devel-windows-ix86+x86_64, r-patched-linux-x86_64, r-patched-solaris-sparc, r-patched-solaris-x86, r-release-linux-x86_64, r-release-osx-x86_64-mavericks, r-release-windows-ix86+x86_64