CRAN Package Check Results for Package aster2

Last updated on 2017-01-18 12:54:23.

Flavor Version Tinstall Tcheck Ttotal Status Flags
r-devel-linux-x86_64-debian-clang 0.2-1 3.26 30.73 33.98 NOTE
r-devel-linux-x86_64-debian-gcc 0.2-1 3.28 28.46 31.74 NOTE
r-devel-linux-x86_64-fedora-clang 0.2-1 60.66 NOTE --no-stop-on-test-error
r-devel-linux-x86_64-fedora-gcc 0.2-1 55.35 NOTE --no-stop-on-test-error
r-devel-macos-x86_64-clang 0.2-1 45.14 NOTE --no-stop-on-test-error
r-devel-windows-ix86+x86_64 0.2-1 18.00 82.00 100.00 NOTE
r-patched-linux-x86_64 0.2-1 2.78 25.88 28.66 NOTE
r-patched-solaris-sparc 0.2-1 416.80 NOTE
r-patched-solaris-x86 0.2-1 75.40 NOTE
r-release-linux-x86_64 0.2-1 2.88 26.21 29.10 NOTE
r-release-osx-x86_64-mavericks 0.2-1 NOTE
r-release-windows-ix86+x86_64 0.2-1 11.00 82.00 93.00 NOTE
r-oldrel-windows-ix86+x86_64 0.2-1 13.00 79.00 92.00 OK

Check Details

Version: 0.2-1
Check: R code for possible problems
Result: NOTE
    asterdata: no visible global function definition for ‘reshape’
    Undefined global functions or variables:
     reshape
    Consider adding
     importFrom("stats", "reshape")
    to your NAMESPACE file.
Flavors: r-devel-linux-x86_64-debian-clang, r-devel-linux-x86_64-debian-gcc, r-devel-windows-ix86+x86_64, r-patched-linux-x86_64, r-patched-solaris-sparc, r-patched-solaris-x86, r-release-linux-x86_64, r-release-osx-x86_64-mavericks, r-release-windows-ix86+x86_64

Version: 0.2-1
Flags: --no-stop-on-test-error
Check: R code for possible problems
Result: NOTE
    asterdata: no visible global function definition for ‘reshape’
    Undefined global functions or variables:
     reshape
    Consider adding
     importFrom("stats", "reshape")
    to your NAMESPACE file.
Flavors: r-devel-linux-x86_64-fedora-clang, r-devel-linux-x86_64-fedora-gcc, r-devel-macos-x86_64-clang