CRAN Package Check Results for Package aster2

Last updated on 2014-11-22 10:52:56.

Flavor Version Tinstall Tcheck Ttotal Status Flags
r-devel-linux-x86_64-debian-clang 0.1 1.66 60.40 62.07 NOTE
r-devel-linux-x86_64-debian-gcc 0.1 1.92 61.75 63.66 NOTE
r-devel-linux-x86_64-fedora-clang 0.1 117.90 NOTE
r-devel-linux-x86_64-fedora-gcc 0.1 116.56 NOTE
r-devel-osx-x86_64-clang 0.1 88.49 NOTE
r-devel-windows-ix86+x86_64 0.1 11.00 156.00 167.00 NOTE
r-patched-linux-x86_64 0.1 2.06 59.24 61.30 NOTE
r-patched-solaris-sparc 0.1 947.00 NOTE
r-patched-solaris-x86 0.1 176.60 NOTE
r-release-linux-ix86 0.1 2.61 100.09 102.70 NOTE
r-release-linux-x86_64 0.1 2.02 59.64 61.67 NOTE
r-release-osx-x86_64-mavericks 0.1 NOTE
r-release-windows-ix86+x86_64 0.1 11.00 155.00 166.00 NOTE
r-oldrel-windows-ix86+x86_64 0.1 12.00 214.00 226.00 NOTE

Check Details

Version: 0.1
Check: R code for possible problems
Result: NOTE
    File ‘aster2/R/onAttach.R’:
     .onAttach calls:
     cat("This is beta software.\n")
     cat("Unless you need to do aster models with dependence groups,\n")
     cat(" use package \"aster\" instead.\n")
     cat("See help(aster2-package) for differences from package \"aster\"\n")
     cat(" and examples.\n")
    
    Package startup functions should use ‘packageStartupMessage’ to
     generate messages.
    See section ‘Good practice’ in '?.onAttach'.
Flavors: r-devel-linux-x86_64-debian-clang, r-devel-linux-x86_64-debian-gcc, r-devel-linux-x86_64-fedora-clang, r-devel-linux-x86_64-fedora-gcc, r-devel-osx-x86_64-clang, r-devel-windows-ix86+x86_64, r-patched-linux-x86_64, r-patched-solaris-sparc, r-patched-solaris-x86, r-release-linux-ix86, r-release-linux-x86_64, r-release-osx-x86_64-mavericks, r-release-windows-ix86+x86_64, r-oldrel-windows-ix86+x86_64