CRAN Package Check Results for Package aster2

Last updated on 2014-09-03 05:47:37.

Flavor Version Tinstall Tcheck Ttotal Status Flags
r-devel-linux-x86_64-debian-clang 0.1 1.50 57.41 58.91 NOTE
r-devel-linux-x86_64-debian-gcc 0.1 1.88 57.29 59.17 NOTE
r-devel-linux-x86_64-fedora-clang 0.1 120.36 NOTE
r-devel-linux-x86_64-fedora-gcc 0.1 120.32 NOTE
r-devel-osx-x86_64-clang 0.1 81.42 NOTE
r-devel-windows-ix86+x86_64 0.1 10.00 148.00 158.00 NOTE
r-patched-linux-x86_64 0.1 1.89 58.90 60.79 NOTE
r-patched-solaris-sparc 0.1 970.70 NOTE
r-patched-solaris-x86 0.1 169.40 NOTE
r-release-linux-ix86 0.1 2.75 100.01 102.76 NOTE
r-release-linux-x86_64 0.1 2.26 60.08 62.34 NOTE
r-release-osx-x86_64-mavericks 0.1 NOTE
r-release-windows-ix86+x86_64 0.1 15.00 148.00 163.00 NOTE
r-oldrel-windows-ix86+x86_64 0.1 12.00 214.00 226.00 NOTE

Check Details

Version: 0.1
Check: R code for possible problems
Result: NOTE
    File ‘aster2/R/onAttach.R’:
     .onAttach calls:
     cat("This is beta software.\n")
     cat("Unless you need to do aster models with dependence groups,\n")
     cat(" use package \"aster\" instead.\n")
     cat("See help(aster2-package) for differences from package \"aster\"\n")
     cat(" and examples.\n")
    
    Package startup functions should use ‘packageStartupMessage’ to
     generate messages.
    See section ‘Good practice’ in '?.onAttach'.
Flavors: r-devel-linux-x86_64-debian-clang, r-devel-linux-x86_64-debian-gcc, r-devel-linux-x86_64-fedora-clang, r-devel-linux-x86_64-fedora-gcc, r-devel-osx-x86_64-clang, r-devel-windows-ix86+x86_64, r-patched-linux-x86_64, r-patched-solaris-sparc, r-patched-solaris-x86, r-release-linux-ix86, r-release-linux-x86_64, r-release-osx-x86_64-mavericks, r-release-windows-ix86+x86_64, r-oldrel-windows-ix86+x86_64