CRAN Package Check Results for Package aster2

Last updated on 2015-08-28 03:48:12.

Flavor Version Tinstall Tcheck Ttotal Status Flags
r-devel-linux-x86_64-debian-clang 0.2-1 2.49 26.25 28.74 NOTE
r-devel-linux-x86_64-debian-gcc 0.2-1 2.66 25.83 28.49 NOTE
r-devel-linux-x86_64-fedora-clang 0.2-1 55.38 NOTE
r-devel-linux-x86_64-fedora-gcc 0.2-1 53.61 NOTE
r-devel-osx-x86_64-clang 0.2-1 47.14 OK
r-devel-windows-ix86+x86_64 0.2-1 18.00 105.00 123.00 NOTE
r-patched-linux-x86_64 0.2-1 2.90 26.95 29.85 OK
r-patched-solaris-sparc 0.2-1 427.00 OK
r-patched-solaris-x86 0.2-1 85.60 OK
r-release-linux-x86_64 0.2-1 2.84 26.95 29.78 OK
r-release-osx-x86_64-mavericks 0.2-1 OK
r-release-windows-ix86+x86_64 0.2-1 12.00 90.00 102.00 OK
r-oldrel-windows-ix86+x86_64 0.2-1 21.00 72.00 93.00 OK

Check Details

Version: 0.2-1
Check: R code for possible problems
Result: NOTE
    asterdata: no visible global function definition for ‘reshape’
    Undefined global functions or variables:
     reshape
    Consider adding
     importFrom("stats", "reshape")
    to your NAMESPACE.
Flavors: r-devel-linux-x86_64-debian-clang, r-devel-linux-x86_64-debian-gcc, r-devel-linux-x86_64-fedora-clang, r-devel-linux-x86_64-fedora-gcc, r-devel-windows-ix86+x86_64