CRAN Package Check Results for Package aster2

Last updated on 2016-09-29 23:47:23.

Flavor Version Tinstall Tcheck Ttotal Status Flags
r-devel-linux-x86_64-debian-clang 0.2-1 2.94 28.79 31.73 NOTE
r-devel-linux-x86_64-debian-gcc 0.2-1 3.36 27.17 30.53 NOTE
r-devel-linux-x86_64-fedora-clang 0.2-1 58.12 NOTE
r-devel-linux-x86_64-fedora-gcc 0.2-1 50.18 NOTE
r-devel-macos-x86_64-clang 0.2-1 41.80 NOTE
r-devel-windows-ix86+x86_64 0.2-1 18.00 110.00 128.00 NOTE
r-patched-linux-x86_64 0.2-1 2.97 26.66 29.62 NOTE
r-patched-solaris-sparc 0.2-1 407.00 NOTE
r-patched-solaris-x86 0.2-1 74.20 NOTE
r-release-linux-x86_64 0.2-1 2.98 27.41 30.39 NOTE
r-release-osx-x86_64-mavericks 0.2-1 NOTE
r-release-windows-ix86+x86_64 0.2-1 12.00 81.00 93.00 NOTE
r-oldrel-windows-ix86+x86_64 0.2-1 12.00 69.00 81.00 OK

Check Details

Version: 0.2-1
Check: R code for possible problems
Result: NOTE
    asterdata: no visible global function definition for ‘reshape’
    Undefined global functions or variables:
     reshape
    Consider adding
     importFrom("stats", "reshape")
    to your NAMESPACE file.
Flavors: r-devel-linux-x86_64-debian-clang, r-devel-linux-x86_64-debian-gcc, r-devel-linux-x86_64-fedora-clang, r-devel-linux-x86_64-fedora-gcc, r-devel-macos-x86_64-clang, r-devel-windows-ix86+x86_64, r-patched-linux-x86_64, r-patched-solaris-sparc, r-patched-solaris-x86, r-release-linux-x86_64, r-release-osx-x86_64-mavericks, r-release-windows-ix86+x86_64