CRAN Package Check Results for Package aster2

Last updated on 2016-07-27 15:47:35.

Flavor Version Tinstall Tcheck Ttotal Status Flags
r-devel-linux-x86_64-debian-clang 0.2-1 3.56 32.91 36.46 NOTE
r-devel-linux-x86_64-debian-gcc 0.2-1 3.46 28.82 32.28 NOTE
r-devel-linux-x86_64-fedora-clang 0.2-1 53.53 NOTE
r-devel-linux-x86_64-fedora-gcc 0.2-1 51.83 NOTE
r-devel-osx-x86_64-clang 0.2-1 42.83 NOTE
r-devel-windows-ix86+x86_64 0.2-1 11.00 85.00 96.00 NOTE
r-patched-linux-x86_64 0.2-1 3.43 30.12 33.55 NOTE
r-patched-solaris-sparc 0.2-1 407.00 NOTE
r-patched-solaris-x86 0.2-1 77.40 NOTE
r-release-linux-x86_64 0.2-1 3.26 29.62 32.88 NOTE
r-release-osx-x86_64-mavericks 0.2-1 NOTE
r-release-windows-ix86+x86_64 0.2-1 15.00 96.00 111.00 NOTE
r-oldrel-windows-ix86+x86_64 0.2-1 12.00 69.00 81.00 OK

Check Details

Version: 0.2-1
Check: R code for possible problems
Result: NOTE
    asterdata: no visible global function definition for ‘reshape’
    Undefined global functions or variables:
     reshape
    Consider adding
     importFrom("stats", "reshape")
    to your NAMESPACE file.
Flavors: r-devel-linux-x86_64-debian-clang, r-devel-linux-x86_64-debian-gcc, r-devel-linux-x86_64-fedora-clang, r-devel-linux-x86_64-fedora-gcc, r-devel-osx-x86_64-clang, r-devel-windows-ix86+x86_64, r-patched-linux-x86_64, r-patched-solaris-sparc, r-patched-solaris-x86, r-release-linux-x86_64, r-release-osx-x86_64-mavericks, r-release-windows-ix86+x86_64