CRAN Package Check Results for Package aster2

Last updated on 2017-02-22 07:48:02.

Flavor Version Tinstall Tcheck Ttotal Status Flags
r-devel-linux-x86_64-debian-clang 0.2-1 3.34 29.16 32.49 NOTE
r-devel-linux-x86_64-debian-gcc 0.2-1 3.22 26.92 30.13 NOTE
r-devel-linux-x86_64-fedora-clang 0.2-1 59.34 NOTE --no-stop-on-test-error
r-devel-linux-x86_64-fedora-gcc 0.2-1 55.88 NOTE --no-stop-on-test-error
r-devel-macos-x86_64-clang 0.2-1 45.86 NOTE --no-stop-on-test-error
r-devel-windows-ix86+x86_64 0.2-1 13.00 112.00 125.00 NOTE
r-patched-linux-x86_64 0.2-1 2.78 24.68 27.45 NOTE
r-patched-solaris-sparc 0.2-1 416.80 NOTE
r-patched-solaris-x86 0.2-1 74.40 NOTE
r-release-linux-x86_64 0.2-1 2.89 24.99 27.88 NOTE
r-release-osx-x86_64-mavericks 0.2-1 NOTE
r-release-windows-ix86+x86_64 0.2-1 11.00 82.00 93.00 NOTE
r-oldrel-windows-ix86+x86_64 0.2-1 13.00 79.00 92.00 OK

Check Details

Version: 0.2-1
Check: R code for possible problems
Result: NOTE
    asterdata: no visible global function definition for ‘reshape’
    Undefined global functions or variables:
     reshape
    Consider adding
     importFrom("stats", "reshape")
    to your NAMESPACE file.
Flavors: r-devel-linux-x86_64-debian-clang, r-devel-linux-x86_64-debian-gcc, r-devel-windows-ix86+x86_64, r-patched-linux-x86_64, r-patched-solaris-sparc, r-patched-solaris-x86, r-release-linux-x86_64, r-release-osx-x86_64-mavericks, r-release-windows-ix86+x86_64

Version: 0.2-1
Check: compiled code
Result: NOTE
    File ‘aster2/libs/aster2.so’:
     Found no call to: ‘R_useDynamicSymbols’
    
    It is good practice to register native routines and to disable symbol
    search.
    
    See ‘Writing portable packages’ in the ‘Writing R Extensions’ manual.
Flavors: r-devel-linux-x86_64-debian-clang, r-devel-linux-x86_64-debian-gcc

Version: 0.2-1
Flags: --no-stop-on-test-error
Check: R code for possible problems
Result: NOTE
    asterdata: no visible global function definition for ‘reshape’
    Undefined global functions or variables:
     reshape
    Consider adding
     importFrom("stats", "reshape")
    to your NAMESPACE file.
Flavors: r-devel-linux-x86_64-fedora-clang, r-devel-linux-x86_64-fedora-gcc, r-devel-macos-x86_64-clang

Version: 0.2-1
Flags: --no-stop-on-test-error
Check: compiled code
Result: NOTE
    File ‘aster2/libs/aster2.so’:
     Found no call to: ‘R_useDynamicSymbols’
    
    It is good practice to register native routines and to disable symbol
    search.
    
    See ‘Writing portable packages’ in the ‘Writing R Extensions’ manual.
Flavors: r-devel-linux-x86_64-fedora-clang, r-devel-linux-x86_64-fedora-gcc, r-devel-macos-x86_64-clang