CRAN Package Check Results for Package aster2

Last updated on 2016-12-10 18:49:15.

Flavor Version Tinstall Tcheck Ttotal Status Flags
r-devel-linux-x86_64-debian-clang 0.2-1 3.25 31.31 34.56 NOTE
r-devel-linux-x86_64-debian-gcc 0.2-1 3.40 28.81 32.20 NOTE
r-devel-linux-x86_64-fedora-clang 0.2-1 65.67 NOTE --no-stop-on-test-error
r-devel-linux-x86_64-fedora-gcc 0.2-1 56.39 NOTE --no-stop-on-test-error
r-devel-macos-x86_64-clang 0.2-1 46.09 NOTE --no-stop-on-test-error
r-devel-windows-ix86+x86_64 0.2-1 24.00 105.00 129.00 NOTE
r-patched-linux-x86_64 0.2-1 2.85 26.26 29.10 NOTE
r-patched-solaris-sparc 0.2-1 407.00 NOTE
r-patched-solaris-x86 0.2-1 76.40 NOTE
r-release-linux-x86_64 0.2-1 3.68 26.22 29.89 NOTE
r-release-osx-x86_64-mavericks 0.2-1 NOTE
r-release-windows-ix86+x86_64 0.2-1 11.00 82.00 93.00 NOTE
r-oldrel-windows-ix86+x86_64 0.2-1 13.00 79.00 92.00 OK

Check Details

Version: 0.2-1
Check: R code for possible problems
Result: NOTE
    asterdata: no visible global function definition for ‘reshape’
    Undefined global functions or variables:
     reshape
    Consider adding
     importFrom("stats", "reshape")
    to your NAMESPACE file.
Flavors: r-devel-linux-x86_64-debian-clang, r-devel-linux-x86_64-debian-gcc, r-devel-windows-ix86+x86_64, r-patched-linux-x86_64, r-patched-solaris-sparc, r-patched-solaris-x86, r-release-linux-x86_64, r-release-osx-x86_64-mavericks, r-release-windows-ix86+x86_64

Version: 0.2-1
Flags: --no-stop-on-test-error
Check: R code for possible problems
Result: NOTE
    asterdata: no visible global function definition for ‘reshape’
    Undefined global functions or variables:
     reshape
    Consider adding
     importFrom("stats", "reshape")
    to your NAMESPACE file.
Flavors: r-devel-linux-x86_64-fedora-clang, r-devel-linux-x86_64-fedora-gcc, r-devel-macos-x86_64-clang