CRAN Package Check Results for Package aster2

Last updated on 2014-12-22 19:48:16.

Flavor Version Tinstall Tcheck Ttotal Status Flags
r-devel-linux-x86_64-debian-clang 0.1 1.63 59.17 60.80 NOTE
r-devel-linux-x86_64-debian-gcc 0.1 2.01 56.31 58.32 NOTE
r-devel-linux-x86_64-fedora-clang 0.1 118.18 NOTE
r-devel-linux-x86_64-fedora-gcc 0.1 118.15 NOTE
r-devel-osx-x86_64-clang 0.1 88.38 NOTE
r-devel-windows-ix86+x86_64 0.1 18.00 189.00 207.00 NOTE
r-patched-linux-x86_64 0.1 1.94 59.19 61.13 NOTE
r-patched-solaris-sparc 0.1 982.50 NOTE
r-patched-solaris-x86 0.1 175.80 NOTE
r-release-linux-ix86 0.1 2.62 100.83 103.45 NOTE
r-release-linux-x86_64 0.1 1.97 58.80 60.77 NOTE
r-release-osx-x86_64-mavericks 0.1 NOTE
r-release-windows-ix86+x86_64 0.1 11.00 155.00 166.00 NOTE
r-oldrel-windows-ix86+x86_64 0.1 12.00 214.00 226.00 NOTE

Check Details

Version: 0.1
Check: R code for possible problems
Result: NOTE
    File ‘aster2/R/onAttach.R’:
     .onAttach calls:
     cat("This is beta software.\n")
     cat("Unless you need to do aster models with dependence groups,\n")
     cat(" use package \"aster\" instead.\n")
     cat("See help(aster2-package) for differences from package \"aster\"\n")
     cat(" and examples.\n")
    
    Package startup functions should use ‘packageStartupMessage’ to
     generate messages.
    See section ‘Good practice’ in '?.onAttach'.
Flavors: r-devel-linux-x86_64-debian-clang, r-devel-linux-x86_64-debian-gcc, r-devel-linux-x86_64-fedora-clang, r-devel-linux-x86_64-fedora-gcc, r-devel-osx-x86_64-clang, r-devel-windows-ix86+x86_64, r-patched-linux-x86_64, r-patched-solaris-sparc, r-patched-solaris-x86, r-release-linux-ix86, r-release-linux-x86_64, r-release-osx-x86_64-mavericks, r-release-windows-ix86+x86_64, r-oldrel-windows-ix86+x86_64