CRAN Package Check Results for Package aster2

Last updated on 2016-05-31 06:47:15.

Flavor Version Tinstall Tcheck Ttotal Status Flags
r-devel-linux-x86_64-debian-gcc 0.2-1 2.97 26.94 29.91 NOTE
r-devel-linux-x86_64-fedora-clang 0.2-1 54.46 NOTE
r-devel-linux-x86_64-fedora-gcc 0.2-1 52.77 NOTE
r-devel-osx-x86_64-clang 0.2-1 57.85 NOTE
r-devel-windows-ix86+x86_64 0.2-1 11.00 79.00 90.00 NOTE
r-patched-linux-x86_64 0.2-1 2.92 26.55 29.47 NOTE
r-patched-solaris-sparc 0.2-1 410.10 NOTE
r-patched-solaris-x86 0.2-1 78.40 NOTE
r-release-linux-x86_64 0.2-1 2.96 26.57 29.53 NOTE
r-release-osx-x86_64-mavericks 0.2-1 NOTE
r-release-windows-ix86+x86_64 0.2-1 15.00 96.00 111.00 NOTE
r-oldrel-windows-ix86+x86_64 0.2-1 12.00 69.00 81.00 OK

Check Details

Version: 0.2-1
Check: R code for possible problems
Result: NOTE
    asterdata: no visible global function definition for ‘reshape’
    Undefined global functions or variables:
     reshape
    Consider adding
     importFrom("stats", "reshape")
    to your NAMESPACE file.
Flavors: r-devel-linux-x86_64-debian-gcc, r-devel-linux-x86_64-fedora-clang, r-devel-linux-x86_64-fedora-gcc, r-devel-osx-x86_64-clang, r-devel-windows-ix86+x86_64, r-patched-linux-x86_64, r-patched-solaris-sparc, r-patched-solaris-x86, r-release-linux-x86_64, r-release-osx-x86_64-mavericks, r-release-windows-ix86+x86_64