CRAN Package Check Results for Package aster2

Last updated on 2016-08-26 23:48:44.

Flavor Version Tinstall Tcheck Ttotal Status Flags
r-devel-linux-x86_64-debian-clang 0.2-1 2.88 28.38 31.26 NOTE
r-devel-linux-x86_64-debian-gcc 0.2-1 3.80 33.22 37.03 NOTE
r-devel-linux-x86_64-fedora-clang 0.2-1 56.52 NOTE
r-devel-linux-x86_64-fedora-gcc 0.2-1 50.22 NOTE
r-devel-osx-x86_64-clang 0.2-1 42.58 NOTE
r-devel-windows-ix86+x86_64 0.2-1 18.00 109.00 127.00 NOTE
r-patched-linux-x86_64 0.2-1 3.12 25.69 28.81 NOTE
r-patched-solaris-sparc 0.2-1 407.00 NOTE
r-patched-solaris-x86 0.2-1 77.20 NOTE
r-release-linux-x86_64 0.2-1 3.08 26.55 29.63 NOTE
r-release-osx-x86_64-mavericks 0.2-1 NOTE
r-release-windows-ix86+x86_64 0.2-1 15.00 96.00 111.00 NOTE
r-oldrel-windows-ix86+x86_64 0.2-1 12.00 69.00 81.00 OK

Check Details

Version: 0.2-1
Check: R code for possible problems
Result: NOTE
    asterdata: no visible global function definition for ‘reshape’
    Undefined global functions or variables:
     reshape
    Consider adding
     importFrom("stats", "reshape")
    to your NAMESPACE file.
Flavors: r-devel-linux-x86_64-debian-clang, r-devel-linux-x86_64-debian-gcc, r-devel-linux-x86_64-fedora-clang, r-devel-linux-x86_64-fedora-gcc, r-devel-osx-x86_64-clang, r-devel-windows-ix86+x86_64, r-patched-linux-x86_64, r-patched-solaris-sparc, r-patched-solaris-x86, r-release-linux-x86_64, r-release-osx-x86_64-mavericks, r-release-windows-ix86+x86_64