CRAN Package Check Results for Package aster2

Last updated on 2015-05-22 13:46:44.

Flavor Version Tinstall Tcheck Ttotal Status Flags
r-devel-linux-x86_64-debian-clang 0.2-1 2.66 27.55 30.21 OK
r-devel-linux-x86_64-debian-gcc 0.2-1 3.00 26.46 29.45 OK
r-devel-linux-x86_64-fedora-clang WARN
r-devel-linux-x86_64-fedora-gcc 0.2-1 55.76 OK
r-devel-osx-x86_64-clang 0.2-1 54.18 OK
r-devel-windows-ix86+x86_64 0.2-1 16.00 74.00 90.00 OK
r-patched-linux-x86_64 0.2-1 2.85 26.80 29.66 OK
r-patched-solaris-sparc 0.2-1 426.40 OK
r-patched-solaris-x86 0.2-1 81.40 OK
r-release-linux-x86_64 0.2-1 2.88 26.76 29.63 OK
r-release-osx-x86_64-mavericks 0.2-1 OK
r-release-osx-x86_64-snowleopard 0.2-1 OK
r-release-windows-ix86+x86_64 0.2-1 14.00 71.00 85.00 OK
r-oldrel-windows-ix86+x86_64 0.2-1 14.00 79.00 93.00 OK

Check Details

Version: 0.2-1
Check: if this is a source package
Result: WARN
    Subdirectory ‘aster2/src’ contains apparent object files/libraries
     aster2.so constancy.o families.o init.o logl.o transform.o validate.o
    Object files/libraries should not be included in a source package.
    
    Subdirectory ‘src’ contains:
     symbols.rds
    These are unlikely file names for src files.
Flavor: r-devel-linux-x86_64-fedora-clang