CRAN Package Check Results for Package aster2

Last updated on 2015-07-02 23:46:58.

Flavor Version Tinstall Tcheck Ttotal Status Flags
r-devel-linux-x86_64-debian-clang 0.2-1 2.55 27.51 30.06 NOTE
r-devel-linux-x86_64-debian-gcc 0.2-1 2.80 27.19 30.00 NOTE
r-devel-linux-x86_64-fedora-clang 0.2-1 55.68 NOTE
r-devel-linux-x86_64-fedora-gcc 0.2-1 52.22 NOTE
r-devel-osx-x86_64-clang 0.2-1 51.14 OK
r-devel-windows-ix86+x86_64 0.2-1 18.00 65.00 83.00 OK
r-patched-linux-x86_64 0.2-1 2.72 26.65 29.37 OK
r-patched-solaris-sparc 0.2-1 417.40 OK
r-patched-solaris-x86 0.2-1 83.60 OK
r-release-linux-x86_64 0.2-1 2.70 26.80 29.50 OK
r-release-osx-x86_64-mavericks 0.2-1 OK
r-release-windows-ix86+x86_64 0.2-1 12.00 67.00 79.00 OK
r-oldrel-windows-ix86+x86_64 0.2-1 14.00 79.00 93.00 OK

Check Details

Version: 0.2-1
Check: R code for possible problems
Result: NOTE
    asterdata: no visible global function definition for ‘reshape’
    Undefined global functions or variables:
     reshape
Flavors: r-devel-linux-x86_64-debian-clang, r-devel-linux-x86_64-fedora-clang, r-devel-linux-x86_64-fedora-gcc

Version: 0.2-1
Check: R code for possible problems
Result: NOTE
    asterdata: no visible global function definition for ‘reshape’
Flavor: r-devel-linux-x86_64-debian-gcc