CRAN Package Check Results for Package aster2

Last updated on 2014-04-25 05:47:11.

Flavor Version Tinstall Tcheck Ttotal Status Flags
r-devel-linux-x86_64-debian-clang 0.1 1.52 59.28 60.80 NOTE
r-devel-linux-x86_64-debian-gcc 0.1 2.01 60.94 62.95 NOTE
r-devel-linux-x86_64-fedora-clang 0.1 120.72 NOTE
r-devel-linux-x86_64-fedora-gcc 0.1 122.55 NOTE
r-devel-osx-x86_64-clang 0.1 77.97 NOTE
r-devel-osx-x86_64-gcc 0.1 NOTE
r-devel-windows-ix86+x86_64 0.1 11.00 155.00 166.00 NOTE
r-patched-linux-x86_64 0.1 2.04 59.77 61.81 NOTE
r-patched-solaris-sparc 0.1 951.90 NOTE
r-patched-solaris-x86 0.1 175.10 NOTE
r-release-linux-ix86 0.1 3.00 106.00 109.00 NOTE
r-release-linux-x86_64 0.1 2.00 63.25 65.26 NOTE
r-release-osx-x86_64-mavericks 0.1 WARN
r-release-windows-ix86+x86_64 0.1 21.00 190.00 211.00 NOTE
r-oldrel-windows-ix86+x86_64 0.1 11.00 171.00 182.00 NOTE

Check Details

Version: 0.1
Check: R code for possible problems
Result: NOTE
    File ‘aster2/R/onAttach.R’:
     .onAttach calls:
     cat("This is beta software.\n")
     cat("Unless you need to do aster models with dependence groups,\n")
     cat(" use package \"aster\" instead.\n")
     cat("See help(aster2-package) for differences from package \"aster\"\n")
     cat(" and examples.\n")
    
    Package startup functions should use ‘packageStartupMessage’ to
     generate messages.
    See section ‘Good practice’ in '?.onAttach'.
Flavors: r-devel-linux-x86_64-debian-clang, r-devel-linux-x86_64-debian-gcc, r-devel-linux-x86_64-fedora-clang, r-devel-linux-x86_64-fedora-gcc, r-devel-osx-x86_64-clang, r-devel-osx-x86_64-gcc, r-devel-windows-ix86+x86_64, r-patched-linux-x86_64, r-patched-solaris-sparc, r-patched-solaris-x86, r-release-linux-ix86, r-release-linux-x86_64, r-release-osx-x86_64-mavericks, r-release-windows-ix86+x86_64, r-oldrel-windows-ix86+x86_64

Version: 0.1
Check: PDF version of manual
Result: WARNING
    LaTeX errors when creating PDF version.
    This typically indicates Rd problems.
    LaTeX errors found:
    ! LaTeX Error: File `upquote.sty' not found.
    
    Type X to quit or <RETURN> to proceed,
    or enter new name. (Default extension: sty)
    
    dcd596e/Rd2.tex:8: ==> Fatal error occurred, no output PDF file produced!
Flavor: r-release-osx-x86_64-mavericks