CRAN Package Check Results for Package aster2

Last updated on 2017-03-23 06:47:48.

Flavor Version Tinstall Tcheck Ttotal Status Flags
r-devel-linux-x86_64-debian-clang 0.2-1 1.08 2.30 3.38 ERROR
r-devel-linux-x86_64-debian-gcc 0.2-1 3.11 26.88 29.99 NOTE
r-devel-linux-x86_64-fedora-clang 0.2-1 3.98 ERROR --no-stop-on-test-error
r-devel-linux-x86_64-fedora-gcc 0.2-1 3.91 ERROR --no-stop-on-test-error
r-devel-macos-x86_64-clang 0.2-1 3.62 ERROR --no-stop-on-test-error
r-devel-windows-ix86+x86_64 0.2-1 3.00 4.00 7.00 ERROR
r-patched-linux-x86_64 0.2-1 2.79 24.42 27.20 NOTE
r-patched-solaris-sparc 0.2-1 25.50 ERROR
r-patched-solaris-x86 0.2-1 5.70 ERROR
r-release-linux-x86_64 0.2-1 2.82 24.76 27.59 NOTE
r-release-osx-x86_64-mavericks 0.2-1 NOTE
r-release-windows-ix86+x86_64 0.2-1 22.00 72.00 94.00 NOTE
r-oldrel-windows-ix86+x86_64 0.2-1 17.00 99.00 116.00 OK

Check Details

Version: 0.2-1
Check: whether package can be installed
Result: ERROR
    Installation failed.
Flavors: r-devel-linux-x86_64-debian-clang, r-devel-windows-ix86+x86_64, r-patched-solaris-sparc, r-patched-solaris-x86

Version: 0.2-1
Check: R code for possible problems
Result: NOTE
    asterdata: no visible global function definition for ‘reshape’
    Undefined global functions or variables:
     reshape
    Consider adding
     importFrom("stats", "reshape")
    to your NAMESPACE file.
Flavors: r-devel-linux-x86_64-debian-gcc, r-patched-linux-x86_64, r-release-linux-x86_64, r-release-osx-x86_64-mavericks, r-release-windows-ix86+x86_64

Version: 0.2-1
Check: compiled code
Result: NOTE
    File ‘aster2/libs/aster2.so’:
     Found no call to: ‘R_useDynamicSymbols’
    
    It is good practice to register native routines and to disable symbol
    search.
    
    See ‘Writing portable packages’ in the ‘Writing R Extensions’ manual.
Flavor: r-devel-linux-x86_64-debian-gcc

Version: 0.2-1
Flags: --no-stop-on-test-error
Check: whether package can be installed
Result: ERROR
    Installation failed.
Flavors: r-devel-linux-x86_64-fedora-clang, r-devel-linux-x86_64-fedora-gcc, r-devel-macos-x86_64-clang