CRAN Package Check Results for Package aster2

Last updated on 2015-04-26 12:46:24.

Flavor Version Tinstall Tcheck Ttotal Status Flags
r-devel-linux-x86_64-debian-clang 0.1 1.68 68.70 70.38 NOTE
r-devel-linux-x86_64-debian-gcc 0.1 1.92 57.27 59.19 NOTE
r-devel-linux-x86_64-fedora-clang 0.1 117.38 NOTE
r-devel-linux-x86_64-fedora-gcc 0.1 116.88 NOTE
r-devel-osx-x86_64-clang 0.1 86.45 NOTE
r-devel-windows-ix86+x86_64 0.1 11.00 163.00 174.00 NOTE
r-patched-linux-x86_64 0.1 1.89 60.44 62.33 NOTE
r-patched-solaris-sparc 0.1 989.00 NOTE
r-patched-solaris-x86 0.1 169.00 NOTE
r-release-linux-x86_64 0.1 1.90 58.18 60.08 NOTE
r-release-osx-x86_64-mavericks 0.1 NOTE
r-release-osx-x86_64-snowleopard 0.1 NOTE
r-release-windows-ix86+x86_64 0.1 9.00 189.00 198.00 NOTE
r-oldrel-windows-ix86+x86_64 0.1 15.00 155.00 170.00 NOTE

Check Details

Version: 0.1
Check: R code for possible problems
Result: NOTE
    File ‘aster2/R/onAttach.R’:
     .onAttach calls:
     cat("This is beta software.\n")
     cat("Unless you need to do aster models with dependence groups,\n")
     cat(" use package \"aster\" instead.\n")
     cat("See help(aster2-package) for differences from package \"aster\"\n")
     cat(" and examples.\n")
    
    Package startup functions should use ‘packageStartupMessage’ to
     generate messages.
    See section ‘Good practice’ in '?.onAttach'.
Flavors: r-devel-linux-x86_64-fedora-clang, r-devel-linux-x86_64-fedora-gcc, r-devel-osx-x86_64-clang, r-devel-windows-ix86+x86_64, r-patched-solaris-sparc, r-patched-solaris-x86, r-release-osx-x86_64-mavericks, r-release-windows-ix86+x86_64, r-oldrel-windows-ix86+x86_64