CRAN Package Check Results for Package astro

Last updated on 2014-07-25 19:50:09.

Flavor Version Tinstall Tcheck Ttotal Status Flags
r-devel-linux-x86_64-debian-clang 1.1 1.16 26.15 27.31 NOTE
r-devel-linux-x86_64-debian-gcc 1.1 1.13 25.63 26.76 NOTE
r-devel-linux-x86_64-fedora-clang 1.1 54.41 NOTE
r-devel-linux-x86_64-fedora-gcc 1.1 52.01 NOTE
r-devel-osx-x86_64-clang 1.1 47.39 NOTE
r-devel-windows-ix86+x86_64 1.1 4.00 35.00 39.00 NOTE
r-patched-linux-x86_64 1.1 1.16 25.56 26.72 NOTE
r-patched-solaris-sparc 1.1 328.10 NOTE
r-patched-solaris-x86 1.1 62.00 NOTE
r-release-linux-ix86 1.1 1.50 33.29 34.79 NOTE
r-release-linux-x86_64 1.1 1.11 26.04 27.14 NOTE
r-release-osx-x86_64-mavericks 1.1 NOTE
r-release-osx-x86_64-snowleopard 1.1 OK
r-release-windows-ix86+x86_64 1.1 4.00 38.00 42.00 NOTE
r-oldrel-windows-ix86+x86_64 1.1 4.00 41.00 45.00 NOTE

Check Details

Version: 1.1
Check: dependencies in R code
Result: NOTE
    Packages in Depends field not imported from:
     ‘MASS’ ‘plotrix’
     These packages need to be imported from (in the NAMESPACE file)
     for when this namespace is loaded but not attached.
    See the information on DESCRIPTION files in the chapter ‘Creating R
    packages’ of the ‘Writing R Extensions’ manual.
Flavors: r-devel-linux-x86_64-debian-clang, r-devel-linux-x86_64-debian-gcc, r-devel-linux-x86_64-fedora-clang, r-devel-linux-x86_64-fedora-gcc, r-devel-osx-x86_64-clang, r-devel-windows-ix86+x86_64, r-patched-linux-x86_64, r-patched-solaris-sparc, r-patched-solaris-x86, r-release-linux-ix86, r-release-linux-x86_64, r-release-osx-x86_64-mavericks, r-release-windows-ix86+x86_64, r-oldrel-windows-ix86+x86_64