CRAN Package Check Results for Package astro

Last updated on 2014-04-24 17:49:39.

Flavor Version Tinstall Tcheck Ttotal Status Flags
r-devel-linux-x86_64-debian-clang 1.1 1.18 26.92 28.10 NOTE
r-devel-linux-x86_64-debian-gcc 1.1 1.14 27.86 29.00 NOTE
r-devel-linux-x86_64-fedora-clang 1.1 55.42 NOTE
r-devel-linux-x86_64-fedora-gcc 1.1 52.44 NOTE
r-devel-osx-x86_64-clang 1.1 43.88 NOTE
r-devel-osx-x86_64-gcc 1.1 NOTE
r-devel-windows-ix86+x86_64 1.1 4.00 36.00 40.00 NOTE
r-patched-linux-x86_64 1.1 1.16 28.31 29.46 NOTE
r-patched-solaris-sparc 1.1 328.10 NOTE
r-patched-solaris-x86 1.1 62.60 NOTE
r-release-linux-ix86 1.1 2.00 44.00 46.00 NOTE
r-release-linux-x86_64 1.1 1.14 27.43 28.57 NOTE
r-release-osx-x86_64-mavericks 1.1 WARN
r-release-osx-x86_64-snowleopard 1.1 OK
r-release-windows-ix86+x86_64 1.1 4.00 39.00 43.00 NOTE
r-oldrel-windows-ix86+x86_64 1.1 4.00 39.00 43.00 NOTE

Check Details

Version: 1.1
Check: dependencies in R code
Result: NOTE
    Packages in Depends field not imported from:
     ‘MASS’ ‘plotrix’
     These packages need to be imported from (in the NAMESPACE file)
     for when this namespace is loaded but not attached.
    See the information on DESCRIPTION files in the chapter ‘Creating R
    packages’ of the ‘Writing R Extensions’ manual.
Flavors: r-devel-linux-x86_64-debian-clang, r-devel-linux-x86_64-debian-gcc, r-devel-linux-x86_64-fedora-clang, r-devel-linux-x86_64-fedora-gcc, r-devel-osx-x86_64-clang, r-devel-osx-x86_64-gcc, r-devel-windows-ix86+x86_64, r-patched-linux-x86_64, r-patched-solaris-sparc, r-patched-solaris-x86, r-release-linux-ix86, r-release-linux-x86_64, r-release-osx-x86_64-mavericks, r-release-windows-ix86+x86_64, r-oldrel-windows-ix86+x86_64

Version: 1.1
Check: PDF version of manual
Result: WARNING
    LaTeX errors when creating PDF version.
    This typically indicates Rd problems.
    LaTeX errors found:
    ! LaTeX Error: File `upquote.sty' not found.
    
    Type X to quit or <RETURN> to proceed,
    or enter new name. (Default extension: sty)
    
    9b2d857/Rd2.tex:8: ==> Fatal error occurred, no output PDF file produced!
Flavor: r-release-osx-x86_64-mavericks