CRAN Package Check Results for Package astroFns

Last updated on 2016-09-25 03:47:01.

Flavor Version Tinstall Tcheck Ttotal Status Flags
r-devel-linux-x86_64-debian-clang 4.1-0 0.64 9.80 10.44 NOTE
r-devel-linux-x86_64-debian-gcc 4.1-0 0.71 9.99 10.70 NOTE
r-devel-linux-x86_64-fedora-clang 4.1-0 17.32 NOTE
r-devel-linux-x86_64-fedora-gcc 4.1-0 16.23 NOTE
r-devel-macos-x86_64-clang 4.1-0 16.08 NOTE
r-devel-windows-ix86+x86_64 4.1-0 4.00 26.00 30.00 NOTE
r-patched-linux-x86_64 4.1-0 0.59 10.13 10.72 NOTE
r-patched-solaris-sparc 4.1-0 114.00 NOTE
r-patched-solaris-x86 4.1-0 24.50 NOTE
r-release-linux-x86_64 4.1-0 0.70 10.11 10.81 NOTE
r-release-osx-x86_64-mavericks 4.1-0 NOTE
r-release-windows-ix86+x86_64 4.1-0 3.00 25.00 28.00 NOTE
r-oldrel-windows-ix86+x86_64 4.1-0 3.00 17.00 20.00 OK

Check Details

Version: 4.1-0
Check: R code for possible problems
Result: NOTE
    beamDiskOverlap: no visible global function definition for ‘integrate’
    Undefined global functions or variables:
     integrate
    Consider adding
     importFrom("stats", "integrate")
    to your NAMESPACE file.
Flavors: r-devel-linux-x86_64-debian-clang, r-devel-linux-x86_64-debian-gcc, r-devel-linux-x86_64-fedora-clang, r-devel-linux-x86_64-fedora-gcc, r-devel-macos-x86_64-clang, r-devel-windows-ix86+x86_64, r-patched-linux-x86_64, r-patched-solaris-sparc, r-patched-solaris-x86, r-release-linux-x86_64, r-release-osx-x86_64-mavericks, r-release-windows-ix86+x86_64