CRAN Package Check Results for Package astroFns

Last updated on 2016-06-29 22:47:15.

Flavor Version Tinstall Tcheck Ttotal Status Flags
r-devel-linux-x86_64-debian-gcc 4.1-0 0.66 10.17 10.84 NOTE
r-devel-linux-x86_64-fedora-clang 4.1-0 16.94 NOTE
r-devel-linux-x86_64-fedora-gcc 4.1-0 15.66 NOTE
r-devel-osx-x86_64-clang 4.1-0 15.92 NOTE
r-devel-windows-ix86+x86_64 4.1-0 4.00 25.00 29.00 NOTE
r-patched-linux-x86_64 4.1-0 0.71 9.96 10.67 NOTE
r-patched-solaris-sparc 4.1-0 114.00 NOTE
r-patched-solaris-x86 4.1-0 25.90 NOTE
r-release-linux-x86_64 4.1-0 0.72 9.94 10.66 NOTE
r-release-osx-x86_64-mavericks 4.1-0 NOTE
r-release-windows-ix86+x86_64 4.1-0 2.00 31.00 33.00 NOTE
r-oldrel-windows-ix86+x86_64 4.1-0 3.00 17.00 20.00 OK

Check Details

Version: 4.1-0
Check: R code for possible problems
Result: NOTE
    beamDiskOverlap: no visible global function definition for ‘integrate’
    Undefined global functions or variables:
     integrate
    Consider adding
     importFrom("stats", "integrate")
    to your NAMESPACE file.
Flavors: r-devel-linux-x86_64-debian-gcc, r-devel-linux-x86_64-fedora-clang, r-devel-linux-x86_64-fedora-gcc, r-devel-osx-x86_64-clang, r-devel-windows-ix86+x86_64, r-patched-linux-x86_64, r-patched-solaris-sparc, r-patched-solaris-x86, r-release-linux-x86_64, r-release-osx-x86_64-mavericks, r-release-windows-ix86+x86_64