CRAN Package Check Results for Package astroFns

Last updated on 2017-05-22 16:48:24.

Flavor Version Tinstall Tcheck Ttotal Status Flags
r-devel-linux-x86_64-debian-clang 4.1-0 1.22 12.22 13.44 NOTE
r-devel-linux-x86_64-debian-gcc 4.1-0 0.71 12.23 12.93 NOTE
r-devel-linux-x86_64-fedora-clang 4.1-0 21.00 NOTE --no-stop-on-test-error
r-devel-linux-x86_64-fedora-gcc 4.1-0 19.78 NOTE --no-stop-on-test-error
r-devel-windows-ix86+x86_64 4.1-0 7.00 37.00 44.00 NOTE
r-patched-linux-x86_64 4.1-0 0.69 11.96 12.65 NOTE
r-patched-solaris-sparc 4.1-0 129.00 NOTE
r-patched-solaris-x86 4.1-0 29.10 NOTE
r-release-linux-x86_64 4.1-0 0.69 12.18 12.87 NOTE
r-release-windows-ix86+x86_64 4.1-0 4.00 28.00 32.00 NOTE
r-release-osx-x86_64 4.1-0 NOTE
r-oldrel-windows-ix86+x86_64 4.1-0 3.00 26.00 29.00 NOTE
r-oldrel-osx-x86_64 4.1-0 NOTE

Check Details

Version: 4.1-0
Check: R code for possible problems
Result: NOTE
    beamDiskOverlap: no visible global function definition for ‘integrate’
    Undefined global functions or variables:
     integrate
    Consider adding
     importFrom("stats", "integrate")
    to your NAMESPACE file.
Flavors: r-devel-linux-x86_64-debian-clang, r-devel-linux-x86_64-debian-gcc, r-devel-windows-ix86+x86_64, r-patched-linux-x86_64, r-patched-solaris-sparc, r-patched-solaris-x86, r-release-linux-x86_64, r-release-windows-ix86+x86_64, r-release-osx-x86_64, r-oldrel-windows-ix86+x86_64, r-oldrel-osx-x86_64

Version: 4.1-0
Flags: --no-stop-on-test-error
Check: R code for possible problems
Result: NOTE
    beamDiskOverlap: no visible global function definition for ‘integrate’
    Undefined global functions or variables:
     integrate
    Consider adding
     importFrom("stats", "integrate")
    to your NAMESPACE file.
Flavors: r-devel-linux-x86_64-fedora-clang, r-devel-linux-x86_64-fedora-gcc