CRAN Package Check Results for Package astroFns

Last updated on 2016-07-31 06:47:17.

Flavor Version Tinstall Tcheck Ttotal Status Flags
r-devel-linux-x86_64-debian-clang 4.1-0 0.70 10.02 10.73 NOTE
r-devel-linux-x86_64-debian-gcc 4.1-0 0.58 9.79 10.37 NOTE
r-devel-linux-x86_64-fedora-clang 4.1-0 16.88 NOTE
r-devel-linux-x86_64-fedora-gcc 4.1-0 15.44 NOTE
r-devel-osx-x86_64-clang 4.1-0 16.21 NOTE
r-devel-windows-ix86+x86_64 4.1-0 3.00 27.00 30.00 NOTE
r-patched-linux-x86_64 4.1-0 0.62 9.82 10.43 NOTE
r-patched-solaris-sparc 4.1-0 114.00 NOTE
r-patched-solaris-x86 4.1-0 24.70 NOTE
r-release-linux-x86_64 4.1-0 0.86 11.77 12.63 NOTE
r-release-osx-x86_64-mavericks 4.1-0 NOTE
r-release-windows-ix86+x86_64 4.1-0 2.00 31.00 33.00 NOTE
r-oldrel-windows-ix86+x86_64 4.1-0 3.00 17.00 20.00 OK

Check Details

Version: 4.1-0
Check: R code for possible problems
Result: NOTE
    beamDiskOverlap: no visible global function definition for ‘integrate’
    Undefined global functions or variables:
     integrate
    Consider adding
     importFrom("stats", "integrate")
    to your NAMESPACE file.
Flavors: r-devel-linux-x86_64-debian-clang, r-devel-linux-x86_64-debian-gcc, r-devel-linux-x86_64-fedora-clang, r-devel-linux-x86_64-fedora-gcc, r-devel-osx-x86_64-clang, r-devel-windows-ix86+x86_64, r-patched-linux-x86_64, r-patched-solaris-sparc, r-patched-solaris-x86, r-release-linux-x86_64, r-release-osx-x86_64-mavericks, r-release-windows-ix86+x86_64