CRAN Package Check Results for Package astroFns

Last updated on 2018-04-26 06:46:59 CEST.

Flavor Version Tinstall Tcheck Ttotal Status Flags
r-devel-linux-x86_64-debian-clang 4.1-0 1.64 16.57 18.21 NOTE
r-devel-linux-x86_64-debian-gcc 4.1-0 1.21 14.55 15.76 NOTE
r-devel-linux-x86_64-fedora-clang 4.1-0 22.95 NOTE
r-devel-linux-x86_64-fedora-gcc 4.1-0 22.23 NOTE
r-devel-windows-ix86+x86_64 4.1-0 4.00 30.00 34.00 NOTE
r-patched-linux-x86_64 4.1-0 1.40 17.85 19.25 NOTE
r-patched-solaris-x86 4.1-0 33.70 NOTE
r-release-linux-x86_64 4.1-0 1.53 17.76 19.29 NOTE
r-release-windows-ix86+x86_64 4.1-0 4.00 30.00 34.00 NOTE
r-release-osx-x86_64 4.1-0 NOTE
r-oldrel-windows-ix86+x86_64 4.1-0 3.00 28.00 31.00 NOTE
r-oldrel-osx-x86_64 4.1-0 NOTE

Check Details

Version: 4.1-0
Check: R code for possible problems
Result: NOTE
    beamDiskOverlap: no visible global function definition for ‘integrate’
    Undefined global functions or variables:
     integrate
    Consider adding
     importFrom("stats", "integrate")
    to your NAMESPACE file.
Flavors: r-devel-linux-x86_64-debian-clang, r-devel-linux-x86_64-debian-gcc, r-devel-linux-x86_64-fedora-clang, r-devel-linux-x86_64-fedora-gcc, r-devel-windows-ix86+x86_64, r-patched-linux-x86_64, r-patched-solaris-x86, r-release-linux-x86_64, r-release-windows-ix86+x86_64, r-release-osx-x86_64, r-oldrel-windows-ix86+x86_64, r-oldrel-osx-x86_64