CRAN Package Check Results for Package astroFns

Last updated on 2017-12-12 02:49:24 CET.

Flavor Version Tinstall Tcheck Ttotal Status Flags
r-devel-linux-x86_64-debian-clang 4.1-0 0.83 14.70 15.53 NOTE
r-devel-linux-x86_64-debian-gcc 4.1-0 0.65 13.85 14.50 NOTE
r-devel-linux-x86_64-fedora-clang 4.1-0 20.29 NOTE
r-devel-linux-x86_64-fedora-gcc 4.1-0 19.19 NOTE
r-devel-windows-ix86+x86_64 4.1-0 5.00 29.00 34.00 NOTE
r-patched-linux-x86_64 4.1-0 0.76 17.05 17.81 NOTE
r-patched-solaris-x86 4.1-0 29.00 NOTE
r-release-linux-x86_64 4.1-0 0.82 17.07 17.89 NOTE
r-release-windows-ix86+x86_64 4.1-0 3.00 28.00 31.00 NOTE
r-release-osx-x86_64 4.1-0 NOTE
r-oldrel-windows-ix86+x86_64 4.1-0 3.00 26.00 29.00 NOTE
r-oldrel-osx-x86_64 4.1-0 NOTE

Check Details

Version: 4.1-0
Check: R code for possible problems
Result: NOTE
    beamDiskOverlap: no visible global function definition for ‘integrate’
    Undefined global functions or variables:
     integrate
    Consider adding
     importFrom("stats", "integrate")
    to your NAMESPACE file.
Flavors: r-devel-linux-x86_64-debian-clang, r-devel-linux-x86_64-debian-gcc, r-devel-linux-x86_64-fedora-clang, r-devel-linux-x86_64-fedora-gcc, r-devel-windows-ix86+x86_64, r-patched-linux-x86_64, r-patched-solaris-x86, r-release-linux-x86_64, r-release-windows-ix86+x86_64, r-release-osx-x86_64, r-oldrel-windows-ix86+x86_64, r-oldrel-osx-x86_64