CRAN Package Check Results for Package astroFns

Last updated on 2016-02-07 12:46:53.

Flavor Version Tinstall Tcheck Ttotal Status Flags
r-devel-linux-x86_64-debian-gcc 4.1-0 0.68 9.09 9.76 NOTE
r-devel-linux-x86_64-fedora-clang 4.1-0 16.57 NOTE
r-devel-linux-x86_64-fedora-gcc 4.1-0 15.48 NOTE
r-devel-osx-x86_64-clang 4.1-0 21.10 NOTE
r-devel-windows-ix86+x86_64 4.1-0 4.00 25.00 29.00 NOTE
r-patched-linux-x86_64 4.1-0 0.70 9.24 9.95 OK
r-patched-solaris-sparc 4.1-0 109.60 OK
r-patched-solaris-x86 4.1-0 24.50 OK
r-release-linux-x86_64 4.1-0 0.69 9.29 9.99 OK
r-release-osx-x86_64-mavericks 4.1-0 OK
r-release-windows-ix86+x86_64 4.1-0 3.00 17.00 20.00 OK
r-oldrel-windows-ix86+x86_64 4.1-0 5.00 19.00 24.00 OK

Check Details

Version: 4.1-0
Check: R code for possible problems
Result: NOTE
    beamDiskOverlap: no visible global function definition for ‘integrate’
    Undefined global functions or variables:
     integrate
    Consider adding
     importFrom("stats", "integrate")
    to your NAMESPACE file.
Flavors: r-devel-linux-x86_64-debian-gcc, r-devel-linux-x86_64-fedora-clang, r-devel-linux-x86_64-fedora-gcc, r-devel-osx-x86_64-clang, r-devel-windows-ix86+x86_64