CRAN Package Check Results for Package astroFns

Last updated on 2016-04-30 11:48:54.

Flavor Version Tinstall Tcheck Ttotal Status Flags
r-devel-linux-x86_64-debian-gcc 4.1-0 0.63 9.72 10.35 NOTE
r-devel-linux-x86_64-fedora-clang 4.1-0 17.01 NOTE
r-devel-linux-x86_64-fedora-gcc 4.1-0 15.66 NOTE
r-devel-osx-x86_64-clang 4.1-0 21.28 NOTE
r-devel-windows-ix86+x86_64 4.1-0 3.00 26.00 29.00 NOTE
r-patched-linux-x86_64 4.1-0 0.59 9.78 10.37 NOTE
r-patched-solaris-sparc 4.1-0 110.10 NOTE
r-patched-solaris-x86 4.1-0 25.80 NOTE
r-release-linux-x86_64 4.1-0 0.75 10.37 11.12 OK
r-release-osx-x86_64-mavericks 4.1-0 OK
r-release-windows-ix86+x86_64 4.1-0 3.00 17.00 20.00 OK
r-oldrel-windows-ix86+x86_64 4.1-0 5.00 19.00 24.00 OK

Check Details

Version: 4.1-0
Check: R code for possible problems
Result: NOTE
    beamDiskOverlap: no visible global function definition for ‘integrate’
    Undefined global functions or variables:
     integrate
    Consider adding
     importFrom("stats", "integrate")
    to your NAMESPACE file.
Flavors: r-devel-linux-x86_64-debian-gcc, r-devel-linux-x86_64-fedora-clang, r-devel-linux-x86_64-fedora-gcc, r-devel-osx-x86_64-clang, r-devel-windows-ix86+x86_64, r-patched-linux-x86_64, r-patched-solaris-sparc, r-patched-solaris-x86