CRAN Package Check Results for Package astroFns

Last updated on 2017-02-26 17:51:07.

Flavor Version Tinstall Tcheck Ttotal Status Flags
r-devel-linux-x86_64-debian-clang 4.1-0 0.75 12.33 13.07 NOTE
r-devel-linux-x86_64-debian-gcc 4.1-0 0.71 12.03 12.74 NOTE
r-devel-linux-x86_64-fedora-clang 4.1-0 20.83 NOTE --no-stop-on-test-error
r-devel-linux-x86_64-fedora-gcc 4.1-0 19.83 NOTE --no-stop-on-test-error
r-devel-macos-x86_64-clang 4.1-0 19.42 NOTE --no-stop-on-test-error
r-devel-windows-ix86+x86_64 4.1-0 3.00 39.00 42.00 NOTE
r-patched-linux-x86_64 4.1-0 0.61 9.81 10.42 NOTE
r-patched-solaris-sparc 4.1-0 116.70 NOTE
r-patched-solaris-x86 4.1-0 24.40 NOTE
r-release-linux-x86_64 4.1-0 0.60 10.04 10.64 NOTE
r-release-osx-x86_64-mavericks 4.1-0 NOTE
r-release-windows-ix86+x86_64 4.1-0 3.00 26.00 29.00 NOTE
r-oldrel-windows-ix86+x86_64 4.1-0 3.00 22.00 25.00 OK

Check Details

Version: 4.1-0
Check: R code for possible problems
Result: NOTE
    beamDiskOverlap: no visible global function definition for ‘integrate’
    Undefined global functions or variables:
     integrate
    Consider adding
     importFrom("stats", "integrate")
    to your NAMESPACE file.
Flavors: r-devel-linux-x86_64-debian-clang, r-devel-linux-x86_64-debian-gcc, r-devel-windows-ix86+x86_64, r-patched-linux-x86_64, r-patched-solaris-sparc, r-patched-solaris-x86, r-release-linux-x86_64, r-release-osx-x86_64-mavericks, r-release-windows-ix86+x86_64

Version: 4.1-0
Flags: --no-stop-on-test-error
Check: R code for possible problems
Result: NOTE
    beamDiskOverlap: no visible global function definition for ‘integrate’
    Undefined global functions or variables:
     integrate
    Consider adding
     importFrom("stats", "integrate")
    to your NAMESPACE file.
Flavors: r-devel-linux-x86_64-fedora-clang, r-devel-linux-x86_64-fedora-gcc, r-devel-macos-x86_64-clang