CRAN Package Check Results for Package astroFns

Last updated on 2015-08-31 07:47:19.

Flavor Version Tinstall Tcheck Ttotal Status Flags
r-devel-linux-x86_64-debian-clang 4.1-0 0.57 9.49 10.06 NOTE
r-devel-linux-x86_64-debian-gcc 4.1-0 0.61 8.85 9.46 NOTE
r-devel-linux-x86_64-fedora-clang 4.1-0 18.39 NOTE
r-devel-linux-x86_64-fedora-gcc 4.1-0 17.08 NOTE
r-devel-osx-x86_64-clang 4.1-0 17.65 OK
r-devel-windows-ix86+x86_64 4.1-0 4.00 31.00 35.00 NOTE
r-patched-linux-x86_64 4.1-0 0.60 10.01 10.61 OK
r-patched-solaris-sparc 4.1-0 120.20 OK
r-patched-solaris-x86 4.1-0 29.70 OK
r-release-linux-x86_64 4.1-0 0.61 10.34 10.96 OK
r-release-osx-x86_64-mavericks 4.1-0 OK
r-release-windows-ix86+x86_64 4.1-0 3.00 23.00 26.00 OK
r-oldrel-windows-ix86+x86_64 4.1-0 5.00 19.00 24.00 OK

Check Details

Version: 4.1-0
Check: R code for possible problems
Result: NOTE
    beamDiskOverlap: no visible global function definition for ‘integrate’
    Undefined global functions or variables:
     integrate
    Consider adding
     importFrom("stats", "integrate")
    to your NAMESPACE.
Flavors: r-devel-linux-x86_64-debian-clang, r-devel-linux-x86_64-debian-gcc, r-devel-linux-x86_64-fedora-clang, r-devel-linux-x86_64-fedora-gcc, r-devel-windows-ix86+x86_64