CRAN Package Check Results for Package astsa

Last updated on 2015-04-01 17:48:30.

Flavor Version Tinstall Tcheck Ttotal Status Flags
r-devel-linux-x86_64-debian-clang 1.3 1.31 15.54 16.86 NOTE
r-devel-linux-x86_64-debian-gcc 1.3 1.24 15.51 16.74 NOTE
r-devel-linux-x86_64-fedora-clang 1.3 32.14 NOTE
r-devel-linux-x86_64-fedora-gcc 1.3 29.98 NOTE
r-devel-osx-x86_64-clang 1.3 40.76 NOTE
r-prerel-windows-ix86+x86_64 1.3 7.00 25.00 32.00 NOTE
r-prerel-linux-x86_64 1.3 1.25 15.48 16.73 NOTE
r-prerel-solaris-sparc 1.3 220.60 NOTE
r-prerel-solaris-x86 1.3 42.40 NOTE
r-release-linux-x86_64 1.3 1.33 16.45 17.78 OK
r-release-osx-x86_64-mavericks 1.3 OK
r-release-osx-x86_64-snowleopard 1.3 OK
r-release-windows-ix86+x86_64 1.3 9.00 27.00 36.00 OK
r-oldrel-windows-ix86+x86_64 1.3 7.00 35.00 42.00 OK

Check Details

Version: 1.3
Check: DESCRIPTION meta-information
Result: NOTE
    Malformed Description field: should contain one or more complete sentences.
Flavors: r-devel-linux-x86_64-debian-clang, r-devel-linux-x86_64-debian-gcc, r-devel-linux-x86_64-fedora-clang, r-devel-linux-x86_64-fedora-gcc, r-devel-osx-x86_64-clang, r-prerel-windows-ix86+x86_64, r-prerel-linux-x86_64, r-prerel-solaris-sparc, r-prerel-solaris-x86