CRAN Package Check Results for Package astsa

Last updated on 2015-07-04 19:47:28.

Flavor Version Tinstall Tcheck Ttotal Status Flags
r-devel-linux-x86_64-debian-clang 1.3 1.20 15.25 16.45 NOTE
r-devel-linux-x86_64-debian-gcc 1.3 1.25 14.79 16.04 NOTE
r-devel-linux-x86_64-fedora-clang 1.3 29.74 NOTE
r-devel-linux-x86_64-fedora-gcc 1.3 27.85 NOTE
r-devel-osx-x86_64-clang 1.3 29.81 NOTE
r-devel-windows-ix86+x86_64 1.3 8.00 25.00 33.00 NOTE
r-patched-linux-x86_64 1.3 1.26 15.48 16.74 NOTE
r-patched-solaris-sparc 1.3 190.40 NOTE
r-patched-solaris-x86 1.3 42.60 NOTE
r-release-linux-x86_64 1.3 1.20 15.43 16.64 NOTE
r-release-osx-x86_64-mavericks 1.3 NOTE
r-release-windows-ix86+x86_64 1.3 5.00 26.00 31.00 NOTE
r-oldrel-windows-ix86+x86_64 1.3 9.00 27.00 36.00 OK

Check Details

Version: 1.3
Check: DESCRIPTION meta-information
Result: NOTE
    Malformed Description field: should contain one or more complete sentences.
Flavors: r-devel-linux-x86_64-debian-clang, r-devel-linux-x86_64-debian-gcc, r-devel-linux-x86_64-fedora-clang, r-devel-linux-x86_64-fedora-gcc, r-devel-osx-x86_64-clang, r-devel-windows-ix86+x86_64, r-patched-linux-x86_64, r-patched-solaris-sparc, r-patched-solaris-x86, r-release-linux-x86_64, r-release-osx-x86_64-mavericks, r-release-windows-ix86+x86_64

Version: 1.3
Check: R code for possible problems
Result: NOTE
    LagReg: no visible global function definition for ‘ts’
    LagReg: no visible global function definition for ‘par’
    LagReg: no visible global function definition for ‘plot’
    LagReg: no visible global function definition for ‘abline’
    LagReg: no visible global function definition for ‘ccf’
    LagReg: no visible global function definition for ‘ts.intersect’
    LagReg: no visible global function definition for ‘lag’
    LagReg: no visible global function definition for ‘ts.plot’
    SigExtract: no visible global function definition for ‘ts’
    SigExtract: no visible global function definition for ‘par’
    SigExtract: no visible global function definition for ‘plot.ts’
    SigExtract: no visible global function definition for ‘dev.new’
    SigExtract: no visible global function definition for ‘na.omit’
    SigExtract: no visible global function definition for ‘plot’
    SigExtract: no visible global function definition for ‘lines’
    acf2: no visible global function definition for ‘frequency’
    acf2: no visible global function definition for ‘par’
    acf2: no visible global function definition for ‘plot’
    acf2: no visible global function definition for ‘grid’
    acf2: no visible global function definition for ‘abline’
    acf2: no visible global function definition for ‘lines’
    arma.spec: no visible global function definition for ‘plot’
    lag1.plot: no visible global function definition for ‘as.ts’
    lag1.plot: no visible global function definition for ‘par’
    lag1.plot: no visible global function definition for ‘plot’
    lag1.plot: no visible global function definition for ‘lag’
    lag1.plot: no visible global function definition for ‘lines’
    lag1.plot: no visible global function definition for ‘ts.intersect’
    lag1.plot: no visible global function definition for ‘legend’
    lag2.plot: no visible global function definition for ‘as.ts’
    lag2.plot: no visible global function definition for ‘par’
    lag2.plot: no visible global function definition for ‘plot’
    lag2.plot: no visible global function definition for ‘lag’
    lag2.plot: no visible global function definition for ‘lines’
    lag2.plot: no visible global function definition for ‘ts.intersect’
    lag2.plot: no visible global function definition for ‘legend’
    mvspec: no visible binding for global variable ‘na.fail’
    mvspec: no visible global function definition for ‘as.ts’
    mvspec: no visible global function definition for ‘frequency’
    mvspec: no visible global function definition for ‘is.tskernel’
    mvspec: no visible global function definition for ‘spec.taper’
    mvspec: no visible global function definition for ‘nextn’
    mvspec: no visible global function definition for ‘mvfft’
    mvspec: no visible global function definition for ‘kernapply’
    mvspec: no visible global function definition for ‘df.kernel’
    sarima: no visible global function definition for ‘par’
    sarima: no visible global function definition for ‘layout’
    sarima: no visible global function definition for ‘plot.ts’
    sarima: no visible binding for global variable ‘na.pass’
    sarima: no visible global function definition for ‘frequency’
    sarima: no visible global function definition for ‘plot’
    sarima: no visible global function definition for ‘abline’
    sarima.for: no visible global function definition for ‘as.ts’
    sarima.for: no visible global function definition for ‘xy.coords’
    sarima.for: no visible global function definition for ‘ts.plot’
    sarima.for: no visible global function definition for ‘lines’
    stoch.reg: no visible global function definition for ‘nextn’
    stoch.reg: no visible global function definition for ‘kernel’
    stoch.reg: no visible global function definition for ‘qf’
    stoch.reg: no visible global function definition for ‘plot’
    stoch.reg: no visible global function definition for ‘abline’
    Undefined global functions or variables:
     abline as.ts ccf dev.new df.kernel frequency grid is.tskernel
     kernapply kernel lag layout legend lines mvfft na.fail na.omit
     na.pass nextn par plot plot.ts qf spec.taper ts ts.intersect ts.plot
     xy.coords
Flavors: r-devel-linux-x86_64-debian-clang, r-devel-linux-x86_64-debian-gcc, r-devel-linux-x86_64-fedora-clang, r-devel-linux-x86_64-fedora-gcc