CRAN Package Check Results for Package astsa

Last updated on 2015-05-28 09:47:18.

Flavor Version Tinstall Tcheck Ttotal Status Flags
r-devel-linux-x86_64-debian-clang 1.3 1.33 15.80 17.13 NOTE
r-devel-linux-x86_64-debian-gcc 1.3 1.30 15.51 16.81 NOTE
r-devel-linux-x86_64-fedora-clang 1.3 31.88 NOTE
r-devel-linux-x86_64-fedora-gcc 1.3 30.73 NOTE
r-devel-osx-x86_64-clang 1.3 33.34 NOTE
r-devel-windows-ix86+x86_64 1.3 4.00 25.00 29.00 NOTE
r-patched-linux-x86_64 1.3 1.30 16.32 17.62 NOTE
r-patched-solaris-sparc 1.3 190.40 NOTE
r-patched-solaris-x86 1.3 42.50 NOTE
r-release-linux-x86_64 1.3 1.32 15.38 16.70 NOTE
r-release-osx-x86_64-mavericks 1.3 NOTE
r-release-osx-x86_64-snowleopard 1.3 NOTE
r-release-windows-ix86+x86_64 1.3 4.00 29.00 33.00 NOTE
r-oldrel-windows-ix86+x86_64 1.3 9.00 27.00 36.00 OK

Check Details

Version: 1.3
Check: DESCRIPTION meta-information
Result: NOTE
    Malformed Description field: should contain one or more complete sentences.
Flavors: r-devel-linux-x86_64-debian-clang, r-devel-linux-x86_64-debian-gcc, r-devel-linux-x86_64-fedora-clang, r-devel-linux-x86_64-fedora-gcc, r-devel-osx-x86_64-clang, r-devel-windows-ix86+x86_64, r-patched-linux-x86_64, r-patched-solaris-sparc, r-patched-solaris-x86, r-release-linux-x86_64, r-release-osx-x86_64-mavericks, r-release-osx-x86_64-snowleopard, r-release-windows-ix86+x86_64