CRAN Package Check Results for Package astsa

Last updated on 2015-03-06 14:46:50.

Flavor Version Tinstall Tcheck Ttotal Status Flags
r-devel-linux-x86_64-debian-clang 1.3 1.26 16.08 17.34 NOTE
r-devel-linux-x86_64-debian-gcc 1.3 1.27 16.23 17.50 NOTE
r-devel-linux-x86_64-fedora-clang 1.3 32.21 NOTE
r-devel-linux-x86_64-fedora-gcc 1.3 29.60 NOTE
r-devel-osx-x86_64-clang 1.3 34.76 NOTE
r-devel-windows-ix86+x86_64 1.3 5.00 25.00 30.00 NOTE
r-patched-linux-x86_64 1.3 1.30 16.69 18.00 OK
r-patched-solaris-sparc 1.3 225.90 OK
r-patched-solaris-x86 1.3 47.20 OK
r-release-linux-ix86 1.3 1.74 23.87 25.61 OK
r-release-linux-x86_64 1.3 1.30 17.09 18.39 OK
r-release-osx-x86_64-mavericks 1.3 OK
r-release-osx-x86_64-snowleopard 1.3 OK
r-release-windows-ix86+x86_64 1.3 5.00 27.00 32.00 OK
r-oldrel-windows-ix86+x86_64 1.3 7.00 35.00 42.00 OK

Check Details

Version: 1.3
Check: DESCRIPTION meta-information
Result: NOTE
    Malformed Description field: should contain one or more complete sentences.
Flavors: r-devel-linux-x86_64-debian-clang, r-devel-linux-x86_64-debian-gcc, r-devel-linux-x86_64-fedora-clang, r-devel-linux-x86_64-fedora-gcc, r-devel-osx-x86_64-clang, r-devel-windows-ix86+x86_64