CRAN Package Check Results for Package asylum

Last updated on 2024-03-04 20:52:45 CET.

Flavor Version Tinstall Tcheck Ttotal Status Flags
r-devel-linux-x86_64-debian-clang 1.1.2 32.55 81.70 114.25 OK
r-devel-linux-x86_64-debian-gcc 1.1.2 29.31 65.61 94.92 OK
r-devel-linux-x86_64-fedora-clang 1.1.2 152.19 NOTE
r-devel-linux-x86_64-fedora-gcc 1.1.2 151.99 NOTE
r-devel-windows-x86_64 1.1.2 41.00 98.00 139.00 OK
r-patched-linux-x86_64 1.1.2 41.08 80.84 121.92 OK
r-release-linux-x86_64 1.1.2 30.77 79.97 110.74 OK
r-release-macos-arm64 1.1.2 88.00 OK
r-release-macos-x86_64 1.1.2 204.00 OK
r-release-windows-x86_64 1.1.2 52.00 125.00 177.00 OK
r-oldrel-macos-arm64 1.1.2 85.00 OK
r-oldrel-windows-x86_64 1.1.2 55.00 123.00 178.00 OK

Check Details

Version: 1.1.2
Check: data for non-ASCII characters
Result: NOTE Note: found 17 marked UTF-8 strings Flavors: r-devel-linux-x86_64-fedora-clang, r-devel-linux-x86_64-fedora-gcc