CRAN Package Check Results for Package asymmetry

Last updated on 2022-01-29 01:49:28 CET.

Flavor Version Tinstall Tcheck Ttotal Status Flags
r-devel-linux-x86_64-debian-clang 2.0.3 14.95 149.01 163.96 OK
r-devel-linux-x86_64-debian-gcc 2.0.3 11.35 110.44 121.79 OK
r-devel-linux-x86_64-fedora-clang 2.0.3 180.84 OK
r-devel-linux-x86_64-fedora-gcc 2.0.3 190.35 OK
r-devel-windows-x86_64-new-UL 2.0.3 35.00 161.00 196.00 OK
r-devel-windows-x86_64-new-TK 2.0.3 ERROR
r-patched-linux-x86_64 2.0.3 12.60 128.12 140.72 OK
r-release-linux-x86_64 2.0.3 12.03 125.94 137.97 OK
r-release-macos-arm64 2.0.3 OK
r-release-macos-x86_64 2.0.3 OK
r-release-windows-ix86+x86_64 2.0.3 25.00 154.00 179.00 OK
r-oldrel-macos-x86_64 2.0.3 OK
r-oldrel-windows-ix86+x86_64 2.0.3 35.00 155.00 190.00 OK

Check Details

Version: 2.0.3
Check: package dependencies
Result: ERROR
    Package required but not available: 'smacof'
    
    See section 'The DESCRIPTION file' in the 'Writing R Extensions'
    manual.
Flavor: r-devel-windows-x86_64-new-TK