CRAN Package Check Results for Package asypow

Last updated on 2014-09-30 11:48:18.

Flavor Version Tinstall Tcheck Ttotal Status Flags
r-devel-linux-x86_64-debian-clang 2013.9-1 0.87 13.84 14.71 NOTE
r-devel-linux-x86_64-debian-gcc 2013.9-1 0.69 13.72 14.41 NOTE
r-devel-linux-x86_64-fedora-clang 2013.9-1 28.38 NOTE
r-devel-linux-x86_64-fedora-gcc 2013.9-1 27.26 NOTE
r-devel-osx-x86_64-clang 2013.9-1 26.28 OK
r-devel-windows-ix86+x86_64 2013.9-1 2.00 19.00 21.00 OK
r-patched-linux-x86_64 2013.9-1 0.72 14.26 14.98 NOTE
r-patched-solaris-sparc 2013.9-1 142.90 OK
r-patched-solaris-x86 2013.9-1 36.80 OK
r-release-linux-ix86 2013.9-1 1.03 40.16 41.18 OK
r-release-linux-x86_64 2013.9-1 0.78 13.86 14.63 NOTE
r-release-osx-x86_64-mavericks 2013.9-1 OK
r-release-windows-ix86+x86_64 2013.9-1 4.00 19.00 23.00 OK
r-oldrel-windows-ix86+x86_64 2013.9-1 3.00 21.00 24.00 OK

Check Details

Version: 2013.9-1
Check: top-level files
Result: NOTE
    Non-standard file/directory found at top level:
     ‘library.README’
Flavors: r-devel-linux-x86_64-debian-clang, r-devel-linux-x86_64-debian-gcc, r-devel-linux-x86_64-fedora-clang, r-devel-linux-x86_64-fedora-gcc, r-patched-linux-x86_64, r-release-linux-x86_64