CRAN Package Check Results for Package asypow

Last updated on 2015-04-19 11:51:01.

Flavor Version Tinstall Tcheck Ttotal Status Flags
r-devel-linux-x86_64-debian-clang 2013.9-1 0.75 12.89 13.64 NOTE
r-devel-linux-x86_64-debian-gcc 2013.9-1 0.72 12.76 13.47 NOTE
r-devel-linux-x86_64-fedora-clang 2013.9-1 26.90 NOTE
r-devel-linux-x86_64-fedora-gcc 2013.9-1 24.82 NOTE
r-devel-osx-x86_64-clang 2013.9-1 28.01 OK
r-devel-windows-ix86+x86_64 2013.9-1 3.00 21.00 24.00 OK
r-patched-linux-x86_64 2013.9-1 0.67 13.12 13.79 NOTE
r-patched-solaris-sparc 2013.9-1 161.70 OK
r-patched-solaris-x86 2013.9-1 32.20 OK
r-release-linux-x86_64 2013.9-1 0.76 12.66 13.43 NOTE
r-release-osx-x86_64-mavericks 2013.9-1 OK
r-release-osx-x86_64-snowleopard 2013.9-1 OK
r-release-windows-ix86+x86_64 2013.9-1 2.00 23.00 25.00 OK
r-oldrel-windows-ix86+x86_64 2013.9-1 4.00 26.00 30.00 OK

Check Details

Version: 2013.9-1
Check: top-level files
Result: NOTE
    Non-standard file/directory found at top level:
     ‘library.README’
Flavors: r-devel-linux-x86_64-debian-clang, r-devel-linux-x86_64-debian-gcc, r-devel-linux-x86_64-fedora-clang, r-devel-linux-x86_64-fedora-gcc, r-patched-linux-x86_64, r-release-linux-x86_64