CRAN Package Check Results for Package asypow

Last updated on 2014-04-17 20:47:31.

Flavor Version Tinstall Tcheck Ttotal Status Flags
r-devel-linux-x86_64-debian-clang 2013.9-1 0.83 12.38 13.21 OK
r-devel-linux-x86_64-debian-gcc 2013.9-1 0.76 12.62 13.38 OK
r-devel-linux-x86_64-fedora-clang 2013.9-1 29.26 NOTE
r-devel-linux-x86_64-fedora-gcc 2013.9-1 26.60 NOTE
r-devel-macosx-x86_64-clang 2013.9-1 27.10 OK
r-devel-macosx-x86_64-gcc 2013.9-1 OK
r-devel-windows-ix86+x86_64 2013.9-1 3.00 26.00 29.00 OK
r-patched-linux-x86_64 2013.9-1 0.93 13.00 13.92 OK
r-patched-solaris-sparc 2013.9-1 170.40 OK
r-patched-solaris-x86 2013.9-1 40.00 OK
r-release-linux-ix86 2013.9-1 2.00 26.00 28.00 OK
r-release-linux-x86_64 2013.9-1 0.73 12.28 13.01 OK
r-release-windows-ix86+x86_64 2013.9-1 5.00 26.00 31.00 OK
r-oldrel-windows-ix86+x86_64 2013.9-1 3.00 21.00 24.00 OK

Check Details

Version: 2013.9-1
Check: top-level files
Result: NOTE
    Non-standard file/directory found at top level:
     ‘library.README’
Flavors: r-devel-linux-x86_64-fedora-clang, r-devel-linux-x86_64-fedora-gcc