CRAN Package Check Results for Package asypow

Last updated on 2014-11-27 09:47:48.

Flavor Version Tinstall Tcheck Ttotal Status Flags
r-devel-linux-x86_64-debian-clang 2013.9-1 0.74 14.11 14.85 NOTE
r-devel-linux-x86_64-debian-gcc 2013.9-1 0.71 14.32 15.03 NOTE
r-devel-linux-x86_64-fedora-clang 2013.9-1 29.01 NOTE
r-devel-linux-x86_64-fedora-gcc 2013.9-1 31.59 NOTE
r-devel-osx-x86_64-clang 2013.9-1 27.73 OK
r-devel-windows-ix86+x86_64 2013.9-1 2.00 20.00 22.00 OK
r-patched-linux-x86_64 2013.9-1 0.78 14.05 14.83 NOTE
r-patched-solaris-sparc 2013.9-1 142.90 OK
r-patched-solaris-x86 2013.9-1 36.70 OK
r-release-linux-ix86 2013.9-1 1.03 18.20 19.23 OK
r-release-linux-x86_64 2013.9-1 0.76 13.97 14.73 NOTE
r-release-osx-x86_64-mavericks 2013.9-1 OK
r-release-windows-ix86+x86_64 2013.9-1 2.00 21.00 23.00 OK
r-oldrel-windows-ix86+x86_64 2013.9-1 3.00 21.00 24.00 OK

Check Details

Version: 2013.9-1
Check: top-level files
Result: NOTE
    Non-standard file/directory found at top level:
     ‘library.README’
Flavors: r-devel-linux-x86_64-debian-clang, r-devel-linux-x86_64-debian-gcc, r-devel-linux-x86_64-fedora-clang, r-devel-linux-x86_64-fedora-gcc, r-patched-linux-x86_64, r-release-linux-x86_64