CRAN Package Check Results for Package asypow

Last updated on 2014-12-22 19:48:16.

Flavor Version Tinstall Tcheck Ttotal Status Flags
r-devel-linux-x86_64-debian-clang 2013.9-1 0.70 13.53 14.22 NOTE
r-devel-linux-x86_64-debian-gcc 2013.9-1 0.68 13.15 13.83 NOTE
r-devel-linux-x86_64-fedora-clang 2013.9-1 30.07 NOTE
r-devel-linux-x86_64-fedora-gcc 2013.9-1 28.10 NOTE
r-devel-osx-x86_64-clang 2013.9-1 27.64 OK
r-devel-windows-ix86+x86_64 2013.9-1 5.00 26.00 31.00 OK
r-patched-linux-x86_64 2013.9-1 0.73 13.46 14.19 NOTE
r-patched-solaris-sparc 2013.9-1 169.00 OK
r-patched-solaris-x86 2013.9-1 36.70 OK
r-release-linux-ix86 2013.9-1 1.04 18.55 19.58 OK
r-release-linux-x86_64 2013.9-1 0.72 13.39 14.10 NOTE
r-release-osx-x86_64-mavericks 2013.9-1 OK
r-release-windows-ix86+x86_64 2013.9-1 2.00 21.00 23.00 OK
r-oldrel-windows-ix86+x86_64 2013.9-1 3.00 21.00 24.00 OK

Check Details

Version: 2013.9-1
Check: top-level files
Result: NOTE
    Non-standard file/directory found at top level:
     ‘library.README’
Flavors: r-devel-linux-x86_64-debian-clang, r-devel-linux-x86_64-debian-gcc, r-devel-linux-x86_64-fedora-clang, r-devel-linux-x86_64-fedora-gcc, r-patched-linux-x86_64, r-release-linux-x86_64