CRAN Package Check Results for Package asypow

Last updated on 2014-07-25 17:47:57.

Flavor Version Tinstall Tcheck Ttotal Status Flags
r-devel-linux-x86_64-debian-clang 2013.9-1 0.76 11.76 12.52 OK
r-devel-linux-x86_64-debian-gcc 2013.9-1 0.76 11.34 12.11 OK
r-devel-linux-x86_64-fedora-clang 2013.9-1 29.30 NOTE
r-devel-linux-x86_64-fedora-gcc 2013.9-1 26.87 NOTE
r-devel-osx-x86_64-clang 2013.9-1 26.58 OK
r-devel-windows-ix86+x86_64 2013.9-1 3.00 18.00 21.00 OK
r-patched-linux-x86_64 2013.9-1 0.67 11.76 12.43 OK
r-patched-solaris-sparc 2013.9-1 170.40 OK
r-patched-solaris-x86 2013.9-1 37.80 OK
r-release-linux-ix86 2013.9-1 1.05 18.16 19.22 OK
r-release-linux-x86_64 2013.9-1 0.77 11.96 12.73 OK
r-release-osx-x86_64-mavericks 2013.9-1 OK
r-release-windows-ix86+x86_64 2013.9-1 4.00 19.00 23.00 OK
r-oldrel-windows-ix86+x86_64 2013.9-1 3.00 21.00 24.00 OK

Check Details

Version: 2013.9-1
Check: top-level files
Result: NOTE
    Non-standard file/directory found at top level:
     ‘library.README’
Flavors: r-devel-linux-x86_64-fedora-clang, r-devel-linux-x86_64-fedora-gcc