CRAN Package Check Results for Package asypow

Last updated on 2015-01-31 19:51:17.

Flavor Version Tinstall Tcheck Ttotal Status Flags
r-devel-linux-x86_64-debian-clang 2013.9-1 0.69 12.89 13.58 NOTE
r-devel-linux-x86_64-debian-gcc 2013.9-1 0.67 12.74 13.41 NOTE
r-devel-linux-x86_64-fedora-clang 2013.9-1 28.53 NOTE
r-devel-linux-x86_64-fedora-gcc 2013.9-1 28.30 NOTE
r-devel-osx-x86_64-clang 2013.9-1 28.34 OK
r-devel-windows-ix86+x86_64 2013.9-1 3.00 20.00 23.00 OK
r-patched-linux-x86_64 2013.9-1 0.72 13.55 14.27 NOTE
r-patched-solaris-sparc 2013.9-1 169.10 OK
r-patched-solaris-x86 2013.9-1 36.80 OK
r-release-linux-ix86 2013.9-1 1.05 20.64 21.69 NOTE
r-release-linux-x86_64 2013.9-1 0.72 13.69 14.41 NOTE
r-release-osx-x86_64-mavericks 2013.9-1 OK
r-release-windows-ix86+x86_64 2013.9-1 2.00 21.00 23.00 OK
r-oldrel-windows-ix86+x86_64 2013.9-1 3.00 21.00 24.00 OK

Check Details

Version: 2013.9-1
Check: top-level files
Result: NOTE
    Non-standard file/directory found at top level:
     ‘library.README’
Flavors: r-devel-linux-x86_64-debian-clang, r-devel-linux-x86_64-debian-gcc, r-devel-linux-x86_64-fedora-clang, r-devel-linux-x86_64-fedora-gcc, r-patched-linux-x86_64, r-release-linux-ix86, r-release-linux-x86_64