CRAN Package Check Results for Package asypow

Last updated on 2015-05-29 23:47:40.

Flavor Version Tinstall Tcheck Ttotal Status Flags
r-devel-linux-x86_64-debian-clang 2013.9-1 0.69 13.01 13.70 NOTE
r-devel-linux-x86_64-debian-gcc 2013.9-1 0.67 12.62 13.29 NOTE
r-devel-linux-x86_64-fedora-clang 2013.9-1 26.86 NOTE
r-devel-linux-x86_64-fedora-gcc 2013.9-1 24.29 NOTE
r-devel-osx-x86_64-clang 2013.9-1 25.65 OK
r-devel-windows-ix86+x86_64 2013.9-1 3.00 20.00 23.00 OK
r-patched-linux-x86_64 2013.9-1 0.67 12.92 13.59 NOTE
r-patched-solaris-sparc 2013.9-1 145.60 OK
r-patched-solaris-x86 2013.9-1 32.50 OK
r-release-linux-x86_64 2013.9-1 0.70 12.67 13.37 NOTE
r-release-osx-x86_64-mavericks 2013.9-1 OK
r-release-osx-x86_64-snowleopard 2013.9-1 OK
r-release-windows-ix86+x86_64 2013.9-1 2.00 23.00 25.00 OK
r-oldrel-windows-ix86+x86_64 2013.9-1 4.00 26.00 30.00 OK

Check Details

Version: 2013.9-1
Check: top-level files
Result: NOTE
    Non-standard file/directory found at top level:
     ‘library.README’
Flavors: r-devel-linux-x86_64-debian-clang, r-devel-linux-x86_64-debian-gcc, r-devel-linux-x86_64-fedora-clang, r-devel-linux-x86_64-fedora-gcc, r-patched-linux-x86_64, r-release-linux-x86_64