CRAN Package Check Results for Package asypow

Last updated on 2015-03-27 12:48:26.

Flavor Version Tinstall Tcheck Ttotal Status Flags
r-devel-linux-x86_64-debian-clang 2013.9-1 0.72 13.29 14.01 NOTE
r-devel-linux-x86_64-debian-gcc 2013.9-1 0.67 12.57 13.24 NOTE
r-devel-linux-x86_64-fedora-clang 2013.9-1 25.74 NOTE
r-devel-linux-x86_64-fedora-gcc 2013.9-1 24.30 NOTE
r-devel-osx-x86_64-clang 2013.9-1 31.90 OK
r-prerel-windows-ix86+x86_64 2013.9-1 3.00 20.00 23.00 OK
r-prerel-linux-x86_64 2013.9-1 0.67 12.99 13.66 NOTE
r-prerel-solaris-sparc 2013.9-1 161.70 OK
r-prerel-solaris-x86 2013.9-1 32.40 OK
r-release-linux-x86_64 2013.9-1 0.73 13.54 14.26 NOTE
r-release-osx-x86_64-mavericks 2013.9-1 OK
r-release-windows-ix86+x86_64 2013.9-1 4.00 26.00 30.00 OK
r-oldrel-windows-ix86+x86_64 2013.9-1 3.00 21.00 24.00 OK

Check Details

Version: 2013.9-1
Check: top-level files
Result: NOTE
    Non-standard file/directory found at top level:
     ‘library.README’
Flavors: r-devel-linux-x86_64-debian-clang, r-devel-linux-x86_64-debian-gcc, r-devel-linux-x86_64-fedora-clang, r-devel-linux-x86_64-fedora-gcc, r-prerel-linux-x86_64, r-release-linux-x86_64