Last updated on 2023-03-29 16:50:08 CEST.
Flavor | Version | Tinstall | Tcheck | Ttotal | Status | Flags |
---|---|---|---|---|---|---|
r-devel-linux-x86_64-debian-clang | 1.0.0 | 2.32 | 22.59 | 24.91 | NOTE | |
r-devel-linux-x86_64-debian-gcc | 1.0.0 | 1.77 | 17.73 | 19.50 | NOTE | |
r-devel-linux-x86_64-fedora-clang | 1.0.0 | 31.29 | NOTE | |||
r-devel-linux-x86_64-fedora-gcc | 1.0.0 | 29.41 | NOTE | |||
r-devel-windows-x86_64 | 1.0.0 | 9.00 | 0.00 | 9.00 | NOTE | |
r-patched-linux-x86_64 | 1.0.0 | 2.35 | 21.62 | 23.97 | NOTE | |
r-release-linux-x86_64 | 1.0.0 | 1.77 | 22.99 | 24.76 | NOTE | |
r-release-macos-arm64 | 1.0.0 | 17.00 | NOTE | |||
r-release-macos-x86_64 | 1.0.0 | 26.00 | NOTE | |||
r-release-windows-x86_64 | 1.0.0 | 11.00 | 53.00 | 64.00 | NOTE | |
r-oldrel-macos-arm64 | 1.0.0 | 21.00 | NOTE | |||
r-oldrel-macos-x86_64 | 1.0.0 | 23.00 | NOTE | |||
r-oldrel-windows-ix86+x86_64 | 1.0.0 | 6.00 | 51.00 | 57.00 | NOTE |
Version: 1.0.0
Check: LazyData
Result: NOTE
'LazyData' is specified without a 'data' directory
Flavors: r-devel-linux-x86_64-debian-clang, r-devel-linux-x86_64-debian-gcc, r-devel-linux-x86_64-fedora-clang, r-devel-linux-x86_64-fedora-gcc, r-devel-windows-x86_64, r-patched-linux-x86_64, r-release-linux-x86_64, r-release-macos-arm64, r-release-macos-x86_64, r-release-windows-x86_64, r-oldrel-macos-arm64, r-oldrel-macos-x86_64, r-oldrel-windows-ix86+x86_64
Version: 1.0.0
Check: dependencies in R code
Result: NOTE
Namespace in Imports field not imported from: ‘testthat’
All declared Imports should be used.
Flavors: r-devel-linux-x86_64-fedora-clang, r-devel-linux-x86_64-fedora-gcc, r-release-macos-arm64, r-release-macos-x86_64, r-oldrel-macos-arm64, r-oldrel-macos-x86_64