CRAN Package Check Results for Package atmopt

Last updated on 2024-03-01 15:51:31 CET.

Flavor Version Tinstall Tcheck Ttotal Status Flags
r-devel-linux-x86_64-debian-clang 0.1.0 3.55 35.52 39.07 NOTE
r-devel-linux-x86_64-debian-gcc 0.1.0 2.42 27.44 29.86 NOTE
r-devel-linux-x86_64-fedora-clang 0.1.0 48.15 NOTE
r-devel-linux-x86_64-fedora-gcc 0.1.0 45.43 NOTE
r-devel-windows-x86_64 0.1.0 5.00 50.00 55.00 NOTE
r-patched-linux-x86_64 0.1.0 4.17 36.45 40.62 NOTE
r-release-linux-x86_64 0.1.0 3.31 35.50 38.81 NOTE
r-release-macos-arm64 0.1.0 20.00 NOTE
r-release-macos-x86_64 0.1.0 29.00 NOTE
r-release-windows-x86_64 0.1.0 6.00 49.00 55.00 NOTE
r-oldrel-macos-arm64 0.1.0 20.00 NOTE
r-oldrel-windows-x86_64 0.1.0 5.00 58.00 63.00 NOTE

Check Details

Version: 0.1.0
Check: LazyData
Result: NOTE 'LazyData' is specified without a 'data' directory Flavors: r-devel-linux-x86_64-debian-clang, r-devel-linux-x86_64-debian-gcc, r-devel-linux-x86_64-fedora-clang, r-devel-linux-x86_64-fedora-gcc, r-devel-windows-x86_64, r-patched-linux-x86_64, r-release-linux-x86_64, r-release-macos-arm64, r-release-macos-x86_64, r-release-windows-x86_64, r-oldrel-macos-arm64, r-oldrel-windows-x86_64