CRAN Package Check Results for Package attenuation

Last updated on 2024-03-05 00:51:31 CET.

Flavor Version Tinstall Tcheck Ttotal Status Flags
r-devel-linux-x86_64-debian-clang 1.0.0 2.42 39.82 42.24 NOTE
r-devel-linux-x86_64-debian-gcc 1.0.0 2.15 27.28 29.43 NOTE
r-devel-linux-x86_64-fedora-clang 1.0.0 52.22 NOTE
r-devel-linux-x86_64-fedora-gcc 1.0.0 49.01 NOTE
r-devel-windows-x86_64 1.0.0 3.00 48.00 51.00 NOTE
r-patched-linux-x86_64 1.0.0 2.14 38.76 40.90 NOTE
r-release-linux-x86_64 1.0.0 2.71 37.75 40.46 NOTE
r-release-macos-arm64 1.0.0 20.00 NOTE
r-release-macos-x86_64 1.0.0 26.00 NOTE
r-release-windows-x86_64 1.0.0 3.00 49.00 52.00 NOTE
r-oldrel-macos-arm64 1.0.0 20.00 NOTE
r-oldrel-windows-x86_64 1.0.0 4.00 52.00 56.00 NOTE

Check Details

Version: 1.0.0
Check: LazyData
Result: NOTE 'LazyData' is specified without a 'data' directory Flavors: r-devel-linux-x86_64-debian-clang, r-devel-linux-x86_64-debian-gcc, r-devel-linux-x86_64-fedora-clang, r-devel-linux-x86_64-fedora-gcc, r-devel-windows-x86_64, r-patched-linux-x86_64, r-release-linux-x86_64, r-release-macos-arm64, r-release-macos-x86_64, r-release-windows-x86_64, r-oldrel-macos-arm64, r-oldrel-windows-x86_64