CRAN Package Check Results for Package atus

Last updated on 2019-06-18 01:48:28 CEST.

Flavor Version Tinstall Tcheck Ttotal Status Flags
r-devel-linux-x86_64-debian-clang 0.2 7.74 20.19 27.93 OK
r-devel-linux-x86_64-debian-gcc 0.2 6.87 16.58 23.45 OK
r-devel-linux-x86_64-fedora-clang 0.2 35.32 NOTE
r-devel-linux-x86_64-fedora-gcc 0.2 34.41 OK
r-devel-windows-ix86+x86_64 0.2 12.00 32.00 44.00 NOTE
r-patched-linux-x86_64 0.2 7.23 20.22 27.45 OK
r-patched-solaris-x86 0.2 58.10 NOTE
r-release-linux-x86_64 0.2 7.99 20.34 28.33 OK
r-release-windows-ix86+x86_64 0.2 12.00 44.00 56.00 NOTE
r-release-osx-x86_64 0.2 NOTE
r-oldrel-windows-ix86+x86_64 0.2 10.00 28.00 38.00 NOTE
r-oldrel-osx-x86_64 0.2 NOTE

Check Details

Version: 0.2
Check: installed package size
Result: NOTE
     installed size is 9.7Mb
     sub-directories of 1Mb or more:
     data 9.6Mb
Flavors: r-devel-linux-x86_64-fedora-clang, r-devel-windows-ix86+x86_64, r-patched-solaris-x86, r-release-windows-ix86+x86_64, r-release-osx-x86_64, r-oldrel-windows-ix86+x86_64, r-oldrel-osx-x86_64