CRAN Package Check Results for Package atus

Last updated on 2019-08-26 11:48:39 CEST.

Flavor Version Tinstall Tcheck Ttotal Status Flags
r-devel-linux-x86_64-debian-clang 0.2 7.64 20.63 28.27 OK
r-devel-linux-x86_64-debian-gcc 0.2 7.47 16.88 24.35 OK
r-devel-linux-x86_64-fedora-clang 0.2 37.45 NOTE
r-devel-linux-x86_64-fedora-gcc 0.2 35.08 OK
r-devel-windows-ix86+x86_64 0.2 18.00 32.00 50.00 NOTE
r-patched-linux-x86_64 0.2 7.40 20.64 28.04 OK
r-patched-solaris-x86 0.2 59.40 NOTE
r-release-linux-x86_64 0.2 7.10 20.30 27.40 OK
r-release-windows-ix86+x86_64 0.2 12.00 44.00 56.00 NOTE
r-release-osx-x86_64 0.2 NOTE
r-oldrel-windows-ix86+x86_64 0.2 10.00 28.00 38.00 NOTE
r-oldrel-osx-x86_64 0.2 NOTE

Check Details

Version: 0.2
Check: installed package size
Result: NOTE
     installed size is 9.7Mb
     sub-directories of 1Mb or more:
     data 9.6Mb
Flavors: r-devel-linux-x86_64-fedora-clang, r-devel-windows-ix86+x86_64, r-patched-solaris-x86, r-release-windows-ix86+x86_64, r-release-osx-x86_64, r-oldrel-windows-ix86+x86_64, r-oldrel-osx-x86_64