CRAN Package Check Results for Package auRoc

Last updated on 2019-06-25 11:50:08 CEST.

Flavor Version Tinstall Tcheck Ttotal Status Flags
r-devel-linux-x86_64-debian-clang 0.2-0 2.63 24.88 27.51 NOTE
r-devel-linux-x86_64-debian-gcc 0.2-0 2.30 20.05 22.35 NOTE
r-devel-linux-x86_64-fedora-clang 0.2-0 32.96 NOTE
r-devel-linux-x86_64-fedora-gcc 0.2-0 31.57 NOTE
r-devel-windows-ix86+x86_64 0.2-0 14.00 50.00 64.00 OK
r-patched-linux-x86_64 0.2-0 2.98 24.56 27.54 OK
r-patched-solaris-x86 0.2-0 56.70 OK
r-release-linux-x86_64 0.2-0 2.86 24.88 27.74 OK
r-release-windows-ix86+x86_64 0.2-0 6.00 49.00 55.00 OK
r-release-osx-x86_64 0.2-0 OK
r-oldrel-windows-ix86+x86_64 0.2-0 4.00 35.00 39.00 OK
r-oldrel-osx-x86_64 0.2-0 OK

Check Details

Version: 0.2-0
Check: for non-standard things in the check directory
Result: NOTE
    Found the following files/directories:
     'model.txt'
Flavors: r-devel-linux-x86_64-debian-clang, r-devel-linux-x86_64-debian-gcc, r-devel-linux-x86_64-fedora-clang, r-devel-linux-x86_64-fedora-gcc