CRAN Package Check Results for Package auctionr

Last updated on 2024-07-15 19:53:47 CEST.

Flavor Version Tinstall Tcheck Ttotal Status Flags
r-devel-linux-x86_64-debian-clang 0.1.0 1.77 376.13 377.90 NOTE
r-devel-linux-x86_64-debian-gcc 0.1.0 1.93 240.93 242.86 NOTE
r-devel-linux-x86_64-fedora-clang 0.1.0 454.15 NOTE
r-devel-linux-x86_64-fedora-gcc 0.1.0 454.47 NOTE
r-devel-windows-x86_64 0.1.0 3.00 263.00 266.00 NOTE
r-patched-linux-x86_64 0.1.0 2.12 351.35 353.47 NOTE
r-release-linux-x86_64 0.1.0 1.91 353.79 355.70 NOTE
r-release-macos-arm64 0.1.0 101.00 NOTE
r-release-macos-x86_64 0.1.0 174.00 NOTE
r-release-windows-x86_64 0.1.0 4.00 266.00 270.00 NOTE
r-oldrel-macos-arm64 0.1.0 112.00 NOTE
r-oldrel-macos-x86_64 0.1.0 199.00 NOTE
r-oldrel-windows-x86_64 0.1.0 3.00 326.00 329.00 NOTE

Check Details

Version: 0.1.0
Check: LazyData
Result: NOTE 'LazyData' is specified without a 'data' directory Flavors: r-devel-linux-x86_64-debian-clang, r-devel-linux-x86_64-debian-gcc, r-devel-linux-x86_64-fedora-clang, r-devel-linux-x86_64-fedora-gcc, r-devel-windows-x86_64, r-patched-linux-x86_64, r-release-linux-x86_64, r-release-macos-arm64, r-release-macos-x86_64, r-release-windows-x86_64, r-oldrel-macos-arm64, r-oldrel-macos-x86_64, r-oldrel-windows-x86_64