CRAN Package Check Results for Package audio

Last updated on 2021-10-24 10:03:59 CEST.

Flavor Version Tinstall Tcheck Ttotal Status Flags
r-devel-linux-x86_64-debian-clang 0.1-8 6.71 23.48 30.19 WARN
r-devel-linux-x86_64-debian-gcc 0.1-8 3.97 18.30 22.27 WARN
r-devel-linux-x86_64-fedora-clang 0.1-8 46.15 WARN
r-devel-linux-x86_64-fedora-gcc 0.1-8 35.54 WARN
r-devel-windows-x86_64 0.1-8 10.00 36.00 46.00 WARN
r-devel-windows-x86_64-gcc10-UCRT 0.1-8 WARN
r-patched-linux-x86_64 0.1-8 5.10 22.49 27.59 WARN
r-patched-solaris-x86 0.1-8 50.20 OK
r-release-linux-x86_64 0.1-8 4.60 22.70 27.30 WARN
r-release-macos-arm64 0.1-8 WARN
r-release-macos-x86_64 0.1-8 WARN
r-release-windows-ix86+x86_64 0.1-8 17.00 40.00 57.00 WARN
r-oldrel-macos-x86_64 0.1-8 WARN
r-oldrel-windows-ix86+x86_64 0.1-8 19.00 44.00 63.00 WARN

Additional issues

rchk valgrind

Check Details

Version: 0.1-8
Check: top-level files
Result: WARN
     Output from running autoreconf:
     configure.ac:4: warning: The macro `AC_CONFIG_HEADER' is obsolete.
     configure.ac:4: You should run autoupdate.
     ./lib/autoconf/status.m4:719: AC_CONFIG_HEADER is expanded from...
     configure.ac:4: the top level
Flavors: r-devel-linux-x86_64-debian-clang, r-devel-linux-x86_64-debian-gcc, r-patched-linux-x86_64, r-release-linux-x86_64

Version: 0.1-8
Check: compiled code
Result: NOTE
    File 'audio/libs/audio.so':
     Found non-API call to R: 'R_checkActivity'
    
    Compiled code should not call non-API entry points in R.
    
    See 'Writing portable packages' in the 'Writing R Extensions' manual.
Flavors: r-devel-linux-x86_64-debian-clang, r-devel-linux-x86_64-debian-gcc, r-patched-linux-x86_64, r-release-linux-x86_64

Version: 0.1-8
Check: top-level files
Result: WARN
     Output from running autoreconf:
     configure.ac:4: warning: The macro `AC_CONFIG_HEADER' is obsolete.
     configure.ac:4: You should run autoupdate.
     ./lib/autoconf/status.m4:719: AC_CONFIG_HEADER is expanded from...
     configure.ac:4: the top level
     configure.ac:4: warning: The macro `AC_CONFIG_HEADER' is obsolete.
     configure.ac:4: You should run autoupdate.
     ./lib/autoconf/status.m4:719: AC_CONFIG_HEADER is expanded from...
     configure.ac:4: the top level
Flavors: r-devel-linux-x86_64-fedora-clang, r-devel-linux-x86_64-fedora-gcc

Version: 0.1-8
Check: compiled code
Result: NOTE
    File ‘audio/libs/audio.so’:
     Found no calls to: ‘R_registerRoutines’, ‘R_useDynamicSymbols’
    
    It is good practice to register native routines and to disable symbol
    search.
    
    See ‘Writing portable packages’ in the ‘Writing R Extensions’ manual.
Flavors: r-devel-linux-x86_64-fedora-clang, r-devel-linux-x86_64-fedora-gcc

Version: 0.1-8
Check: whether package can be installed
Result: WARN
    Found the following significant warnings:
     wmm.c:428:2: warning: initialization of 'struct audio_instance * (*)(struct SEXPREC *, float, int)' from incompatible pointer type 'wmm_instance_t * (*)(struct SEXPREC *, float, int)' {aka 'struct wmm_instance * (*)(struct SEXPREC *, float, int)'} [-Wincompatible-pointer-types]
     wmm.c:429:2: warning: initialization of 'struct audio_instance * (*)(struct SEXPREC *, float, int, int)' from incompatible pointer type 'wmm_instance_t * (*)(struct SEXPREC *, float, int, int)' {aka 'struct wmm_instance * (*)(struct SEXPREC *, float, int, int)'} [-Wincompatible-pointer-types]
Flavors: r-devel-windows-x86_64, r-devel-windows-x86_64-gcc10-UCRT, r-release-windows-ix86+x86_64, r-oldrel-windows-ix86+x86_64

Version: 0.1-8
Check: whether package can be installed
Result: WARN
    Found the following significant warnings:
     au.c:222:8: warning: 'AudioHardwareGetProperty' is deprecated: first deprecated in macOS 10.6 [-Wdeprecated-declarations]
     au.c:229:8: warning: 'AudioDeviceGetProperty' is deprecated: first deprecated in macOS 10.6 [-Wdeprecated-declarations]
     au.c:375:2: warning: incompatible pointer types initializing 'struct audio_instance *(*)(SEXP, float, int)' (aka 'struct audio_instance *(*)(struct SEXPREC *, float, int)') with an expression of type 'au_instance_t *(SEXP, float, int)' (aka 'struct au_instance *(struct SEXPREC *, float, int)') [-Wincompatible-pointer-types]
     au.c:376:2: warning: incompatible pointer types initializing 'struct audio_instance *(*)(SEXP, float, int, int)' (aka 'struct audio_instance *(*)(struct SEXPREC *, float, int, int)') with an expression of type 'au_instance_t *(SEXP, float, int, int)' (aka 'struct au_instance *(struct SEXPREC *, float, int, int)') [-Wincompatible-pointer-types]
Flavors: r-release-macos-arm64, r-release-macos-x86_64, r-oldrel-macos-x86_64