CRAN Package Check Results for Package audiolyzR

Last updated on 2014-04-20 22:46:54.

Flavor Version Tinstall Tcheck Ttotal Status Flags
r-devel-linux-x86_64-debian-clang 0.4-9 1.12 15.88 17.00 NOTE
r-devel-linux-x86_64-debian-gcc 0.4-9 1.14 15.97 17.11 NOTE
r-devel-linux-x86_64-fedora-clang 0.4-9 34.28 NOTE
r-devel-linux-x86_64-fedora-gcc 0.4-9 32.60 NOTE
r-devel-macosx-x86_64-clang 0.4-9 33.10 NOTE
r-devel-macosx-x86_64-gcc 0.4-9 NOTE
r-devel-windows-ix86+x86_64 0.4-9 4.00 25.00 29.00 NOTE
r-patched-linux-x86_64 0.4-9 1.09 15.73 16.82 NOTE
r-patched-solaris-sparc 0.4-9 208.10 NOTE
r-patched-solaris-x86 0.4-9 48.20 NOTE
r-release-linux-ix86 NOTE
r-release-linux-x86_64 0.4-9 1.18 15.67 16.85 NOTE
r-release-macosx-x86_64 0.4-9 OK
r-release-windows-ix86+x86_64 0.4-9 6.00 28.00 34.00 NOTE
r-oldrel-windows-ix86+x86_64 0.4-9 5.00 29.00 34.00 NOTE

Check Details

Version: 0.4-9
Check: dependencies in R code
Result: NOTE
    Packages in Depends field not imported from:
     ‘RJSONIO’ ‘hexbin’ ‘plotrix’
     These packages need to be imported from (in the NAMESPACE file)
     for when this namespace is loaded but not attached.
    See the information on DESCRIPTION files in the chapter ‘Creating R
    packages’ of the ‘Writing R Extensions’ manual.
Flavors: r-devel-linux-x86_64-debian-clang, r-devel-linux-x86_64-debian-gcc, r-devel-linux-x86_64-fedora-clang, r-devel-linux-x86_64-fedora-gcc, r-devel-macosx-x86_64-clang, r-devel-macosx-x86_64-gcc, r-devel-windows-ix86+x86_64, r-patched-linux-x86_64, r-patched-solaris-sparc, r-patched-solaris-x86, r-release-linux-ix86, r-release-linux-x86_64, r-release-windows-ix86+x86_64, r-oldrel-windows-ix86+x86_64