CRAN Package Check Results for Package audiolyzR

Last updated on 2014-07-23 09:49:45.

Flavor Version Tinstall Tcheck Ttotal Status Flags
r-devel-linux-x86_64-debian-clang 0.4-9 1.02 14.87 15.90 NOTE
r-devel-linux-x86_64-debian-gcc 0.4-9 0.97 14.81 15.78 NOTE
r-devel-linux-x86_64-fedora-clang 0.4-9 34.47 NOTE
r-devel-linux-x86_64-fedora-gcc 0.4-9 33.13 NOTE
r-devel-osx-x86_64-clang 0.4-9 35.25 NOTE
r-devel-windows-ix86+x86_64 0.4-9 3.00 28.00 31.00 NOTE
r-patched-linux-x86_64 0.4-9 1.04 14.89 15.94 NOTE
r-patched-solaris-sparc 0.4-9 208.10 NOTE
r-patched-solaris-x86 0.4-9 46.10 NOTE
r-release-linux-ix86 0.4-9 1.43 22.32 23.75 NOTE
r-release-linux-x86_64 0.4-9 1.09 15.25 16.34 NOTE
r-release-osx-x86_64-mavericks 0.4-9 NOTE
r-release-osx-x86_64-snowleopard 0.4-9 OK
r-release-windows-ix86+x86_64 0.4-9 4.00 27.00 31.00 NOTE
r-oldrel-windows-ix86+x86_64 0.4-9 5.00 29.00 34.00 NOTE

Check Details

Version: 0.4-9
Check: dependencies in R code
Result: NOTE
    Packages in Depends field not imported from:
     ‘RJSONIO’ ‘hexbin’ ‘plotrix’
     These packages need to be imported from (in the NAMESPACE file)
     for when this namespace is loaded but not attached.
    See the information on DESCRIPTION files in the chapter ‘Creating R
    packages’ of the ‘Writing R Extensions’ manual.
Flavors: r-devel-linux-x86_64-debian-clang, r-devel-linux-x86_64-debian-gcc, r-devel-linux-x86_64-fedora-clang, r-devel-linux-x86_64-fedora-gcc, r-devel-osx-x86_64-clang, r-devel-windows-ix86+x86_64, r-patched-linux-x86_64, r-patched-solaris-sparc, r-patched-solaris-x86, r-release-linux-ix86, r-release-linux-x86_64, r-release-osx-x86_64-mavericks, r-release-windows-ix86+x86_64, r-oldrel-windows-ix86+x86_64