CRAN Package Check Results for Package audiolyzR

Last updated on 2014-08-23 20:46:48.

Flavor Version Tinstall Tcheck Ttotal Status Flags
r-devel-linux-x86_64-debian-clang 0.4-9 0.99 14.53 15.52 NOTE
r-devel-linux-x86_64-debian-gcc 0.4-9 0.96 14.40 15.36 NOTE
r-devel-linux-x86_64-fedora-clang 0.4-9 32.52 NOTE
r-devel-linux-x86_64-fedora-gcc 0.4-9 30.57 NOTE
r-devel-osx-x86_64-clang 0.4-9 33.41 NOTE
r-devel-windows-ix86+x86_64 0.4-9 4.00 27.00 31.00 NOTE
r-patched-linux-x86_64 0.4-9 1.01 14.57 15.58 NOTE
r-patched-solaris-sparc 0.4-9 186.60 NOTE
r-patched-solaris-x86 0.4-9 45.70 NOTE
r-release-linux-ix86 0.4-9 1.41 21.81 23.22 NOTE
r-release-linux-x86_64 0.4-9 1.16 15.12 16.28 NOTE
r-release-osx-x86_64-mavericks 0.4-9 NOTE
r-release-osx-x86_64-snowleopard 0.4-9 OK
r-release-windows-ix86+x86_64 0.4-9 5.00 28.00 33.00 NOTE
r-oldrel-windows-ix86+x86_64 0.4-9 4.00 28.00 32.00 NOTE

Check Details

Version: 0.4-9
Check: dependencies in R code
Result: NOTE
    Packages in Depends field not imported from:
     ‘RJSONIO’ ‘hexbin’ ‘plotrix’
     These packages need to be imported from (in the NAMESPACE file)
     for when this namespace is loaded but not attached.
    See the information on DESCRIPTION files in the chapter ‘Creating R
    packages’ of the ‘Writing R Extensions’ manual.
Flavors: r-devel-linux-x86_64-debian-clang, r-devel-linux-x86_64-debian-gcc, r-devel-linux-x86_64-fedora-clang, r-devel-linux-x86_64-fedora-gcc, r-devel-osx-x86_64-clang, r-devel-windows-ix86+x86_64, r-patched-linux-x86_64, r-patched-solaris-sparc, r-patched-solaris-x86, r-release-linux-ix86, r-release-linux-x86_64, r-release-osx-x86_64-mavericks, r-release-windows-ix86+x86_64, r-oldrel-windows-ix86+x86_64

Version: 0.4-9
Check: R code for possible problems
Result: NOTE
    audioHist: no visible global function definition for ‘rescale’
    audioHist: no visible global function definition for ‘toJSON’
    audioScatter: no visible global function definition for ‘hexbinplot’
    audioScatter: no visible global function definition for ‘toJSON’
    audioSplom: no visible global function definition for ‘hexplom’
    audioSplom: no visible binding for global variable ‘BTY’
    audioSplom: no visible binding for global variable ‘panel.hexboxplot’
    audioSplom : <anonymous>: no visible global function definition for
     ‘toJSON’
    matricize: no visible global function definition for ‘hexbin’
    panel.audiolyzR: no visible global function definition for
     ‘panel.hexbinplot’
Flavors: r-devel-linux-x86_64-debian-clang, r-devel-linux-x86_64-debian-gcc, r-devel-linux-x86_64-fedora-clang, r-devel-linux-x86_64-fedora-gcc, r-devel-osx-x86_64-clang