CRAN Package Check Results for Package audiolyzR

Last updated on 2015-04-19 02:48:16.

Flavor Version Tinstall Tcheck Ttotal Status Flags
r-devel-linux-x86_64-debian-clang 0.4-9 0.83 13.17 14.00 NOTE
r-devel-linux-x86_64-debian-gcc 0.4-9 0.84 12.85 13.68 NOTE
r-devel-linux-x86_64-fedora-clang 0.4-9 27.32 NOTE
r-devel-linux-x86_64-fedora-gcc 0.4-9 25.08 NOTE
r-devel-osx-x86_64-clang 0.4-9 30.47 NOTE
r-patched-linux-x86_64 0.4-9 0.82 13.00 13.82 NOTE
r-patched-solaris-sparc 0.4-9 174.40 NOTE
r-patched-solaris-x86 0.4-9 39.10 NOTE
r-release-linux-x86_64 0.4-9 0.81 12.83 13.64 NOTE
r-release-osx-x86_64-mavericks 0.4-9 NOTE
r-release-osx-x86_64-snowleopard 0.4-9 NOTE
r-release-windows-ix86+x86_64 0.4-9 2.00 26.00 28.00 NOTE
r-oldrel-windows-ix86+x86_64 0.4-9 5.00 35.00 40.00 NOTE

Check Details

Version: 0.4-9
Check: DESCRIPTION meta-information
Result: NOTE
    Malformed Description field: should contain one or more complete sentences.
Flavors: r-devel-linux-x86_64-debian-clang, r-devel-linux-x86_64-debian-gcc, r-devel-linux-x86_64-fedora-clang, r-devel-linux-x86_64-fedora-gcc, r-devel-osx-x86_64-clang, r-patched-linux-x86_64, r-patched-solaris-sparc, r-patched-solaris-x86, r-release-linux-x86_64, r-release-osx-x86_64-mavericks, r-release-osx-x86_64-snowleopard, r-release-windows-ix86+x86_64

Version: 0.4-9
Check: dependencies in R code
Result: NOTE
    Packages in Depends field not imported from:
     ‘RJSONIO’ ‘hexbin’ ‘plotrix’
     These packages need to be imported from (in the NAMESPACE file)
     for when this namespace is loaded but not attached.
Flavors: r-devel-linux-x86_64-debian-clang, r-devel-linux-x86_64-debian-gcc, r-devel-linux-x86_64-fedora-clang, r-devel-linux-x86_64-fedora-gcc, r-devel-osx-x86_64-clang, r-patched-linux-x86_64, r-patched-solaris-sparc, r-patched-solaris-x86, r-release-linux-x86_64, r-release-osx-x86_64-mavericks, r-release-osx-x86_64-snowleopard, r-release-windows-ix86+x86_64

Version: 0.4-9
Check: R code for possible problems
Result: NOTE
    audioHist: no visible global function definition for ‘rescale’
    audioHist: no visible global function definition for ‘toJSON’
    audioScatter: no visible global function definition for ‘hexbinplot’
    audioScatter: no visible global function definition for ‘toJSON’
    audioSplom: no visible global function definition for ‘hexplom’
    audioSplom: no visible binding for global variable ‘BTY’
    audioSplom: no visible binding for global variable ‘panel.hexboxplot’
    audioSplom : <anonymous>: no visible global function definition for
     ‘toJSON’
    matricize: no visible global function definition for ‘hexbin’
    panel.audiolyzR: no visible global function definition for
     ‘panel.hexbinplot’
Flavors: r-devel-linux-x86_64-debian-clang, r-devel-linux-x86_64-debian-gcc, r-devel-linux-x86_64-fedora-clang, r-devel-linux-x86_64-fedora-gcc, r-devel-osx-x86_64-clang, r-patched-linux-x86_64, r-patched-solaris-sparc, r-patched-solaris-x86, r-release-linux-x86_64, r-release-osx-x86_64-mavericks, r-release-osx-x86_64-snowleopard, r-release-windows-ix86+x86_64

Version: 0.4-9
Check: dependencies in R code
Result: NOTE
    Packages in Depends field not imported from:
     'RJSONIO' 'hexbin' 'plotrix'
     These packages need to be imported from (in the NAMESPACE file)
     for when this namespace is loaded but not attached.
    See the information on DESCRIPTION files in the chapter 'Creating R
    packages' of the 'Writing R Extensions' manual.
Flavor: r-oldrel-windows-ix86+x86_64