CRAN Package Check Results for Package audiolyzR

Last updated on 2015-03-06 11:48:22.

Flavor Version Tinstall Tcheck Ttotal Status Flags
r-devel-linux-x86_64-debian-clang 0.4-9 0.83 13.09 13.92 NOTE
r-devel-linux-x86_64-debian-gcc 0.4-9 0.87 13.05 13.92 NOTE
r-devel-linux-x86_64-fedora-clang 0.4-9 27.11 NOTE
r-devel-linux-x86_64-fedora-gcc 0.4-9 25.56 NOTE
r-devel-osx-x86_64-clang 0.4-9 30.53 NOTE
r-devel-windows-ix86+x86_64 0.4-9 4.00 23.00 27.00 NOTE
r-patched-linux-x86_64 0.4-9 0.98 15.58 16.56 NOTE
r-patched-solaris-sparc 0.4-9 215.60 NOTE
r-patched-solaris-x86 0.4-9 47.30 NOTE
r-release-linux-ix86 0.4-9 1.17 22.10 23.27 NOTE
r-release-linux-x86_64 0.4-9 0.95 15.35 16.30 NOTE
r-release-osx-x86_64-mavericks 0.4-9 NOTE
r-release-osx-x86_64-snowleopard 0.4-9 OK
r-release-windows-ix86+x86_64 0.4-9 4.00 28.00 32.00 NOTE
r-oldrel-windows-ix86+x86_64 0.4-9 4.00 30.00 34.00 NOTE

Check Details

Version: 0.4-9
Check: DESCRIPTION meta-information
Result: NOTE
    Malformed Description field: should contain one or more complete sentences.
Flavors: r-devel-linux-x86_64-debian-clang, r-devel-linux-x86_64-debian-gcc, r-devel-linux-x86_64-fedora-clang, r-devel-linux-x86_64-fedora-gcc, r-devel-osx-x86_64-clang, r-devel-windows-ix86+x86_64

Version: 0.4-9
Check: dependencies in R code
Result: NOTE
    Packages in Depends field not imported from:
     ‘RJSONIO’ ‘hexbin’ ‘plotrix’
     These packages need to be imported from (in the NAMESPACE file)
     for when this namespace is loaded but not attached.
Flavors: r-devel-linux-x86_64-debian-clang, r-devel-linux-x86_64-debian-gcc, r-devel-linux-x86_64-fedora-clang, r-devel-linux-x86_64-fedora-gcc, r-devel-osx-x86_64-clang, r-devel-windows-ix86+x86_64, r-patched-linux-x86_64, r-patched-solaris-sparc, r-patched-solaris-x86

Version: 0.4-9
Check: R code for possible problems
Result: NOTE
    audioHist: no visible global function definition for ‘rescale’
    audioHist: no visible global function definition for ‘toJSON’
    audioScatter: no visible global function definition for ‘hexbinplot’
    audioScatter: no visible global function definition for ‘toJSON’
    audioSplom: no visible global function definition for ‘hexplom’
    audioSplom: no visible binding for global variable ‘BTY’
    audioSplom: no visible binding for global variable ‘panel.hexboxplot’
    audioSplom : <anonymous>: no visible global function definition for
     ‘toJSON’
    matricize: no visible global function definition for ‘hexbin’
    panel.audiolyzR: no visible global function definition for
     ‘panel.hexbinplot’
Flavors: r-devel-linux-x86_64-debian-clang, r-devel-linux-x86_64-debian-gcc, r-devel-linux-x86_64-fedora-clang, r-devel-linux-x86_64-fedora-gcc, r-devel-osx-x86_64-clang, r-devel-windows-ix86+x86_64, r-patched-linux-x86_64, r-patched-solaris-sparc, r-patched-solaris-x86, r-release-linux-ix86, r-release-linux-x86_64, r-release-osx-x86_64-mavericks, r-release-windows-ix86+x86_64

Version: 0.4-9
Check: dependencies in R code
Result: NOTE
    Packages in Depends field not imported from:
     ‘RJSONIO’ ‘hexbin’ ‘plotrix’
     These packages need to be imported from (in the NAMESPACE file)
     for when this namespace is loaded but not attached.
    See the information on DESCRIPTION files in the chapter ‘Creating R
    packages’ of the ‘Writing R Extensions’ manual.
Flavors: r-release-linux-ix86, r-release-linux-x86_64, r-release-osx-x86_64-mavericks, r-release-windows-ix86+x86_64, r-oldrel-windows-ix86+x86_64