CRAN Package Check Results for Package audrex

Last updated on 2021-12-01 09:54:21 CET.

Flavor Version Tinstall Tcheck Ttotal Status Flags
r-devel-linux-x86_64-debian-clang 1.0.1 16.03 138.90 154.93 OK
r-devel-linux-x86_64-debian-gcc 1.0.1 12.86 113.92 126.78 OK
r-devel-linux-x86_64-fedora-clang 1.0.1 202.13 NOTE
r-devel-linux-x86_64-fedora-gcc 1.0.1 186.13 NOTE
r-devel-windows-x86_64-new-UL 1.0.1 30.00 171.00 201.00 OK
r-devel-windows-x86_64-new-TK 1.0.1 NOTE
r-devel-windows-x86_64-old 1.0.1 27.00 113.00 140.00 OK
r-patched-linux-x86_64 1.0.1 15.50 124.96 140.46 OK
r-patched-solaris-x86 1.0.1 253.90 NOTE
r-release-linux-x86_64 1.0.1 15.15 128.60 143.75 OK
r-release-macos-arm64 1.0.1 NOTE
r-release-macos-x86_64 1.0.1 NOTE
r-release-windows-ix86+x86_64 1.0.1 40.00 156.00 196.00 OK
r-oldrel-macos-x86_64 1.0.1 NOTE
r-oldrel-windows-ix86+x86_64 1.0.1 29.00 114.00 143.00 OK

Check Details

Version: 1.0.1
Check: data for non-ASCII characters
Result: NOTE
     Note: found 1 marked UTF-8 string
Flavors: r-devel-linux-x86_64-fedora-clang, r-devel-linux-x86_64-fedora-gcc, r-devel-windows-x86_64-new-TK, r-patched-solaris-x86, r-release-macos-arm64, r-release-macos-x86_64, r-oldrel-macos-x86_64