CRAN Package Check Results for Package augmentedRCBD

Last updated on 2020-02-21 10:47:48 CET.

Flavor Version Tinstall Tcheck Ttotal Status Flags
r-devel-linux-x86_64-debian-clang 0.1.1 12.53 136.02 148.55 OK
r-devel-linux-x86_64-debian-gcc 0.1.1 9.84 103.33 113.17 OK
r-devel-linux-x86_64-fedora-clang 0.1.1 180.99 OK
r-devel-linux-x86_64-fedora-gcc 0.1.1 183.76 OK
r-devel-windows-ix86+x86_64 0.1.1 29.00 145.00 174.00 OK
r-devel-windows-ix86+x86_64-gcc8 0.1.1 31.00 197.00 228.00 OK
r-patched-linux-x86_64 0.1.1 10.73 120.76 131.49 OK
r-patched-solaris-x86 0.1.1 199.70 WARN
r-release-linux-x86_64 0.1.1 10.87 120.89 131.76 OK
r-release-windows-ix86+x86_64 0.1.1 22.00 145.00 167.00 OK
r-release-osx-x86_64 0.1.1 WARN
r-oldrel-windows-ix86+x86_64 0.1.1 18.00 137.00 155.00 OK
r-oldrel-osx-x86_64 0.1.1 WARN

Check Details

Version: 0.1.1
Check: re-building of vignette outputs
Result: WARN
    Error(s) in re-building vignettes:
     ...
    --- re-building ‘Data_Analysis_with_augmentedRCBD.Rmd’ using rmarkdown_notangle
    Warning in engine$weave(file, quiet = quiet, encoding = enc) :
     Pandoc (>= 1.12.3) and/or pandoc-citeproc not available. Falling back to R Markdown v1.
    Quitting from lines 57-76 (Data_Analysis_with_augmentedRCBD.Rmd)
    Error: processing vignette 'Data_Analysis_with_augmentedRCBD.Rmd' failed with diagnostics:
    EXPR must be a length 1 vector
    --- failed re-building ‘Data_Analysis_with_augmentedRCBD.Rmd’
    
    SUMMARY: processing the following file failed:
     ‘Data_Analysis_with_augmentedRCBD.Rmd’
    
    Error: Vignette re-building failed.
    Execution halted
Flavors: r-patched-solaris-x86, r-release-osx-x86_64

Version: 0.1.1
Check: re-building of vignette outputs
Result: WARN
    Error in re-building vignettes:
     ...
    Warning in engine$weave(file, quiet = quiet, encoding = enc) :
     Pandoc (>= 1.12.3) and/or pandoc-citeproc not available. Falling back to R Markdown v1.
    Quitting from lines 57-76 (Data_Analysis_with_augmentedRCBD.Rmd)
    Error: processing vignette 'Data_Analysis_with_augmentedRCBD.Rmd' failed with diagnostics:
    EXPR must be a length 1 vector
    Execution halted
Flavor: r-oldrel-osx-x86_64