CRAN Package Check Results for Package augmentedRCBD

Last updated on 2020-09-19 08:49:54 CEST.

Flavor Version Tinstall Tcheck Ttotal Status Flags
r-devel-linux-x86_64-debian-clang 0.1.3 13.15 135.77 148.92 OK
r-devel-linux-x86_64-debian-gcc 0.1.3 10.16 103.18 113.34 OK
r-devel-linux-x86_64-fedora-clang 0.1.3 189.89 NOTE
r-devel-linux-x86_64-fedora-gcc 0.1.3 192.41 OK
r-devel-windows-ix86+x86_64 0.1.3 30.00 182.00 212.00 OK
r-patched-linux-x86_64 0.1.3 12.14 131.57 143.71 OK
r-patched-solaris-x86 0.1.3 215.30 WARN
r-release-linux-x86_64 0.1.3 13.98 131.94 145.92 OK
r-release-macos-x86_64 0.1.3 WARN
r-release-windows-ix86+x86_64 0.1.3 30.00 186.00 216.00 OK
r-oldrel-macos-x86_64 0.1.3 WARN
r-oldrel-windows-ix86+x86_64 0.1.3 19.00 168.00 187.00 OK

Check Details

Version: 0.1.3
Check: Rd cross-references
Result: NOTE
    Undeclared package ‘agricolae’ in Rd xrefs
Flavor: r-devel-linux-x86_64-fedora-clang

Version: 0.1.3
Check: re-building of vignette outputs
Result: WARN
    Error(s) in re-building vignettes:
     ...
    --- re-building ‘Data_Analysis_with_augmentedRCBD.Rmd’ using rmarkdown_notangle
    Warning in engine$weave(file, quiet = quiet, encoding = enc) :
     Pandoc (>= 1.12.3) and/or pandoc-citeproc not available. Falling back to R Markdown v1.
    Quitting from lines 57-76 (Data_Analysis_with_augmentedRCBD.Rmd)
    Error: processing vignette 'Data_Analysis_with_augmentedRCBD.Rmd' failed with diagnostics:
    EXPR must be a length 1 vector
    --- failed re-building ‘Data_Analysis_with_augmentedRCBD.Rmd’
    
    SUMMARY: processing the following file failed:
     ‘Data_Analysis_with_augmentedRCBD.Rmd’
    
    Error: Vignette re-building failed.
    Execution halted
Flavors: r-patched-solaris-x86, r-release-macos-x86_64, r-oldrel-macos-x86_64