Last updated on 2021-01-17 14:48:43 CET.
Flavor | Version | Tinstall | Tcheck | Ttotal | Status | Flags |
---|---|---|---|---|---|---|
r-devel-linux-x86_64-debian-clang | 0.1.3 | 11.50 | 144.05 | 155.55 | OK | |
r-devel-linux-x86_64-debian-gcc | 0.1.3 | 11.58 | 112.25 | 123.83 | OK | |
r-devel-linux-x86_64-fedora-clang | 0.1.3 | 199.88 | NOTE | |||
r-devel-linux-x86_64-fedora-gcc | 0.1.3 | 184.47 | OK | |||
r-devel-windows-ix86+x86_64 | 0.1.3 | 21.00 | 160.00 | 181.00 | OK | |
r-patched-linux-x86_64 | 0.1.3 | 12.71 | 138.86 | 151.57 | OK | |
r-patched-solaris-x86 | 0.1.3 | 221.10 | WARN | |||
r-release-linux-x86_64 | 0.1.3 | 12.02 | 138.84 | 150.86 | OK | |
r-release-macos-x86_64 | 0.1.3 | WARN | ||||
r-release-windows-ix86+x86_64 | 0.1.3 | 26.00 | 138.00 | 164.00 | OK | |
r-oldrel-macos-x86_64 | 0.1.3 | WARN | ||||
r-oldrel-windows-ix86+x86_64 | 0.1.3 | 26.00 | 139.00 | 165.00 | OK |
Version: 0.1.3
Check: Rd cross-references
Result: NOTE
Undeclared package ‘agricolae’ in Rd xrefs
Flavor: r-devel-linux-x86_64-fedora-clang
Version: 0.1.3
Check: re-building of vignette outputs
Result: WARN
Error(s) in re-building vignettes:
...
--- re-building ‘Data_Analysis_with_augmentedRCBD.Rmd’ using rmarkdown_notangle
Warning in engine$weave(file, quiet = quiet, encoding = enc) :
Pandoc (>= 1.12.3) and/or pandoc-citeproc not available. Falling back to R Markdown v1.
Quitting from lines 57-76 (Data_Analysis_with_augmentedRCBD.Rmd)
Error: processing vignette 'Data_Analysis_with_augmentedRCBD.Rmd' failed with diagnostics:
EXPR must be a length 1 vector
--- failed re-building ‘Data_Analysis_with_augmentedRCBD.Rmd’
SUMMARY: processing the following file failed:
‘Data_Analysis_with_augmentedRCBD.Rmd’
Error: Vignette re-building failed.
Execution halted
Flavors: r-patched-solaris-x86, r-release-macos-x86_64, r-oldrel-macos-x86_64