CRAN Package Check Results for Package autoFRK

Last updated on 2022-07-04 13:50:23 CEST.

Flavor Version Tinstall Tcheck Ttotal Status Flags
r-devel-linux-x86_64-debian-clang 1.4.3 75.40 140.77 216.17 OK
r-devel-linux-x86_64-debian-gcc 1.4.3 57.46 105.78 163.24 OK
r-devel-linux-x86_64-fedora-clang 1.4.3 291.16 NOTE
r-devel-linux-x86_64-fedora-gcc 1.4.3 270.40 OK
r-devel-windows-x86_64 1.4.3 58.00 166.00 224.00 OK
r-patched-linux-x86_64 1.4.3 61.80 133.84 195.64 OK
r-release-linux-x86_64 1.4.3 60.13 136.52 196.65 OK
r-release-macos-arm64 1.4.3 69.00 NOTE
r-release-macos-x86_64 1.4.3 118.00 NOTE
r-release-windows-x86_64 1.4.3 70.00 177.00 247.00 OK
r-oldrel-macos-arm64 1.4.3 82.00 NOTE
r-oldrel-macos-x86_64 1.4.3 103.00 NOTE
r-oldrel-windows-ix86+x86_64 1.4.3 149.00 216.00 365.00 OK

Check Details

Version: 1.4.3
Check: installed package size
Result: NOTE
     installed size is 15.2Mb
     sub-directories of 1Mb or more:
     libs 14.9Mb
Flavors: r-devel-linux-x86_64-fedora-clang, r-release-macos-arm64, r-release-macos-x86_64, r-oldrel-macos-arm64, r-oldrel-macos-x86_64