CRAN Package Check Results for Package automap

Last updated on 2014-07-24 17:48:57.

Flavor Version Tinstall Tcheck Ttotal Status Flags
r-devel-linux-x86_64-debian-clang 1.0-14 2.99 56.80 59.78 OK
r-devel-linux-x86_64-debian-gcc 1.0-14 2.92 53.42 56.33 OK
r-devel-linux-x86_64-fedora-clang 1.0-14 124.27 OK
r-devel-linux-x86_64-fedora-gcc 1.0-14 117.65 OK
r-devel-osx-x86_64-clang 1.0-14 90.63 OK
r-devel-windows-ix86+x86_64 1.0-14 9.00 82.00 91.00 NOTE
r-patched-linux-x86_64 1.0-14 3.08 53.88 56.96 OK
r-patched-solaris-sparc 1.0-14 611.70 OK
r-patched-solaris-x86 1.0-14 144.10 OK
r-release-linux-ix86 1.0-14 3.73 71.04 74.77 OK
r-release-linux-x86_64 1.0-14 3.44 56.30 59.74 OK
r-release-osx-x86_64-mavericks 1.0-14 ERROR
r-release-osx-x86_64-snowleopard 1.0-14 OK
r-release-windows-ix86+x86_64 1.0-14 9.00 89.00 98.00 OK
r-oldrel-windows-ix86+x86_64 1.0-14 9.00 82.00 91.00 OK

Check Details

Version: 1.0-14
Check: package dependencies
Result: NOTE
    Package suggested but not available for checking: 'gpclib'
Flavor: r-devel-windows-ix86+x86_64

Version: 1.0-14
Check: package dependencies
Result: ERROR
    Package required but not available: ‘gstat’
    
    See the information on DESCRIPTION files in the chapter ‘Creating R
    packages’ of the ‘Writing R Extensions’ manual.
Flavor: r-release-osx-x86_64-mavericks