CRAN Package Check Results for Package automap

Last updated on 2014-09-20 08:51:37.

Flavor Version Tinstall Tcheck Ttotal Status Flags
r-devel-linux-x86_64-debian-clang 1.0-14 3.06 51.92 54.99 NOTE
r-devel-linux-x86_64-debian-gcc 1.0-14 3.68 51.44 55.12 NOTE
r-devel-linux-x86_64-fedora-clang 1.0-14 115.47 NOTE
r-devel-linux-x86_64-fedora-gcc 1.0-14 111.48 NOTE
r-devel-osx-x86_64-clang 1.0-14 87.87 NOTE
r-devel-windows-ix86+x86_64 1.0-14 9.00 77.00 86.00 NOTE
r-patched-linux-x86_64 1.0-14 3.08 56.17 59.25 OK
r-patched-solaris-sparc 1.0-14 695.10 OK
r-patched-solaris-x86 1.0-14 147.80 OK
r-release-linux-ix86 1.0-14 3.70 118.38 122.08 OK
r-release-linux-x86_64 1.0-14 3.50 55.74 59.24 OK
r-release-osx-x86_64-mavericks 1.0-14 ERROR
r-release-osx-x86_64-snowleopard 1.0-14 OK
r-release-windows-ix86+x86_64 1.0-14 10.00 81.00 91.00 OK
r-oldrel-windows-ix86+x86_64 1.0-14 9.00 88.00 97.00 OK

Check Details

Version: 1.0-14
Check: R code for possible problems
Result: NOTE
    cv.compare.ggplot: no visible global function definition for ‘ggplot’
    cv.compare.ggplot: no visible global function definition for
     ‘aes_string’
    cv.compare.ggplot: no visible global function definition for
     ‘facet_wrap’
    cv.compare.ggplot: no visible global function definition for
     ‘scale_x_continuous’
    cv.compare.ggplot: no visible global function definition for
     ‘scale_y_continuous’
    cv.compare.ggplot: no visible global function definition for
     ‘coord_equal’
    cv.compare.ggplot: no visible global function definition for
     ‘scale_color_gradient2’
    cv.compare.ggplot: no visible global function definition for
     ‘scale_size_continuous’
    cv.compare.ggplot: no visible global function definition for ‘fortify’
    cv.compare.ggplot: no visible global function definition for
     ‘geom_path’
    cv.compare.ggplot: no visible global function definition for
     ‘geom_point’
Flavors: r-devel-linux-x86_64-debian-clang, r-devel-linux-x86_64-debian-gcc, r-devel-linux-x86_64-fedora-clang, r-devel-linux-x86_64-fedora-gcc, r-devel-osx-x86_64-clang, r-devel-windows-ix86+x86_64

Version: 1.0-14
Check: package dependencies
Result: NOTE
    Package suggested but not available for checking: 'gpclib'
Flavor: r-devel-windows-ix86+x86_64

Version: 1.0-14
Check: package dependencies
Result: ERROR
    Package required but not available: ‘gstat’
    
    See the information on DESCRIPTION files in the chapter ‘Creating R
    packages’ of the ‘Writing R Extensions’ manual.
Flavor: r-release-osx-x86_64-mavericks