CRAN Package Check Results for Package automap

Last updated on 2015-08-28 10:48:52.

Flavor Version Tinstall Tcheck Ttotal Status Flags
r-devel-linux-x86_64-debian-clang 1.0-14 1.70 43.07 44.77 NOTE
r-devel-linux-x86_64-debian-gcc 1.0-14 1.66 42.24 43.89 NOTE
r-devel-linux-x86_64-fedora-clang 1.0-14 85.95 NOTE
r-devel-linux-x86_64-fedora-gcc 1.0-14 82.85 NOTE
r-devel-osx-x86_64-clang 1.0-14 68.95 NOTE
r-devel-windows-ix86+x86_64 1.0-14 8.00 77.00 85.00 NOTE
r-patched-linux-x86_64 1.0-14 1.83 43.75 45.58 NOTE
r-patched-solaris-sparc 1.0-14 574.20 NOTE
r-patched-solaris-x86 1.0-14 114.10 NOTE
r-release-linux-x86_64 1.0-14 1.88 43.96 45.85 NOTE
r-release-osx-x86_64-mavericks 1.0-14 NOTE
r-release-windows-ix86+x86_64 1.0-14 9.00 80.00 89.00 NOTE
r-oldrel-windows-ix86+x86_64 1.0-14 15.00 101.00 116.00 NOTE

Check Details

Version: 1.0-14
Check: dependencies in R code
Result: NOTE
    'library' or 'require' calls in package code:
     ‘ggplot2’ ‘gpclib’ ‘maptools’
     Please use :: or requireNamespace() instead.
     See section 'Suggested packages' in the 'Writing R Extensions' manual.
Flavors: r-devel-linux-x86_64-debian-clang, r-devel-linux-x86_64-debian-gcc, r-devel-linux-x86_64-fedora-clang, r-devel-linux-x86_64-fedora-gcc, r-devel-osx-x86_64-clang, r-devel-windows-ix86+x86_64, r-patched-linux-x86_64, r-patched-solaris-sparc, r-patched-solaris-x86, r-release-linux-x86_64, r-release-osx-x86_64-mavericks, r-release-windows-ix86+x86_64, r-oldrel-windows-ix86+x86_64

Version: 1.0-14
Check: R code for possible problems
Result: NOTE
    autoKrige: no visible global function definition for ‘as.formula’
    autofitVariogram: no visible global function definition for
     ‘modifyList’
    autofitVariogram: no visible global function definition for ‘is’
    autofitVariogram: no visible global function definition for ‘median’
    autokrige.vgm.panel: no visible global function definition for ‘grey’
    compare.cv: no visible global function definition for ‘quantile’
    create_new_data: no visible global function definition for ‘chull’
    cv.compare.ggplot: no visible global function definition for ‘ggplot’
    cv.compare.ggplot: no visible global function definition for
     ‘aes_string’
    cv.compare.ggplot: no visible global function definition for
     ‘facet_wrap’
    cv.compare.ggplot: no visible global function definition for
     ‘scale_x_continuous’
    cv.compare.ggplot: no visible global function definition for
     ‘scale_y_continuous’
    cv.compare.ggplot: no visible global function definition for
     ‘coord_equal’
    cv.compare.ggplot: no visible global function definition for
     ‘scale_color_gradient2’
    cv.compare.ggplot: no visible global function definition for
     ‘scale_size_continuous’
    cv.compare.ggplot: no visible global function definition for ‘fortify’
    cv.compare.ggplot: no visible global function definition for
     ‘geom_path’
    cv.compare.ggplot: no visible global function definition for
     ‘geom_point’
    posPredictionInterval: no visible global function definition for
     ‘median’
    posPredictionInterval: no visible global function definition for
     ‘qnorm’
    summary.autoKrige.cv: no visible global function definition for ‘cor’
    summary.autoKrige.cv: no visible global function definition for ‘sd’
    summary.autoKrige.cv: no visible global function definition for ‘IQR’
    Undefined global functions or variables:
     IQR aes_string as.formula chull coord_equal cor facet_wrap fortify
     geom_path geom_point ggplot grey is median modifyList qnorm quantile
     scale_color_gradient2 scale_size_continuous scale_x_continuous
     scale_y_continuous sd
    Consider adding
     importFrom("grDevices", "chull", "grey")
     importFrom("methods", "is")
     importFrom("stats", "IQR", "as.formula", "cor", "median", "qnorm",
     "quantile", "sd")
     importFrom("utils", "modifyList")
    to your NAMESPACE (and ensure that your DESCRIPTION Imports field
    contains 'methods').
Flavors: r-devel-linux-x86_64-debian-clang, r-devel-linux-x86_64-debian-gcc, r-devel-linux-x86_64-fedora-clang, r-devel-linux-x86_64-fedora-gcc, r-devel-windows-ix86+x86_64

Version: 1.0-14
Check: R code for possible problems
Result: NOTE
    cv.compare.ggplot: no visible global function definition for ‘ggplot’
    cv.compare.ggplot: no visible global function definition for
     ‘aes_string’
    cv.compare.ggplot: no visible global function definition for
     ‘facet_wrap’
    cv.compare.ggplot: no visible global function definition for
     ‘scale_x_continuous’
    cv.compare.ggplot: no visible global function definition for
     ‘scale_y_continuous’
    cv.compare.ggplot: no visible global function definition for
     ‘coord_equal’
    cv.compare.ggplot: no visible global function definition for
     ‘scale_color_gradient2’
    cv.compare.ggplot: no visible global function definition for
     ‘scale_size_continuous’
    cv.compare.ggplot: no visible global function definition for ‘fortify’
    cv.compare.ggplot: no visible global function definition for
     ‘geom_path’
    cv.compare.ggplot: no visible global function definition for
     ‘geom_point’
    Undefined global functions or variables:
     aes_string coord_equal facet_wrap fortify geom_path geom_point ggplot
     scale_color_gradient2 scale_size_continuous scale_x_continuous
     scale_y_continuous
Flavor: r-devel-osx-x86_64-clang

Version: 1.0-14
Check: package dependencies
Result: NOTE
    Package suggested but not available for checking: 'gpclib'
Flavors: r-devel-windows-ix86+x86_64, r-release-windows-ix86+x86_64

Version: 1.0-14
Check: R code for possible problems
Result: NOTE
    cv.compare.ggplot: no visible global function definition for ‘ggplot’
    cv.compare.ggplot: no visible global function definition for
     ‘aes_string’
    cv.compare.ggplot: no visible global function definition for
     ‘facet_wrap’
    cv.compare.ggplot: no visible global function definition for
     ‘scale_x_continuous’
    cv.compare.ggplot: no visible global function definition for
     ‘scale_y_continuous’
    cv.compare.ggplot: no visible global function definition for
     ‘coord_equal’
    cv.compare.ggplot: no visible global function definition for
     ‘scale_color_gradient2’
    cv.compare.ggplot: no visible global function definition for
     ‘scale_size_continuous’
    cv.compare.ggplot: no visible global function definition for ‘fortify’
    cv.compare.ggplot: no visible global function definition for
     ‘geom_path’
    cv.compare.ggplot: no visible global function definition for
     ‘geom_point’
Flavors: r-patched-linux-x86_64, r-patched-solaris-sparc, r-patched-solaris-x86, r-release-linux-x86_64, r-release-osx-x86_64-mavericks, r-release-windows-ix86+x86_64, r-oldrel-windows-ix86+x86_64