CRAN Package Check Results for Package automap

Last updated on 2015-03-31 19:50:58.

Flavor Version Tinstall Tcheck Ttotal Status Flags
r-devel-linux-x86_64-debian-clang 1.0-14 1.84 43.00 44.84 NOTE
r-devel-linux-x86_64-debian-gcc 1.0-14 1.77 43.51 45.28 NOTE
r-devel-linux-x86_64-fedora-clang 1.0-14 90.65 NOTE
r-devel-linux-x86_64-fedora-gcc 1.0-14 86.31 NOTE
r-devel-osx-x86_64-clang 1.0-14 81.22 NOTE
r-prerel-windows-ix86+x86_64 1.0-14 7.00 62.00 69.00 NOTE
r-prerel-linux-x86_64 1.0-14 1.77 42.86 44.63 NOTE
r-prerel-solaris-sparc 1.0-14 570.30 NOTE
r-prerel-solaris-x86 1.0-14 111.70 NOTE
r-release-linux-x86_64 1.0-14 2.83 55.52 58.35 NOTE
r-release-osx-x86_64-mavericks 1.0-14 NOTE
r-release-osx-x86_64-snowleopard 1.0-14 OK
r-release-windows-ix86+x86_64 1.0-14 10.00 85.00 95.00 NOTE
r-oldrel-windows-ix86+x86_64 1.0-14 10.00 91.00 101.00 OK

Check Details

Version: 1.0-14
Check: dependencies in R code
Result: NOTE
    'library' or 'require' calls in package code:
     ‘ggplot2’ ‘gpclib’ ‘maptools’
     Please use :: or requireNamespace() instead.
     See section 'Suggested packages' in the 'Writing R Extensions' manual.
Flavors: r-devel-linux-x86_64-debian-clang, r-devel-linux-x86_64-debian-gcc, r-devel-linux-x86_64-fedora-clang, r-devel-linux-x86_64-fedora-gcc, r-devel-osx-x86_64-clang, r-prerel-windows-ix86+x86_64, r-prerel-linux-x86_64, r-prerel-solaris-sparc, r-prerel-solaris-x86, r-release-linux-x86_64, r-release-windows-ix86+x86_64

Version: 1.0-14
Check: R code for possible problems
Result: NOTE
    cv.compare.ggplot: no visible global function definition for ‘ggplot’
    cv.compare.ggplot: no visible global function definition for
     ‘aes_string’
    cv.compare.ggplot: no visible global function definition for
     ‘facet_wrap’
    cv.compare.ggplot: no visible global function definition for
     ‘scale_x_continuous’
    cv.compare.ggplot: no visible global function definition for
     ‘scale_y_continuous’
    cv.compare.ggplot: no visible global function definition for
     ‘coord_equal’
    cv.compare.ggplot: no visible global function definition for
     ‘scale_color_gradient2’
    cv.compare.ggplot: no visible global function definition for
     ‘scale_size_continuous’
    cv.compare.ggplot: no visible global function definition for ‘fortify’
    cv.compare.ggplot: no visible global function definition for
     ‘geom_path’
    cv.compare.ggplot: no visible global function definition for
     ‘geom_point’
Flavors: r-devel-linux-x86_64-debian-clang, r-devel-linux-x86_64-debian-gcc, r-devel-linux-x86_64-fedora-clang, r-devel-linux-x86_64-fedora-gcc, r-devel-osx-x86_64-clang, r-prerel-windows-ix86+x86_64, r-prerel-linux-x86_64, r-prerel-solaris-sparc, r-prerel-solaris-x86, r-release-linux-x86_64, r-release-osx-x86_64-mavericks, r-release-windows-ix86+x86_64

Version: 1.0-14
Check: package dependencies
Result: NOTE
    Package suggested but not available for checking: 'gpclib'
Flavor: r-prerel-windows-ix86+x86_64