CRAN Package Check Results for Package automap

Last updated on 2014-11-28 11:50:15.

Flavor Version Tinstall Tcheck Ttotal Status Flags
r-devel-linux-x86_64-debian-clang 1.0-14 2.88 55.56 58.43 NOTE
r-devel-linux-x86_64-debian-gcc 1.0-14 2.88 54.53 57.41 NOTE
r-devel-linux-x86_64-fedora-clang 1.0-14 125.59 NOTE
r-devel-linux-x86_64-fedora-gcc 1.0-14 134.83 NOTE
r-devel-osx-x86_64-clang 1.0-14 96.61 NOTE
r-devel-windows-ix86+x86_64 1.0-14 8.00 80.00 88.00 NOTE
r-patched-linux-x86_64 1.0-14 3.01 57.69 60.70 NOTE
r-patched-solaris-sparc 1.0-14 722.30 NOTE
r-patched-solaris-x86 1.0-14 154.60 NOTE
r-release-linux-ix86 1.0-14 3.42 71.90 75.32 NOTE
r-release-linux-x86_64 1.0-14 3.05 58.88 61.92 NOTE
r-release-osx-x86_64-mavericks 1.0-14 ERROR
r-release-osx-x86_64-snowleopard 1.0-14 OK
r-release-windows-ix86+x86_64 1.0-14 10.00 90.00 100.00 NOTE
r-oldrel-windows-ix86+x86_64 1.0-14 11.00 87.00 98.00 OK

Check Details

Version: 1.0-14
Check: R code for possible problems
Result: NOTE
    cv.compare.ggplot: no visible global function definition for ‘ggplot’
    cv.compare.ggplot: no visible global function definition for
     ‘aes_string’
    cv.compare.ggplot: no visible global function definition for
     ‘facet_wrap’
    cv.compare.ggplot: no visible global function definition for
     ‘scale_x_continuous’
    cv.compare.ggplot: no visible global function definition for
     ‘scale_y_continuous’
    cv.compare.ggplot: no visible global function definition for
     ‘coord_equal’
    cv.compare.ggplot: no visible global function definition for
     ‘scale_color_gradient2’
    cv.compare.ggplot: no visible global function definition for
     ‘scale_size_continuous’
    cv.compare.ggplot: no visible global function definition for ‘fortify’
    cv.compare.ggplot: no visible global function definition for
     ‘geom_path’
    cv.compare.ggplot: no visible global function definition for
     ‘geom_point’
Flavors: r-devel-linux-x86_64-debian-clang, r-devel-linux-x86_64-debian-gcc, r-devel-linux-x86_64-fedora-clang, r-devel-linux-x86_64-fedora-gcc, r-devel-osx-x86_64-clang, r-devel-windows-ix86+x86_64, r-patched-linux-x86_64, r-patched-solaris-sparc, r-patched-solaris-x86, r-release-linux-ix86, r-release-linux-x86_64, r-release-windows-ix86+x86_64

Version: 1.0-14
Check: package dependencies
Result: NOTE
    Package suggested but not available for checking: 'gpclib'
Flavor: r-devel-windows-ix86+x86_64

Version: 1.0-14
Check: package dependencies
Result: ERROR
    Package required but not available: ‘gstat’
    
    See the information on DESCRIPTION files in the chapter ‘Creating R
    packages’ of the ‘Writing R Extensions’ manual.
Flavor: r-release-osx-x86_64-mavericks