CRAN Package Check Results for Package automap

Last updated on 2015-01-31 05:48:38.

Flavor Version Tinstall Tcheck Ttotal Status Flags
r-devel-linux-x86_64-debian-clang 1.0-14 1.90 43.16 45.06 NOTE
r-devel-linux-x86_64-debian-gcc 1.0-14 1.84 42.62 44.46 NOTE
r-devel-linux-x86_64-fedora-clang 1.0-14 108.54 NOTE
r-devel-linux-x86_64-fedora-gcc 1.0-14 103.72 NOTE
r-devel-osx-x86_64-clang 1.0-14 92.12 NOTE
r-devel-windows-ix86+x86_64 1.0-14 7.00 65.00 72.00 NOTE
r-patched-linux-x86_64 1.0-14 2.86 56.63 59.49 NOTE
r-patched-solaris-sparc 1.0-14 742.60 NOTE
r-patched-solaris-x86 1.0-14 144.80 NOTE
r-release-linux-ix86 1.0-14 3.16 68.28 71.43 NOTE
r-release-linux-x86_64 1.0-14 2.76 55.36 58.12 NOTE
r-release-osx-x86_64-mavericks 1.0-14 NOTE
r-release-osx-x86_64-snowleopard 1.0-14 OK
r-release-windows-ix86+x86_64 1.0-14 10.00 88.00 98.00 NOTE
r-oldrel-windows-ix86+x86_64 1.0-14 9.00 88.00 97.00 OK

Check Details

Version: 1.0-14
Check: dependencies in R code
Result: NOTE
    'library' or 'require' calls in package code:
     ‘ggplot2’ ‘gpclib’ ‘maptools’
     Please use :: or requireNamespace() instead.
     See section 'Suggested packages' in the 'Writing R Extensions' manual.
Flavors: r-devel-linux-x86_64-debian-clang, r-devel-linux-x86_64-debian-gcc, r-devel-linux-x86_64-fedora-clang, r-devel-linux-x86_64-fedora-gcc, r-devel-osx-x86_64-clang, r-devel-windows-ix86+x86_64

Version: 1.0-14
Check: R code for possible problems
Result: NOTE
    cv.compare.ggplot: no visible global function definition for ‘ggplot’
    cv.compare.ggplot: no visible global function definition for
     ‘aes_string’
    cv.compare.ggplot: no visible global function definition for
     ‘facet_wrap’
    cv.compare.ggplot: no visible global function definition for
     ‘scale_x_continuous’
    cv.compare.ggplot: no visible global function definition for
     ‘scale_y_continuous’
    cv.compare.ggplot: no visible global function definition for
     ‘coord_equal’
    cv.compare.ggplot: no visible global function definition for
     ‘scale_color_gradient2’
    cv.compare.ggplot: no visible global function definition for
     ‘scale_size_continuous’
    cv.compare.ggplot: no visible global function definition for ‘fortify’
    cv.compare.ggplot: no visible global function definition for
     ‘geom_path’
    cv.compare.ggplot: no visible global function definition for
     ‘geom_point’
Flavors: r-devel-linux-x86_64-debian-clang, r-devel-linux-x86_64-debian-gcc, r-devel-linux-x86_64-fedora-clang, r-devel-linux-x86_64-fedora-gcc, r-devel-osx-x86_64-clang, r-devel-windows-ix86+x86_64, r-patched-linux-x86_64, r-patched-solaris-sparc, r-patched-solaris-x86, r-release-linux-ix86, r-release-linux-x86_64, r-release-osx-x86_64-mavericks, r-release-windows-ix86+x86_64

Version: 1.0-14
Check: package dependencies
Result: NOTE
    Package suggested but not available for checking: 'gpclib'
Flavor: r-devel-windows-ix86+x86_64