CRAN Package Check Results for Package automl

Last updated on 2024-03-05 02:53:09 CET.

Flavor Version Tinstall Tcheck Ttotal Status Flags
r-devel-linux-x86_64-debian-clang 1.3.2 4.27 43.64 47.91 NOTE
r-devel-linux-x86_64-debian-gcc 1.3.2 3.96 32.53 36.49 NOTE
r-devel-linux-x86_64-fedora-clang 1.3.2 59.46 NOTE
r-devel-linux-x86_64-fedora-gcc 1.3.2 68.54 NOTE
r-devel-windows-x86_64 1.3.2 6.00 60.00 66.00 NOTE
r-patched-linux-x86_64 1.3.2 4.81 41.74 46.55 NOTE
r-release-linux-x86_64 1.3.2 5.07 42.47 47.54 NOTE
r-release-macos-arm64 1.3.2 27.00 NOTE
r-release-macos-x86_64 1.3.2 42.00 NOTE
r-release-windows-x86_64 1.3.2 9.00 61.00 70.00 NOTE
r-oldrel-macos-arm64 1.3.2 21.00 NOTE
r-oldrel-windows-x86_64 1.3.2 9.00 72.00 81.00 NOTE

Check Details

Version: 1.3.2
Check: LazyData
Result: NOTE 'LazyData' is specified without a 'data' directory Flavors: r-devel-linux-x86_64-debian-clang, r-devel-linux-x86_64-debian-gcc, r-devel-linux-x86_64-fedora-clang, r-devel-linux-x86_64-fedora-gcc, r-devel-windows-x86_64, r-patched-linux-x86_64, r-release-linux-x86_64, r-release-macos-arm64, r-release-macos-x86_64, r-release-windows-x86_64, r-oldrel-macos-arm64, r-oldrel-windows-x86_64