CRAN Package Check Results for Package avesperu

Last updated on 2024-03-04 05:54:46 CET.

Flavor Version Tinstall Tcheck Ttotal Status Flags
r-devel-linux-x86_64-debian-clang 0.0.1 1.68 23.40 25.08 OK
r-devel-linux-x86_64-debian-gcc 0.0.1 1.70 18.10 19.80 OK
r-devel-linux-x86_64-fedora-clang 0.0.1 32.20 NOTE
r-devel-linux-x86_64-fedora-gcc 0.0.1 30.13 NOTE
r-devel-windows-x86_64 0.0.1 2.00 41.00 43.00 OK
r-patched-linux-x86_64 0.0.1 2.18 22.81 24.99 OK
r-release-linux-x86_64 0.0.1 1.74 22.99 24.73 OK
r-release-macos-arm64 0.0.1 16.00 OK
r-release-macos-x86_64 0.0.1 35.00 OK
r-release-windows-x86_64 0.0.1 2.00 39.00 41.00 OK
r-oldrel-macos-arm64 0.0.1 19.00 OK
r-oldrel-windows-x86_64 0.0.1 4.00 44.00 48.00 OK

Check Details

Version: 0.0.1
Check: data for non-ASCII characters
Result: NOTE Note: found 610 marked UTF-8 strings Flavors: r-devel-linux-x86_64-fedora-clang, r-devel-linux-x86_64-fedora-gcc