CRAN Package Check Results for Package aylmer

Last updated on 2018-06-24 10:49:05 CEST.

Flavor Version Tinstall Tcheck Ttotal Status Flags
r-release-osx-x86_64 1.0-11 NOTE
r-oldrel-osx-x86_64 1.0-11 NOTE

Check Details

Version: 1.0-11
Check: R code for possible problems
Result: NOTE
    best: no visible global function definition for ‘optim’
    randomboards: no visible global function definition for ‘runif’
    randomprobs: no visible global function definition for ‘runif’
    Undefined global functions or variables:
     optim runif
    Consider adding
     importFrom("stats", "optim", "runif")
    to your NAMESPACE file.
Flavors: r-release-osx-x86_64, r-oldrel-osx-x86_64

Version: 1.0-11
Check: compiled code
Result: NOTE
    File ‘aylmer/libs/aylmer.so’:
     Found ‘_rand’, possibly from ‘rand’ (C)
     Object: ‘aylmer.o’
     Found ‘_srand’, possibly from ‘srand’ (C)
     Object: ‘aylmer.o’
    
    Compiled code should not call entry points which might terminate R nor
    write to stdout/stderr instead of to the console, nor use Fortran I/O
    nor system RNGs.
    
    See ‘Writing portable packages’ in the ‘Writing R Extensions’ manual.
Flavor: r-release-osx-x86_64

Version: 1.0-11
Check: package dependencies
Result: NOTE
    Package suggested but not available for checking: ‘partitions’
Flavor: r-oldrel-osx-x86_64

Version: 1.0-11
Check: compiled code
Result: NOTE
    File ‘aylmer/libs/aylmer.so’:
     Found ‘_rand’, possibly from ‘rand’ (C)
     Object: ‘aylmer.o’
     Found ‘_srand’, possibly from ‘srand’ (C)
     Object: ‘aylmer.o’
    
    Compiled code should not call entry points which might terminate R nor
    write to stdout/stderr instead of to the console, nor the system RNG.
    
    See ‘Writing portable packages’ in the ‘Writing R Extensions’ manual.
Flavor: r-oldrel-osx-x86_64

Version: 1.0-11
Check: re-building of vignette outputs
Result: NOTE
    Error in re-building vignettes:
     ...
    
    Attaching package: ‘Brobdingnag’
    
    The following objects are masked from ‘package:base’:
    
     max, min, prod, range, sum
    
    Warning in library(package, lib.loc = lib.loc, character.only = TRUE, logical.return = TRUE, :
     there is no package called ‘partitions’
    Warning in good(icons) :
     Good's method is for matrices with no NA entries. Answer supplied is indicative only (but should provide an upper bound)
    Error: processing vignette 'fishervig.Rnw' failed with diagnostics:
    at fishervig.Rnw:753, could not find function "S"
    Execution halted
Flavor: r-oldrel-osx-x86_64