CRAN Package Check Results for Package aylmer

Last updated on 2014-04-24 09:48:56.

Flavor Version Tinstall Tcheck Ttotal Status Flags
r-devel-linux-x86_64-debian-clang 1.0-11 3.02 76.41 79.43 OK
r-devel-linux-x86_64-debian-gcc 1.0-11 5.40 77.34 82.74 OK
r-devel-linux-x86_64-fedora-clang 1.0-11 172.80 OK
r-devel-linux-x86_64-fedora-gcc 1.0-11 175.12 OK
r-devel-osx-x86_64-clang 1.0-11 130.49 OK
r-devel-osx-x86_64-gcc 1.0-11 OK
r-devel-windows-ix86+x86_64 1.0-11 12.00 139.00 151.00 OK
r-patched-linux-x86_64 1.0-11 5.44 80.04 85.48 OK
r-patched-solaris-sparc 1.0-11 976.60 OK
r-patched-solaris-x86 1.0-11 191.80 OK
r-release-linux-ix86 1.0-11 8.00 118.00 126.00 OK
r-release-linux-x86_64 1.0-11 5.46 77.89 83.36 OK
r-release-osx-x86_64-mavericks 1.0-11 NOTE
r-release-osx-x86_64-snowleopard 1.0-11 NOTE
r-release-windows-ix86+x86_64 1.0-11 14.00 135.00 149.00 OK
r-oldrel-windows-ix86+x86_64 1.0-11 13.00 131.00 144.00 OK

Check Details

Version: 1.0-11
Check: re-building of vignette outputs
Result: NOTE
    Error in re-building vignettes:
     ...
    
    Attaching package: ‘Brobdingnag’
    
    The following objects are masked from ‘package:base’:
    
     max, min, prod, range, sum
    
    Warning in good(icons) :
     Good's method is for matrices with no NA entries. Answer supplied is indicative only (but should provide an upper bound)
    Error in texi2dvi(file = file, pdf = TRUE, clean = clean, quiet = quiet, :
     Running 'texi2dvi' on 'fishervig.tex' failed.
    LaTeX errors:
    ! LaTeX Error: File `dsfont.sty' not found.
    
    Type X to quit or <RETURN> to proceed,
    or enter new name. (Default extension: sty)
    
    test/aylmer/vignettes/fishervig.tex:4: ==> Fatal error occurred, no output PDF
     file produced!
    Calls: buildVignettes -> texi2pdf -> texi2dvi
    Execution halted
Flavor: r-release-osx-x86_64-mavericks

Version: 1.0-11
Check: re-building of vignette outputs
Result: NOTE
    Error in re-building vignettes:
     ...
    
    Attaching package: 'Brobdingnag'
    
    The following objects are masked from 'package:base':
    
     max, min, prod, range, sum
    
    Warning in good(icons) :
     Good's method is for matrices with no NA entries. Answer supplied is indicative only (but should provide an upper bound)
    Error in texi2dvi(file = file, pdf = TRUE, clean = clean, quiet = quiet, :
     Running 'texi2dvi' on 'fishervig.tex' failed.
    LaTeX errors:
    ! LaTeX Error: File `dsfont.sty' not found.
    
    Type X to quit or <RETURN> to proceed,
    or enter new name. (Default extension: sty)
    
    aylmer.Rcheck/vign_test/aylmer/vignettes/fishervig.tex:4: ==> Fatal error occu
    rred, no output PDF file produced!
    Calls: buildVignettes -> texi2pdf -> texi2dvi
    Execution halted
Flavor: r-release-osx-x86_64-snowleopard