CRAN Package Check Results for Package aylmer

Last updated on 2017-03-27 05:47:38.

Flavor Version Tinstall Tcheck Ttotal Status Flags
r-devel-linux-x86_64-debian-clang 1.0-11 3.07 44.40 47.47 NOTE
r-devel-linux-x86_64-debian-gcc 1.0-11 3.37 42.29 45.66 NOTE
r-devel-linux-x86_64-fedora-clang 1.0-11 94.06 NOTE --no-stop-on-test-error
r-devel-linux-x86_64-fedora-gcc 1.0-11 87.35 NOTE --no-stop-on-test-error
r-devel-macos-x86_64-clang 1.0-11 74.66 NOTE --no-stop-on-test-error
r-devel-windows-ix86+x86_64 1.0-11 16.00 146.00 162.00 NOTE
r-patched-linux-x86_64 1.0-11 3.69 44.02 47.71 NOTE
r-patched-solaris-sparc 1.0-11 540.60 NOTE
r-patched-solaris-x86 1.0-11 118.00 NOTE
r-release-linux-x86_64 1.0-11 3.57 40.89 44.45 NOTE
r-release-osx-x86_64-mavericks 1.0-11 NOTE
r-release-windows-ix86+x86_64 1.0-11 21.00 118.00 139.00 NOTE
r-oldrel-windows-ix86+x86_64 1.0-11 14.00 114.00 128.00 NOTE

Check Details

Version: 1.0-11
Check: R code for possible problems
Result: NOTE
    best: no visible global function definition for ‘optim’
    randomboards: no visible global function definition for ‘runif’
    randomprobs: no visible global function definition for ‘runif’
    Undefined global functions or variables:
     optim runif
    Consider adding
     importFrom("stats", "optim", "runif")
    to your NAMESPACE file.
Flavors: r-devel-linux-x86_64-debian-clang, r-devel-linux-x86_64-debian-gcc, r-devel-windows-ix86+x86_64, r-patched-linux-x86_64, r-patched-solaris-sparc, r-patched-solaris-x86, r-release-linux-x86_64, r-release-osx-x86_64-mavericks, r-release-windows-ix86+x86_64

Version: 1.0-11
Check: compiled code
Result: NOTE
    File ‘aylmer/libs/aylmer.so’:
     Found ‘rand’, possibly from ‘rand’ (C)
     Object: ‘aylmer.o’
     Found ‘srand’, possibly from ‘srand’ (C)
     Object: ‘aylmer.o’
    File ‘aylmer/libs/aylmer.so’:
     Found no calls to: ‘R_registerRoutines’, ‘R_useDynamicSymbols’
    
    Compiled code should not call entry points which might terminate R nor
    write to stdout/stderr instead of to the console, nor the system RNG.
    It is good practice to register native routines and to disable symbol
    search.
    
    See ‘Writing portable packages’ in the ‘Writing R Extensions’ manual.
Flavors: r-devel-linux-x86_64-debian-clang, r-devel-linux-x86_64-debian-gcc, r-patched-linux-x86_64

Version: 1.0-11
Flags: --no-stop-on-test-error
Check: R code for possible problems
Result: NOTE
    best: no visible global function definition for ‘optim’
    randomboards: no visible global function definition for ‘runif’
    randomprobs: no visible global function definition for ‘runif’
    Undefined global functions or variables:
     optim runif
    Consider adding
     importFrom("stats", "optim", "runif")
    to your NAMESPACE file.
Flavors: r-devel-linux-x86_64-fedora-clang, r-devel-linux-x86_64-fedora-gcc, r-devel-macos-x86_64-clang

Version: 1.0-11
Flags: --no-stop-on-test-error
Check: compiled code
Result: NOTE
    File ‘aylmer/libs/aylmer.so’:
     Found ‘rand’, possibly from ‘rand’ (C)
     Object: ‘aylmer.o’
     Found ‘srand’, possibly from ‘srand’ (C)
     Object: ‘aylmer.o’
    File ‘aylmer/libs/aylmer.so’:
     Found no calls to: ‘R_registerRoutines’, ‘R_useDynamicSymbols’
    
    Compiled code should not call entry points which might terminate R nor
    write to stdout/stderr instead of to the console, nor the system RNG.
    It is good practice to register native routines and to disable symbol
    search.
    
    See ‘Writing portable packages’ in the ‘Writing R Extensions’ manual.
Flavors: r-devel-linux-x86_64-fedora-clang, r-devel-linux-x86_64-fedora-gcc

Version: 1.0-11
Flags: --no-stop-on-test-error
Check: compiled code
Result: NOTE
    File ‘aylmer/libs/aylmer.so’:
     Found ‘_rand’, possibly from ‘rand’ (C)
     Object: ‘aylmer.o’
     Found ‘_srand’, possibly from ‘srand’ (C)
     Object: ‘aylmer.o’
    File ‘aylmer/libs/aylmer.so’:
     Found no calls to: ‘R_registerRoutines’, ‘R_useDynamicSymbols’
    
    Compiled code should not call entry points which might terminate R nor
    write to stdout/stderr instead of to the console, nor the system RNG.
    It is good practice to register native routines and to disable symbol
    search.
    
    See ‘Writing portable packages’ in the ‘Writing R Extensions’ manual.
Flavor: r-devel-macos-x86_64-clang

Version: 1.0-11
Check: compiled code
Result: NOTE
    File 'aylmer/libs/i386/aylmer.dll':
     Found 'rand', possibly from 'rand' (C)
     Object: 'aylmer.o'
     Found 'srand', possibly from 'srand' (C)
     Object: 'aylmer.o'
    File 'aylmer/libs/x64/aylmer.dll':
     Found 'rand', possibly from 'rand' (C)
     Object: 'aylmer.o'
     Found 'srand', possibly from 'srand' (C)
     Object: 'aylmer.o'
    
    Compiled code should not call entry points which might terminate R nor
    write to stdout/stderr instead of to the console, nor the system RNG.
    
    See 'Writing portable packages' in the 'Writing R Extensions' manual.
Flavors: r-devel-windows-ix86+x86_64, r-release-windows-ix86+x86_64, r-oldrel-windows-ix86+x86_64

Version: 1.0-11
Check: compiled code
Result: NOTE
    File ‘aylmer/libs/aylmer.so’:
     Found ‘rand’, possibly from ‘rand’ (C)
     Object: ‘aylmer.o’
     Found ‘srand’, possibly from ‘srand’ (C)
     Object: ‘aylmer.o’
    
    Compiled code should not call entry points which might terminate R nor
    write to stdout/stderr instead of to the console, nor the system RNG.
    
    See ‘Writing portable packages’ in the ‘Writing R Extensions’ manual.
Flavors: r-patched-solaris-sparc, r-patched-solaris-x86, r-release-linux-x86_64

Version: 1.0-11
Check: compiled code
Result: NOTE
    File ‘aylmer/libs/aylmer.so’:
     Found ‘_rand’, possibly from ‘rand’ (C)
     Object: ‘aylmer.o’
     Found ‘_srand’, possibly from ‘srand’ (C)
     Object: ‘aylmer.o’
    
    Compiled code should not call entry points which might terminate R nor
    write to stdout/stderr instead of to the console, nor the system RNG.
    
    See ‘Writing portable packages’ in the ‘Writing R Extensions’ manual.
Flavor: r-release-osx-x86_64-mavericks