CRAN Package Check Results for Package aylmer

Last updated on 2015-04-27 19:47:08.

Flavor Version Tinstall Tcheck Ttotal Status Flags
r-devel-linux-x86_64-debian-clang 1.0-11 2.68 56.65 59.33 NOTE
r-devel-linux-x86_64-debian-gcc 1.0-11 4.74 56.36 61.10 NOTE
r-devel-linux-x86_64-fedora-clang 1.0-11 129.34 NOTE
r-devel-linux-x86_64-fedora-gcc 1.0-11 120.94 NOTE
r-devel-osx-x86_64-clang 1.0-11 115.96 NOTE
r-devel-windows-ix86+x86_64 1.0-11 13.00 148.00 161.00 NOTE
r-patched-linux-x86_64 1.0-11 4.87 57.50 62.37 NOTE
r-patched-solaris-sparc 1.0-11 755.70 NOTE
r-patched-solaris-x86 1.0-11 152.50 NOTE
r-release-linux-x86_64 1.0-11 4.89 56.42 61.31 NOTE
r-release-osx-x86_64-mavericks 1.0-11 NOTE
r-release-osx-x86_64-snowleopard 1.0-11 NOTE
r-release-windows-ix86+x86_64 1.0-11 16.00 131.00 147.00 NOTE
r-oldrel-windows-ix86+x86_64 1.0-11 12.00 151.00 163.00 NOTE

Check Details

Version: 1.0-11
Check: compiled code
Result: NOTE
    File ‘aylmer/libs/aylmer.so’:
     Found ‘rand’, possibly from ‘rand’ (C)
     Object: ‘aylmer.o’
     Found ‘srand’, possibly from ‘srand’ (C)
     Object: ‘aylmer.o’
    
    Compiled code should not call entry points which might terminate R nor
    write to stdout/stderr instead of to the console, nor the system RNG.
    
    See ‘Writing portable packages’ in the ‘Writing R Extensions’ manual.
Flavors: r-devel-linux-x86_64-debian-clang, r-devel-linux-x86_64-debian-gcc, r-devel-linux-x86_64-fedora-clang, r-devel-linux-x86_64-fedora-gcc, r-patched-solaris-sparc, r-patched-solaris-x86, r-release-linux-x86_64

Version: 1.0-11
Check: compiled code
Result: NOTE
    File ‘aylmer/libs/aylmer.so’:
     Found ‘_rand’, possibly from ‘rand’ (C)
     Object: ‘aylmer.o’
     Found ‘_srand’, possibly from ‘srand’ (C)
     Object: ‘aylmer.o’
    
    Compiled code should not call entry points which might terminate R nor
    write to stdout/stderr instead of to the console, nor the system RNG.
    
    See ‘Writing portable packages’ in the ‘Writing R Extensions’ manual.
Flavors: r-devel-osx-x86_64-clang, r-release-osx-x86_64-mavericks, r-release-osx-x86_64-snowleopard

Version: 1.0-11
Check: compiled code
Result: NOTE
    File 'aylmer/libs/i386/aylmer.dll':
     Found 'rand', possibly from 'rand' (C)
     Object: 'aylmer.o'
     Found 'srand', possibly from 'srand' (C)
     Object: 'aylmer.o'
    File 'aylmer/libs/x64/aylmer.dll':
     Found 'rand', possibly from 'rand' (C)
     Object: 'aylmer.o'
     Found 'srand', possibly from 'srand' (C)
     Object: 'aylmer.o'
    
    Compiled code should not call entry points which might terminate R nor
    write to stdout/stderr instead of to the console, nor the system RNG.
    
    See 'Writing portable packages' in the 'Writing R Extensions' manual.
Flavors: r-devel-windows-ix86+x86_64, r-release-windows-ix86+x86_64, r-oldrel-windows-ix86+x86_64