CRAN Package Check Results for Package aylmer

Last updated on 2015-05-30 08:48:29.

Flavor Version Tinstall Tcheck Ttotal Status Flags
r-devel-linux-x86_64-debian-clang 1.0-11 2.46 56.52 58.98 NOTE
r-devel-linux-x86_64-debian-gcc 1.0-11 4.81 55.00 59.81 NOTE
r-devel-linux-x86_64-fedora-clang 1.0-11 122.35 NOTE
r-devel-linux-x86_64-fedora-gcc 1.0-11 119.13 NOTE
r-devel-osx-x86_64-clang 1.0-11 114.83 NOTE
r-devel-windows-ix86+x86_64 1.0-11 11.00 101.00 112.00 NOTE
r-patched-linux-x86_64 1.0-11 5.67 54.11 59.78 NOTE
r-patched-solaris-sparc 1.0-11 729.80 NOTE
r-patched-solaris-x86 1.0-11 149.60 NOTE
r-release-linux-x86_64 1.0-11 4.70 55.45 60.15 NOTE
r-release-osx-x86_64-mavericks 1.0-11 NOTE
r-release-osx-x86_64-snowleopard 1.0-11 NOTE
r-release-windows-ix86+x86_64 1.0-11 13.00 111.00 124.00 NOTE
r-oldrel-windows-ix86+x86_64 1.0-11 14.00 175.00 189.00 NOTE

Check Details

Version: 1.0-11
Check: compiled code
Result: NOTE
    File ‘aylmer/libs/aylmer.so’:
     Found ‘rand’, possibly from ‘rand’ (C)
     Object: ‘aylmer.o’
     Found ‘srand’, possibly from ‘srand’ (C)
     Object: ‘aylmer.o’
    
    Compiled code should not call entry points which might terminate R nor
    write to stdout/stderr instead of to the console, nor the system RNG.
    
    See ‘Writing portable packages’ in the ‘Writing R Extensions’ manual.
Flavors: r-devel-linux-x86_64-debian-clang, r-devel-linux-x86_64-debian-gcc, r-devel-linux-x86_64-fedora-clang, r-devel-linux-x86_64-fedora-gcc, r-patched-linux-x86_64, r-patched-solaris-sparc, r-patched-solaris-x86, r-release-linux-x86_64

Version: 1.0-11
Check: compiled code
Result: NOTE
    File ‘aylmer/libs/aylmer.so’:
     Found ‘_rand’, possibly from ‘rand’ (C)
     Object: ‘aylmer.o’
     Found ‘_srand’, possibly from ‘srand’ (C)
     Object: ‘aylmer.o’
    
    Compiled code should not call entry points which might terminate R nor
    write to stdout/stderr instead of to the console, nor the system RNG.
    
    See ‘Writing portable packages’ in the ‘Writing R Extensions’ manual.
Flavors: r-devel-osx-x86_64-clang, r-release-osx-x86_64-mavericks, r-release-osx-x86_64-snowleopard

Version: 1.0-11
Check: compiled code
Result: NOTE
    File 'aylmer/libs/i386/aylmer.dll':
     Found 'rand', possibly from 'rand' (C)
     Object: 'aylmer.o'
     Found 'srand', possibly from 'srand' (C)
     Object: 'aylmer.o'
    File 'aylmer/libs/x64/aylmer.dll':
     Found 'rand', possibly from 'rand' (C)
     Object: 'aylmer.o'
     Found 'srand', possibly from 'srand' (C)
     Object: 'aylmer.o'
    
    Compiled code should not call entry points which might terminate R nor
    write to stdout/stderr instead of to the console, nor the system RNG.
    
    See 'Writing portable packages' in the 'Writing R Extensions' manual.
Flavors: r-devel-windows-ix86+x86_64, r-release-windows-ix86+x86_64, r-oldrel-windows-ix86+x86_64