CRAN Package Check Results for Package aylmer

Last updated on 2014-08-20 06:48:06.

Flavor Version Tinstall Tcheck Ttotal Status Flags
r-devel-linux-x86_64-debian-clang 1.0-11 2.86 62.49 65.35 OK
r-devel-linux-x86_64-debian-gcc 1.0-11 5.94 70.00 75.94 OK
r-devel-linux-x86_64-fedora-clang 1.0-11 153.86 OK
r-devel-linux-x86_64-fedora-gcc 1.0-11 141.89 OK
r-devel-osx-x86_64-clang 1.0-11 121.90 OK
r-devel-windows-ix86+x86_64 1.0-11 15.00 118.00 133.00 OK
r-patched-linux-x86_64 1.0-11 5.42 73.21 78.63 OK
r-patched-solaris-sparc 1.0-11 959.90 OK
r-patched-solaris-x86 1.0-11 193.80 OK
r-release-linux-ix86 1.0-11 6.53 93.00 99.52 OK
r-release-linux-x86_64 1.0-11 5.48 81.11 86.58 OK
r-release-osx-x86_64-mavericks 1.0-11 NOTE
r-release-osx-x86_64-snowleopard 1.0-11 NOTE
r-release-windows-ix86+x86_64 1.0-11 13.00 134.00 147.00 OK
r-oldrel-windows-ix86+x86_64 1.0-11 16.00 132.00 148.00 OK

Check Details

Version: 1.0-11
Check: re-building of vignette outputs
Result: NOTE
    Error in re-building vignettes:
     ...
    
    Attaching package: ‘Brobdingnag’
    
    The following objects are masked from ‘package:base’:
    
     max, min, prod, range, sum
    
    Warning in good(icons) :
     Good's method is for matrices with no NA entries. Answer supplied is indicative only (but should provide an upper bound)
    Error in texi2dvi(file = file, pdf = TRUE, clean = clean, quiet = quiet, :
     Running 'texi2dvi' on 'fishervig.tex' failed.
    LaTeX errors:
    ! LaTeX Error: File `dsfont.sty' not found.
    
    Type X to quit or <RETURN> to proceed,
    or enter new name. (Default extension: sty)
    
    test/aylmer/vignettes/fishervig.tex:4: ==> Fatal error occurred, no output PDF
     file produced!
    Calls: buildVignettes -> texi2pdf -> texi2dvi
    Execution halted
Flavor: r-release-osx-x86_64-mavericks

Version: 1.0-11
Check: re-building of vignette outputs
Result: NOTE
    Error in re-building vignettes:
     ...
    
    Attaching package: 'Brobdingnag'
    
    The following objects are masked from 'package:base':
    
     max, min, prod, range, sum
    
    Warning in good(icons) :
     Good's method is for matrices with no NA entries. Answer supplied is indicative only (but should provide an upper bound)
    Error in texi2dvi(file = file, pdf = TRUE, clean = clean, quiet = quiet, :
     Running 'texi2dvi' on 'fishervig.tex' failed.
    LaTeX errors:
    ! LaTeX Error: File `dsfont.sty' not found.
    
    Type X to quit or <RETURN> to proceed,
    or enter new name. (Default extension: sty)
    
    aylmer.Rcheck/vign_test/aylmer/vignettes/fishervig.tex:4: ==> Fatal error occu
    rred, no output PDF file produced!
    Calls: buildVignettes -> texi2pdf -> texi2dvi
    Execution halted
Flavor: r-release-osx-x86_64-snowleopard