CRAN Package Check Results for Package aylmer

Last updated on 2016-04-30 19:52:03.

Flavor Version Tinstall Tcheck Ttotal Status Flags
r-devel-linux-x86_64-debian-gcc 1.0-11 3.55 41.54 45.09 NOTE
r-devel-linux-x86_64-fedora-clang 1.0-11 84.43 NOTE
r-devel-linux-x86_64-fedora-gcc 1.0-11 82.79 NOTE
r-devel-osx-x86_64-clang 1.0-11 100.60 NOTE
r-devel-windows-ix86+x86_64 1.0-11 13.00 107.00 120.00 NOTE
r-patched-linux-x86_64 1.0-11 3.63 40.19 43.82 NOTE
r-patched-solaris-sparc 1.0-11 500.80 NOTE
r-patched-solaris-x86 1.0-11 103.20 NOTE
r-release-linux-x86_64 1.0-11 3.76 57.01 60.77 NOTE
r-release-osx-x86_64-mavericks 1.0-11 NOTE
r-release-windows-ix86+x86_64 1.0-11 21.00 163.00 184.00 NOTE
r-oldrel-windows-ix86+x86_64 1.0-11 23.00 125.00 148.00 NOTE

Check Details

Version: 1.0-11
Check: R code for possible problems
Result: NOTE
    best: no visible global function definition for ‘optim’
    randomboards: no visible global function definition for ‘runif’
    randomprobs: no visible global function definition for ‘runif’
    Undefined global functions or variables:
     optim runif
    Consider adding
     importFrom("stats", "optim", "runif")
    to your NAMESPACE file.
Flavors: r-devel-linux-x86_64-debian-gcc, r-devel-linux-x86_64-fedora-clang, r-devel-linux-x86_64-fedora-gcc, r-devel-osx-x86_64-clang, r-devel-windows-ix86+x86_64, r-patched-linux-x86_64, r-patched-solaris-sparc, r-patched-solaris-x86

Version: 1.0-11
Check: compiled code
Result: NOTE
    File ‘aylmer/libs/aylmer.so’:
     Found ‘rand’, possibly from ‘rand’ (C)
     Object: ‘aylmer.o’
     Found ‘srand’, possibly from ‘srand’ (C)
     Object: ‘aylmer.o’
    
    Compiled code should not call entry points which might terminate R nor
    write to stdout/stderr instead of to the console, nor the system RNG.
    
    See ‘Writing portable packages’ in the ‘Writing R Extensions’ manual.
Flavors: r-devel-linux-x86_64-debian-gcc, r-devel-linux-x86_64-fedora-clang, r-devel-linux-x86_64-fedora-gcc, r-patched-linux-x86_64, r-patched-solaris-sparc, r-patched-solaris-x86, r-release-linux-x86_64

Version: 1.0-11
Check: compiled code
Result: NOTE
    File ‘aylmer/libs/aylmer.so’:
     Found ‘_rand’, possibly from ‘rand’ (C)
     Object: ‘aylmer.o’
     Found ‘_srand’, possibly from ‘srand’ (C)
     Object: ‘aylmer.o’
    
    Compiled code should not call entry points which might terminate R nor
    write to stdout/stderr instead of to the console, nor the system RNG.
    
    See ‘Writing portable packages’ in the ‘Writing R Extensions’ manual.
Flavors: r-devel-osx-x86_64-clang, r-release-osx-x86_64-mavericks

Version: 1.0-11
Check: compiled code
Result: NOTE
    File 'aylmer/libs/i386/aylmer.dll':
     Found 'rand', possibly from 'rand' (C)
     Object: 'aylmer.o'
     Found 'srand', possibly from 'srand' (C)
     Object: 'aylmer.o'
    File 'aylmer/libs/x64/aylmer.dll':
     Found 'rand', possibly from 'rand' (C)
     Object: 'aylmer.o'
     Found 'srand', possibly from 'srand' (C)
     Object: 'aylmer.o'
    
    Compiled code should not call entry points which might terminate R nor
    write to stdout/stderr instead of to the console, nor the system RNG.
    
    See 'Writing portable packages' in the 'Writing R Extensions' manual.
Flavors: r-release-windows-ix86+x86_64, r-oldrel-windows-ix86+x86_64