CRAN Package Check Results for Package aylmer

Last updated on 2017-01-18 22:49:42.

Flavor Version Tinstall Tcheck Ttotal Status Flags
r-devel-linux-x86_64-debian-clang 1.0-11 2.98 42.40 45.39 NOTE
r-devel-linux-x86_64-debian-gcc 1.0-11 3.18 42.51 45.70 NOTE
r-devel-linux-x86_64-fedora-clang 1.0-11 86.92 NOTE --no-stop-on-test-error
r-devel-linux-x86_64-fedora-gcc 1.0-11 87.42 NOTE --no-stop-on-test-error
r-devel-macos-x86_64-clang 1.0-11 76.96 NOTE --no-stop-on-test-error
r-devel-windows-ix86+x86_64 1.0-11 19.00 94.00 113.00 NOTE
r-patched-linux-x86_64 1.0-11 3.53 40.98 44.51 NOTE
r-patched-solaris-sparc 1.0-11 516.90 NOTE
r-patched-solaris-x86 1.0-11 103.70 NOTE
r-release-linux-x86_64 1.0-11 3.66 41.38 45.04 NOTE
r-release-osx-x86_64-mavericks 1.0-11 NOTE
r-release-windows-ix86+x86_64 1.0-11 15.00 134.00 149.00 NOTE
r-oldrel-windows-ix86+x86_64 1.0-11 15.00 162.00 177.00 NOTE

Check Details

Version: 1.0-11
Check: R code for possible problems
Result: NOTE
    best: no visible global function definition for ‘optim’
    randomboards: no visible global function definition for ‘runif’
    randomprobs: no visible global function definition for ‘runif’
    Undefined global functions or variables:
     optim runif
    Consider adding
     importFrom("stats", "optim", "runif")
    to your NAMESPACE file.
Flavors: r-devel-linux-x86_64-debian-clang, r-devel-linux-x86_64-debian-gcc, r-devel-windows-ix86+x86_64, r-patched-linux-x86_64, r-patched-solaris-sparc, r-patched-solaris-x86, r-release-linux-x86_64, r-release-osx-x86_64-mavericks, r-release-windows-ix86+x86_64

Version: 1.0-11
Check: compiled code
Result: NOTE
    File ‘aylmer/libs/aylmer.so’:
     Found ‘rand’, possibly from ‘rand’ (C)
     Object: ‘aylmer.o’
     Found ‘srand’, possibly from ‘srand’ (C)
     Object: ‘aylmer.o’
    
    Compiled code should not call entry points which might terminate R nor
    write to stdout/stderr instead of to the console, nor the system RNG.
    
    See ‘Writing portable packages’ in the ‘Writing R Extensions’ manual.
Flavors: r-devel-linux-x86_64-debian-clang, r-devel-linux-x86_64-debian-gcc, r-patched-linux-x86_64, r-patched-solaris-sparc, r-patched-solaris-x86, r-release-linux-x86_64

Version: 1.0-11
Flags: --no-stop-on-test-error
Check: R code for possible problems
Result: NOTE
    best: no visible global function definition for ‘optim’
    randomboards: no visible global function definition for ‘runif’
    randomprobs: no visible global function definition for ‘runif’
    Undefined global functions or variables:
     optim runif
    Consider adding
     importFrom("stats", "optim", "runif")
    to your NAMESPACE file.
Flavors: r-devel-linux-x86_64-fedora-clang, r-devel-linux-x86_64-fedora-gcc, r-devel-macos-x86_64-clang

Version: 1.0-11
Flags: --no-stop-on-test-error
Check: compiled code
Result: NOTE
    File ‘aylmer/libs/aylmer.so’:
     Found ‘rand’, possibly from ‘rand’ (C)
     Object: ‘aylmer.o’
     Found ‘srand’, possibly from ‘srand’ (C)
     Object: ‘aylmer.o’
    
    Compiled code should not call entry points which might terminate R nor
    write to stdout/stderr instead of to the console, nor the system RNG.
    
    See ‘Writing portable packages’ in the ‘Writing R Extensions’ manual.
Flavors: r-devel-linux-x86_64-fedora-clang, r-devel-linux-x86_64-fedora-gcc

Version: 1.0-11
Flags: --no-stop-on-test-error
Check: compiled code
Result: NOTE
    File ‘aylmer/libs/aylmer.so’:
     Found ‘_rand’, possibly from ‘rand’ (C)
     Object: ‘aylmer.o’
     Found ‘_srand’, possibly from ‘srand’ (C)
     Object: ‘aylmer.o’
    
    Compiled code should not call entry points which might terminate R nor
    write to stdout/stderr instead of to the console, nor the system RNG.
    
    See ‘Writing portable packages’ in the ‘Writing R Extensions’ manual.
Flavor: r-devel-macos-x86_64-clang

Version: 1.0-11
Check: compiled code
Result: NOTE
    File ‘aylmer/libs/aylmer.so’:
     Found ‘_rand’, possibly from ‘rand’ (C)
     Object: ‘aylmer.o’
     Found ‘_srand’, possibly from ‘srand’ (C)
     Object: ‘aylmer.o’
    
    Compiled code should not call entry points which might terminate R nor
    write to stdout/stderr instead of to the console, nor the system RNG.
    
    See ‘Writing portable packages’ in the ‘Writing R Extensions’ manual.
Flavor: r-release-osx-x86_64-mavericks

Version: 1.0-11
Check: compiled code
Result: NOTE
    File 'aylmer/libs/i386/aylmer.dll':
     Found 'rand', possibly from 'rand' (C)
     Object: 'aylmer.o'
     Found 'srand', possibly from 'srand' (C)
     Object: 'aylmer.o'
    File 'aylmer/libs/x64/aylmer.dll':
     Found 'rand', possibly from 'rand' (C)
     Object: 'aylmer.o'
     Found 'srand', possibly from 'srand' (C)
     Object: 'aylmer.o'
    
    Compiled code should not call entry points which might terminate R nor
    write to stdout/stderr instead of to the console, nor the system RNG.
    
    See 'Writing portable packages' in the 'Writing R Extensions' manual.
Flavor: r-oldrel-windows-ix86+x86_64