CRAN Package Check Results for Package aylmer

Last updated on 2014-07-24 03:48:45.

Flavor Version Tinstall Tcheck Ttotal Status Flags
r-devel-linux-x86_64-debian-clang 1.0-11 2.83 63.05 65.88 OK
r-devel-linux-x86_64-debian-gcc 1.0-11 5.27 61.55 66.82 OK
r-devel-linux-x86_64-fedora-clang 1.0-11 150.64 OK
r-devel-linux-x86_64-fedora-gcc 1.0-11 149.18 OK
r-devel-osx-x86_64-clang 1.0-11 123.40 OK
r-devel-windows-ix86+x86_64 1.0-11 13.00 122.00 135.00 OK
r-patched-linux-x86_64 1.0-11 5.94 73.28 79.22 OK
r-patched-solaris-sparc 1.0-11 976.60 OK
r-patched-solaris-x86 1.0-11 197.50 OK
r-release-linux-ix86 1.0-11 6.49 92.41 98.90 OK
r-release-linux-x86_64 1.0-11 5.34 74.54 79.87 OK
r-release-osx-x86_64-mavericks 1.0-11 NOTE
r-release-osx-x86_64-snowleopard 1.0-11 NOTE
r-release-windows-ix86+x86_64 1.0-11 14.00 137.00 151.00 OK
r-oldrel-windows-ix86+x86_64 1.0-11 14.00 132.00 146.00 OK

Check Details

Version: 1.0-11
Check: re-building of vignette outputs
Result: NOTE
    Error in re-building vignettes:
     ...
    
    Attaching package: ‘Brobdingnag’
    
    The following objects are masked from ‘package:base’:
    
     max, min, prod, range, sum
    
    Warning in good(icons) :
     Good's method is for matrices with no NA entries. Answer supplied is indicative only (but should provide an upper bound)
    Error in texi2dvi(file = file, pdf = TRUE, clean = clean, quiet = quiet, :
     Running 'texi2dvi' on 'fishervig.tex' failed.
    LaTeX errors:
    ! LaTeX Error: File `dsfont.sty' not found.
    
    Type X to quit or <RETURN> to proceed,
    or enter new name. (Default extension: sty)
    
    test/aylmer/vignettes/fishervig.tex:4: ==> Fatal error occurred, no output PDF
     file produced!
    Calls: buildVignettes -> texi2pdf -> texi2dvi
    Execution halted
Flavor: r-release-osx-x86_64-mavericks

Version: 1.0-11
Check: re-building of vignette outputs
Result: NOTE
    Error in re-building vignettes:
     ...
    
    Attaching package: 'Brobdingnag'
    
    The following objects are masked from 'package:base':
    
     max, min, prod, range, sum
    
    Warning in good(icons) :
     Good's method is for matrices with no NA entries. Answer supplied is indicative only (but should provide an upper bound)
    Error in texi2dvi(file = file, pdf = TRUE, clean = clean, quiet = quiet, :
     Running 'texi2dvi' on 'fishervig.tex' failed.
    LaTeX errors:
    ! LaTeX Error: File `dsfont.sty' not found.
    
    Type X to quit or <RETURN> to proceed,
    or enter new name. (Default extension: sty)
    
    aylmer.Rcheck/vign_test/aylmer/vignettes/fishervig.tex:4: ==> Fatal error occu
    rred, no output PDF file produced!
    Calls: buildVignettes -> texi2pdf -> texi2dvi
    Execution halted
Flavor: r-release-osx-x86_64-snowleopard