CRAN Package Check Results for Package b64

Last updated on 2024-06-21 22:56:33 CEST.

Flavor Version Tinstall Tcheck Ttotal Status Flags
r-devel-linux-x86_64-debian-clang 0.1.0 65.73 32.73 98.46 NOTE
r-devel-linux-x86_64-debian-gcc 0.1.0 51.11 24.55 75.66 NOTE
r-devel-linux-x86_64-fedora-clang 0.1.0 143.87 NOTE
r-devel-linux-x86_64-fedora-gcc 0.1.0 145.37 NOTE
r-devel-windows-x86_64 0.1.0 56.00 60.00 116.00 NOTE
r-patched-linux-x86_64 0.1.0 64.76 30.66 95.42 OK
r-release-linux-x86_64 0.1.0 65.99 31.74 97.73 OK
r-release-macos-arm64 0.1.0 36.00 NOTE
r-release-macos-x86_64 0.1.0 78.00 NOTE
r-release-windows-x86_64 0.1.0 52.00 62.00 114.00 OK
r-oldrel-macos-arm64 0.1.0 41.00 NOTE
r-oldrel-macos-x86_64 0.1.0 70.00 NOTE
r-oldrel-windows-x86_64 0.1.0 66.00 67.00 133.00 OK

Check Details

Version: 0.1.0
Check: compiled code
Result: NOTE File ‘b64/libs/b64.so’: Found non-API calls to R: ‘ENVFLAGS’, ‘FRAME’, ‘HASHTAB’, ‘PRSEEN’, ‘SET_ENCLOS’, ‘SET_ENVFLAGS’, ‘SET_PRCODE’, ‘SET_PRENV’, ‘SET_PRVALUE’, ‘SYMVALUE’ Compiled code should not call non-API entry points in R. See ‘Writing portable packages’ in the ‘Writing R Extensions’ manual. Flavor: r-devel-linux-x86_64-debian-clang

Version: 0.1.0
Check: compiled code
Result: NOTE File ‘b64/libs/b64.so’: Found non-API calls to R: ‘ENVFLAGS’, ‘FRAME’, ‘HASHTAB’, ‘PRSEEN’, ‘Rf_findVarInFrame3’, ‘SET_BODY’, ‘SET_CLOENV’, ‘SET_ENCLOS’, ‘SET_ENVFLAGS’, ‘SET_FORMALS’, ‘SET_PRCODE’, ‘SET_PRENV’, ‘SET_PRVALUE’, ‘STRING_PTR’, ‘SYMVALUE’ Compiled code should not call non-API entry points in R. See ‘Writing portable packages’ in the ‘Writing R Extensions’ manual. Flavor: r-devel-linux-x86_64-debian-gcc

Version: 0.1.0
Check: compiled code
Result: NOTE File ‘b64/libs/b64.so’: Found non-API calls to R: ‘ENVFLAGS’, ‘FRAME’, ‘HASHTAB’, ‘PRSEEN’, ‘SET_BODY’, ‘SET_CLOENV’, ‘SET_ENCLOS’, ‘SET_ENVFLAGS’, ‘SET_FORMALS’, ‘SET_PRCODE’, ‘SET_PRENV’, ‘SET_PRVALUE’, ‘STRING_PTR’, ‘SYMVALUE’ Compiled code should not call non-API entry points in R. See ‘Writing portable packages’ in the ‘Writing R Extensions’ manual. Flavors: r-devel-linux-x86_64-fedora-clang, r-devel-linux-x86_64-fedora-gcc

Version: 0.1.0
Check: compiled code
Result: NOTE File 'b64/libs/x64/b64.dll': Found non-API calls to R: 'ENVFLAGS', 'FRAME', 'HASHTAB', 'PRSEEN', 'SET_BODY', 'SET_CLOENV', 'SET_ENCLOS', 'SET_ENVFLAGS', 'SET_FORMALS', 'SET_PRCODE', 'SET_PRENV', 'SET_PRVALUE', 'STRING_PTR', 'SYMVALUE' Compiled code should not call non-API entry points in R. See 'Writing portable packages' in the 'Writing R Extensions' manual. Flavor: r-devel-windows-x86_64

Version: 0.1.0
Check: installed package size
Result: NOTE installed size is 7.4Mb sub-directories of 1Mb or more: libs 7.3Mb Flavors: r-release-macos-arm64, r-release-macos-x86_64, r-oldrel-macos-arm64, r-oldrel-macos-x86_64