CRAN Package Check Results for Package b6e6rl

Last updated on 2019-05-24 13:48:14 CEST.

Flavor Version Tinstall Tcheck Ttotal Status Flags
r-devel-linux-x86_64-debian-clang 1.1 1.48 15.21 16.69 NOTE
r-devel-linux-x86_64-debian-gcc 1.1 1.48 14.51 15.99 NOTE
r-devel-linux-x86_64-fedora-clang 1.1 18.11 NOTE
r-devel-linux-x86_64-fedora-gcc 1.1 17.96 NOTE
r-devel-windows-ix86+x86_64 1.1 13.00 34.00 47.00 NOTE
r-patched-linux-x86_64 1.1 1.58 15.55 17.13 NOTE
r-patched-solaris-x86 1.1 33.90 NOTE
r-release-linux-x86_64 1.1 1.51 15.35 16.86 NOTE
r-release-windows-ix86+x86_64 1.1 6.00 25.00 31.00 NOTE
r-release-osx-x86_64 1.1 NOTE
r-oldrel-windows-ix86+x86_64 1.1 3.00 27.00 30.00 NOTE
r-oldrel-osx-x86_64 1.1 NOTE

Check Details

Version: 1.1
Check: R code for possible problems
Result: NOTE
    CRexp_set: no visible global function definition for 'runif'
    b6e6rl: no visible global function definition for 'runif'
    derand_RL: no visible global function definition for 'runif'
    derandexp_RL: no visible global function definition for 'runif'
    nahvyb_expt: no visible global function definition for 'runif'
    roulete: no visible global function definition for 'runif'
    Undefined global functions or variables:
     runif
    Consider adding
     importFrom("stats", "runif")
    to your NAMESPACE file.
Flavors: r-devel-linux-x86_64-debian-clang, r-devel-linux-x86_64-debian-gcc, r-devel-linux-x86_64-fedora-clang, r-devel-linux-x86_64-fedora-gcc, r-devel-windows-ix86+x86_64, r-patched-linux-x86_64, r-patched-solaris-x86, r-release-linux-x86_64, r-release-windows-ix86+x86_64, r-release-osx-x86_64, r-oldrel-windows-ix86+x86_64, r-oldrel-osx-x86_64