CRAN Package Check Results for Package bRacatus

Last updated on 2020-11-27 09:50:20 CET.

Flavor Version Tinstall Tcheck Ttotal Status Flags
r-devel-linux-x86_64-debian-clang 1.0.0 17.65 363.57 381.22 OK
r-devel-linux-x86_64-debian-gcc 1.0.0 14.94 274.24 289.18 OK
r-devel-linux-x86_64-fedora-clang 1.0.0 452.35 NOTE
r-devel-linux-x86_64-fedora-gcc 1.0.0 457.08 NOTE
r-devel-windows-ix86+x86_64 1.0.0 48.00 423.00 471.00 OK
r-patched-linux-x86_64 1.0.0 16.72 146.81 163.53 ERROR
r-patched-solaris-x86 1.0.0 658.80 NOTE
r-release-linux-x86_64 1.0.0 17.75 347.49 365.24 OK
r-release-macos-x86_64 1.0.0 NOTE
r-release-windows-ix86+x86_64 1.0.0 52.00 473.00 525.00 OK
r-oldrel-macos-x86_64 1.0.0 NOTE
r-oldrel-windows-ix86+x86_64 1.0.0 40.00 436.00 476.00 OK

Check Details

Version: 1.0.0
Check: dependencies in R code
Result: NOTE
    Namespace in Imports field not imported from: ‘testthat’
     All declared Imports should be used.
Flavors: r-devel-linux-x86_64-fedora-clang, r-devel-linux-x86_64-fedora-gcc, r-patched-solaris-x86, r-release-macos-x86_64, r-oldrel-macos-x86_64

Version: 1.0.0
Check: data for non-ASCII characters
Result: NOTE
     Note: found 2469 marked UTF-8 strings
Flavors: r-devel-linux-x86_64-fedora-clang, r-devel-linux-x86_64-fedora-gcc, r-patched-solaris-x86, r-release-macos-x86_64, r-oldrel-macos-x86_64

Version: 1.0.0
Check: examples
Result: ERROR
    Running examples in ‘bRacatus-Ex.R’ failed
    The error most likely occurred in:
    
    > base::assign(".ptime", proc.time(), pos = "CheckExEnv")
    > ### Name: getOcc
    > ### Title: getOcc
    > ### Aliases: getOcc
    >
    > ### ** Examples
    >
    > sps_occurrence <- getOcc("Hemitriccus mirandae")
    Error: 500 - Server error
    Execution halted
Flavor: r-patched-linux-x86_64

Version: 1.0.0
Check: re-building of vignette outputs
Result: WARN
    Error(s) in re-building vignettes:
     ...
    --- re-building ‘Using_bRacatus.Rmd’ using rmarkdown
    Quitting from lines 49-51 (Using_bRacatus.Rmd)
    Error: processing vignette 'Using_bRacatus.Rmd' failed with diagnostics:
    500 - Server error
    --- failed re-building ‘Using_bRacatus.Rmd’
    
    SUMMARY: processing the following file failed:
     ‘Using_bRacatus.Rmd’
    
    Error: Vignette re-building failed.
    Execution halted
Flavor: r-patched-linux-x86_64