CRAN Package Check Results for Package bReeze

Last updated on 2015-04-18 21:48:56.

Flavor Version Tinstall Tcheck Ttotal Status Flags
r-devel-linux-x86_64-debian-clang 0.4-0 1.18 26.96 28.14 NOTE
r-devel-linux-x86_64-debian-gcc 0.4-0 1.55 26.25 27.80 NOTE
r-devel-linux-x86_64-fedora-clang 0.4-0 53.56 NOTE
r-devel-linux-x86_64-fedora-gcc 0.4-0 48.14 NOTE
r-devel-osx-x86_64-clang 0.4-0 48.00 NOTE
r-patched-linux-x86_64 0.4-0 1.14 27.65 28.79 NOTE
r-patched-solaris-sparc 0.4-0 340.40 NOTE
r-patched-solaris-x86 0.4-0 62.80 NOTE
r-release-linux-x86_64 0.4-0 1.25 26.76 28.02 NOTE
r-release-osx-x86_64-mavericks 0.4-0 NOTE
r-release-osx-x86_64-snowleopard 0.4-0 NOTE
r-release-windows-ix86+x86_64 0.4-0 3.00 51.00 54.00 NOTE
r-oldrel-windows-ix86+x86_64 0.4-0 4.00 52.00 56.00 OK

Check Details

Version: 0.4-0
Check: dependencies in R code
Result: NOTE
    'library' or 'require' call to ‘RColorBrewer’ in package code.
     Please use :: or requireNamespace() instead.
     See section 'Suggested packages' in the 'Writing R Extensions' manual.
Flavors: r-devel-linux-x86_64-debian-clang, r-devel-linux-x86_64-debian-gcc, r-devel-linux-x86_64-fedora-clang, r-devel-linux-x86_64-fedora-gcc, r-devel-osx-x86_64-clang, r-patched-linux-x86_64, r-patched-solaris-sparc, r-patched-solaris-x86, r-release-linux-x86_64, r-release-osx-x86_64-mavericks, r-release-osx-x86_64-snowleopard, r-release-windows-ix86+x86_64

Version: 0.4-0
Check: package dependencies
Result: NOTE
    Package suggested but not available for checking: ‘XML’
Flavor: r-release-osx-x86_64-snowleopard