CRAN Package Check Results for Package bReeze

Last updated on 2015-03-30 17:48:58.

Flavor Version Tinstall Tcheck Ttotal Status Flags
r-devel-linux-x86_64-debian-clang 0.4-0 1.14 29.43 30.58 NOTE
r-devel-linux-x86_64-debian-gcc 0.4-0 1.17 26.27 27.44 NOTE
r-devel-linux-x86_64-fedora-clang 0.4-0 52.24 NOTE
r-devel-linux-x86_64-fedora-gcc 0.4-0 47.64 NOTE
r-devel-osx-x86_64-clang 0.4-0 53.85 NOTE
r-prerel-windows-ix86+x86_64 0.4-0 5.00 39.00 44.00 NOTE
r-prerel-linux-x86_64 0.4-0 1.24 27.20 28.44 NOTE
r-prerel-solaris-sparc 0.4-0 340.40 NOTE
r-prerel-solaris-x86 0.4-0 61.50 NOTE
r-release-linux-x86_64 0.4-0 1.21 30.01 31.22 NOTE
r-release-osx-x86_64-mavericks 0.4-0 OK
r-release-osx-x86_64-snowleopard 0.4-0 OK
r-release-windows-ix86+x86_64 0.4-0 5.00 42.00 47.00 NOTE
r-oldrel-windows-ix86+x86_64 0.4-0 5.00 36.00 41.00 OK

Check Details

Version: 0.4-0
Check: dependencies in R code
Result: NOTE
    'library' or 'require' call to ‘RColorBrewer’ in package code.
     Please use :: or requireNamespace() instead.
     See section 'Suggested packages' in the 'Writing R Extensions' manual.
Flavors: r-devel-linux-x86_64-debian-clang, r-devel-linux-x86_64-debian-gcc, r-devel-linux-x86_64-fedora-clang, r-devel-linux-x86_64-fedora-gcc, r-devel-osx-x86_64-clang, r-prerel-windows-ix86+x86_64, r-prerel-linux-x86_64, r-prerel-solaris-sparc, r-prerel-solaris-x86, r-release-linux-x86_64, r-release-windows-ix86+x86_64