CRAN Package Check Results for Package bReeze

Last updated on 2014-04-24 07:52:24.

Flavor Version Tinstall Tcheck Ttotal Status Flags
r-devel-linux-x86_64-debian-clang 0.3-1 1.43 31.72 33.15 OK
r-devel-linux-x86_64-debian-gcc 0.3-1 1.36 32.00 33.36 OK
r-devel-linux-x86_64-fedora-clang 0.3-1 65.02 OK
r-devel-linux-x86_64-fedora-gcc 0.3-1 59.73 OK
r-devel-osx-x86_64-clang 0.3-1 49.25 OK
r-devel-osx-x86_64-gcc 0.3-1 NOTE
r-devel-windows-ix86+x86_64 0.3-1 5.00 43.00 48.00 OK
r-patched-linux-x86_64 0.3-1 1.35 33.40 34.75 OK
r-patched-solaris-sparc 0.3-1 335.80 OK
r-patched-solaris-x86 0.3-1 73.00 OK
r-release-linux-ix86 0.3-1 3.00 53.00 56.00 OK
r-release-linux-x86_64 0.3-1 1.37 32.60 33.97 OK
r-release-osx-x86_64-mavericks 0.3-1 WARN
r-release-osx-x86_64-snowleopard 0.3-1 OK
r-release-windows-ix86+x86_64 0.3-1 4.00 42.00 46.00 OK
r-oldrel-windows-ix86+x86_64 0.3-1 4.00 46.00 50.00 OK

Check Details

Version: 0.3-1
Check: package dependencies
Result: NOTE
    Package suggested but not available for checking: ‘XML’
Flavor: r-devel-osx-x86_64-gcc

Version: 0.3-1
Check: R code for possible problems
Result: NOTE
    readPC: no visible global function definition for ‘xmlTreeParse’
    readPC: no visible global function definition for ‘xmlAttrs’
    readPC: no visible global function definition for ‘xmlRoot’
Flavor: r-devel-osx-x86_64-gcc

Version: 0.3-1
Check: PDF version of manual
Result: WARNING
    LaTeX errors when creating PDF version.
    This typically indicates Rd problems.
    LaTeX errors found:
    ! LaTeX Error: File `upquote.sty' not found.
    
    Type X to quit or <RETURN> to proceed,
    or enter new name. (Default extension: sty)
    
    8b0e035/Rd2.tex:8: ==> Fatal error occurred, no output PDF file produced!
Flavor: r-release-osx-x86_64-mavericks