CRAN Package Check Results for Package bReeze

Last updated on 2015-01-29 12:47:58.

Flavor Version Tinstall Tcheck Ttotal Status Flags
r-devel-linux-x86_64-debian-clang 0.4-0 1.18 29.22 30.40 NOTE
r-devel-linux-x86_64-debian-gcc 0.4-0 1.13 26.74 27.88 NOTE
r-devel-linux-x86_64-fedora-clang 0.4-0 57.91 NOTE
r-devel-linux-x86_64-fedora-gcc 0.4-0 53.83 NOTE
r-devel-osx-x86_64-clang 0.4-0 52.35 NOTE
r-devel-windows-ix86+x86_64 0.4-0 8.00 40.00 48.00 NOTE
r-patched-linux-x86_64 0.4-0 1.23 28.62 29.85 OK
r-patched-solaris-sparc 0.4-0 348.40 OK
r-patched-solaris-x86 0.4-0 69.00 OK
r-release-linux-ix86 0.4-0 1.68 36.03 37.71 OK
r-release-linux-x86_64 0.4-0 1.24 28.35 29.59 OK
r-release-osx-x86_64-mavericks 0.4-0 OK
r-release-osx-x86_64-snowleopard 0.4-0 OK
r-release-windows-ix86+x86_64 0.4-0 6.00 43.00 49.00 OK
r-oldrel-windows-ix86+x86_64 0.4-0 5.00 44.00 49.00 OK

Check Details

Version: 0.4-0
Check: dependencies in R code
Result: NOTE
    'library' or 'require' call to ‘RColorBrewer’ in package code.
     Please use :: or requireNamespace() instead.
     See section 'Suggested packages' in the 'Writing R Extensions' manual.
Flavors: r-devel-linux-x86_64-debian-clang, r-devel-linux-x86_64-debian-gcc, r-devel-linux-x86_64-fedora-clang, r-devel-linux-x86_64-fedora-gcc, r-devel-osx-x86_64-clang, r-devel-windows-ix86+x86_64