CRAN Package Check Results for Package bReeze

Last updated on 2014-08-27 11:50:47.

Flavor Version Tinstall Tcheck Ttotal Status Flags
r-devel-linux-x86_64-debian-clang 0.3-2 1.44 28.50 29.95 NOTE
r-devel-linux-x86_64-debian-gcc 0.3-2 1.40 28.25 29.65 NOTE
r-devel-linux-x86_64-fedora-clang 0.3-2 58.36 NOTE
r-devel-linux-x86_64-fedora-gcc 0.3-2 56.63 NOTE
r-devel-osx-x86_64-clang 0.3-2 49.51 NOTE
r-devel-windows-ix86+x86_64 0.3-2 4.00 42.00 46.00 NOTE
r-patched-linux-x86_64 0.3-2 1.32 29.82 31.14 OK
r-patched-solaris-sparc 0.3-2 363.70 OK
r-patched-solaris-x86 0.3-2 70.30 OK
r-release-linux-ix86 0.3-2 1.80 38.53 40.33 OK
r-release-linux-x86_64 0.3-2 1.35 30.60 31.95 OK
r-release-osx-x86_64-mavericks 0.3-2 OK
r-release-osx-x86_64-snowleopard 0.3-2 OK
r-release-windows-ix86+x86_64 0.3-2 4.00 41.00 45.00 OK
r-oldrel-windows-ix86+x86_64 0.3-2 5.00 42.00 47.00 OK

Check Details

Version: 0.3-2
Check: R code for possible problems
Result: NOTE
    plotMap: no visible global function definition for ‘GetMap’
    plotMap: no visible global function definition for ‘PlotOnStaticMap’
    plotMap: no visible global function definition for ‘TextOnStaticMap’
    readPC: no visible global function definition for ‘xmlTreeParse’
    readPC: no visible global function definition for ‘xmlAttrs’
    readPC: no visible global function definition for ‘xmlRoot’
Flavors: r-devel-linux-x86_64-debian-clang, r-devel-linux-x86_64-debian-gcc, r-devel-linux-x86_64-fedora-clang, r-devel-linux-x86_64-fedora-gcc, r-devel-osx-x86_64-clang, r-devel-windows-ix86+x86_64