CRAN Package Check Results for Package bReeze

Last updated on 2015-05-30 21:46:27.

Flavor Version Tinstall Tcheck Ttotal Status Flags
r-devel-linux-x86_64-debian-clang 0.4-0 1.15 26.79 27.94 NOTE
r-devel-linux-x86_64-debian-gcc 0.4-0 1.13 26.11 27.24 NOTE
r-devel-linux-x86_64-fedora-clang 0.4-0 50.68 NOTE
r-devel-linux-x86_64-fedora-gcc 0.4-0 47.49 NOTE
r-devel-osx-x86_64-clang 0.4-0 47.78 NOTE
r-devel-windows-ix86+x86_64 0.4-0 6.00 39.00 45.00 NOTE
r-patched-linux-x86_64 0.4-0 1.15 28.39 29.54 NOTE
r-patched-solaris-sparc 0.4-0 310.80 NOTE
r-patched-solaris-x86 0.4-0 62.60 NOTE
r-release-linux-x86_64 0.4-0 1.19 27.03 28.22 NOTE
r-release-osx-x86_64-mavericks 0.4-0 NOTE
r-release-osx-x86_64-snowleopard 0.4-0 NOTE
r-release-windows-ix86+x86_64 0.4-0 5.00 36.00 41.00 NOTE
r-oldrel-windows-ix86+x86_64 0.4-0 5.00 56.00 61.00 NOTE

Check Details

Version: 0.4-0
Check: dependencies in R code
Result: NOTE
    'library' or 'require' call to ‘RColorBrewer’ in package code.
     Please use :: or requireNamespace() instead.
     See section 'Suggested packages' in the 'Writing R Extensions' manual.
Flavors: r-devel-linux-x86_64-debian-clang, r-devel-linux-x86_64-debian-gcc, r-devel-linux-x86_64-fedora-clang, r-devel-linux-x86_64-fedora-gcc, r-devel-osx-x86_64-clang, r-devel-windows-ix86+x86_64, r-patched-linux-x86_64, r-patched-solaris-sparc, r-patched-solaris-x86, r-release-linux-x86_64, r-release-osx-x86_64-mavericks, r-release-osx-x86_64-snowleopard, r-release-windows-ix86+x86_64, r-oldrel-windows-ix86+x86_64

Version: 0.4-0
Check: package dependencies
Result: NOTE
    Package suggested but not available for checking: ‘XML’
Flavor: r-release-osx-x86_64-snowleopard