CRAN Package Check Results for Package bReeze

Last updated on 2015-02-27 04:46:42.

Flavor Version Tinstall Tcheck Ttotal Status Flags
r-devel-linux-x86_64-debian-clang 0.4-0 1.18 26.95 28.13 NOTE
r-devel-linux-x86_64-debian-gcc 0.4-0 1.14 26.11 27.26 NOTE
r-devel-linux-x86_64-fedora-clang 0.4-0 52.27 NOTE
r-devel-linux-x86_64-fedora-gcc 0.4-0 47.86 NOTE
r-devel-osx-x86_64-clang 0.4-0 50.40 NOTE
r-devel-windows-ix86+x86_64 0.4-0 7.00 41.00 48.00 NOTE
r-patched-linux-x86_64 0.4-0 1.22 28.58 29.80 NOTE
r-patched-solaris-sparc 0.4-0 357.60 NOTE
r-patched-solaris-x86 0.4-0 68.00 NOTE
r-release-linux-ix86 0.4-0 1.70 37.08 38.78 OK
r-release-linux-x86_64 0.4-0 1.20 29.26 30.46 OK
r-release-osx-x86_64-mavericks 0.4-0 OK
r-release-osx-x86_64-snowleopard 0.4-0 OK
r-release-windows-ix86+x86_64 0.4-0 6.00 42.00 48.00 OK
r-oldrel-windows-ix86+x86_64 0.4-0 5.00 65.00 70.00 OK

Check Details

Version: 0.4-0
Check: dependencies in R code
Result: NOTE
    'library' or 'require' call to ‘RColorBrewer’ in package code.
     Please use :: or requireNamespace() instead.
     See section 'Suggested packages' in the 'Writing R Extensions' manual.
Flavors: r-devel-linux-x86_64-debian-clang, r-devel-linux-x86_64-debian-gcc, r-devel-linux-x86_64-fedora-clang, r-devel-linux-x86_64-fedora-gcc, r-devel-osx-x86_64-clang, r-devel-windows-ix86+x86_64, r-patched-linux-x86_64, r-patched-solaris-sparc, r-patched-solaris-x86