CRAN Package Check Results for Package babel

Last updated on 2020-08-09 19:47:33 CEST.

Flavor Version Tinstall Tcheck Ttotal Status Flags
r-devel-linux-x86_64-debian-clang 0.3-0 5.07 237.97 243.04 OK
r-devel-linux-x86_64-debian-gcc 0.3-0 3.74 173.38 177.12 OK
r-devel-linux-x86_64-fedora-clang 0.3-0 288.41 OK
r-devel-linux-x86_64-fedora-gcc 0.3-0 293.56 OK
r-devel-windows-ix86+x86_64 0.3-0 15.00 96.00 111.00 OK --no-vignettes
r-patched-linux-x86_64 0.3-0 4.57 229.58 234.15 OK
r-patched-solaris-x86 0.3-0 116.90 OK --no-vignettes
r-release-linux-x86_64 0.3-0 4.62 229.96 234.58 OK
r-release-macos-x86_64 0.3-0 OK
r-release-windows-ix86+x86_64 0.3-0 15.00 71.00 86.00 OK --no-vignettes
r-oldrel-macos-x86_64 0.3-0 WARN
r-oldrel-windows-ix86+x86_64 0.3-0 9.00 87.00 96.00 OK --no-vignettes

Check Details

Version: 0.3-0
Check: whether package can be installed
Result: WARN
    Found the following significant warnings:
     Warning: package ‘edgeR’ was built under R version 3.6.1
Flavor: r-oldrel-macos-x86_64