CRAN Package Check Results for Package babel

Last updated on 2019-05-25 05:46:34 CEST.

Flavor Version Tinstall Tcheck Ttotal Status Flags
r-devel-linux-x86_64-debian-clang 0.3-0 4.01 235.92 239.93 OK
r-devel-linux-x86_64-debian-gcc 0.3-0 3.15 183.51 186.66 OK
r-devel-linux-x86_64-fedora-clang 0.3-0 308.54 OK
r-devel-linux-x86_64-fedora-gcc 0.3-0 259.65 OK
r-devel-windows-ix86+x86_64 0.3-0 8.00 88.00 96.00 OK --no-vignettes
r-patched-linux-x86_64 0.3-0 OK
r-patched-solaris-x86 0.3-0 110.00 OK --no-vignettes
r-release-linux-x86_64 0.3-0 3.05 236.44 239.49 OK
r-release-windows-ix86+x86_64 0.3-0 10.00 72.00 82.00 OK --no-vignettes
r-release-osx-x86_64 0.3-0 ERROR
r-oldrel-windows-ix86+x86_64 0.3-0 6.00 63.00 69.00 OK --no-vignettes
r-oldrel-osx-x86_64 0.3-0 OK

Check Details

Version: 0.3-0
Check: package dependencies
Result: ERROR
    Package required but not available: ‘edgeR’
    
    See section ‘The DESCRIPTION file’ in the ‘Writing R Extensions’
    manual.
Flavor: r-release-osx-x86_64