CRAN Package Check Results for Package babelwhale

Last updated on 2024-06-14 05:00:08 CEST.

Flavor Version Tinstall Tcheck Ttotal Status Flags
r-devel-linux-x86_64-debian-clang 1.2.0 12.23 95.71 107.94 OK
r-devel-linux-x86_64-debian-gcc 1.2.0 0.40 1.63 2.03 ERROR
r-devel-linux-x86_64-fedora-clang 1.2.0 138.91 OK
r-devel-linux-x86_64-fedora-gcc 1.2.0 126.56 OK
r-devel-windows-x86_64 1.2.0 11.00 84.00 95.00 OK
r-patched-linux-x86_64 1.2.0 9.89 91.90 101.79 OK
r-release-linux-x86_64 1.2.0 10.19 88.97 99.16 OK
r-release-macos-arm64 1.2.0 39.00 OK
r-release-macos-x86_64 1.2.0 63.00 OK
r-release-windows-x86_64 1.2.0 10.00 80.00 90.00 OK
r-oldrel-macos-arm64 1.2.0 42.00 OK
r-oldrel-macos-x86_64 1.2.0 88.00 OK
r-oldrel-windows-x86_64 1.2.0 13.00 108.00 121.00 OK

Check Details

Version: 1.2.0
Check: package dependencies
Result: ERROR Packages required but not available: 'dplyr', 'dynutils', 'purrr' Package suggested but not available for checking: ‘testthat’ See section ‘The DESCRIPTION file’ in the ‘Writing R Extensions’ manual. Flavor: r-devel-linux-x86_64-debian-gcc