CRAN Package Check Results for Package babynames

Last updated on 2021-10-18 00:48:06 CEST.

Flavor Version Tinstall Tcheck Ttotal Status Flags
r-devel-linux-x86_64-debian-clang 1.0.1 37.84 47.43 85.27 OK
r-devel-linux-x86_64-debian-gcc 1.0.1 38.15 38.56 76.71 OK
r-devel-linux-x86_64-fedora-clang 1.0.1 124.14 NOTE
r-devel-linux-x86_64-fedora-gcc 1.0.1 112.88 OK
r-devel-windows-x86_64 1.0.1 56.00 66.00 122.00 NOTE
r-devel-windows-x86_64-gcc10-UCRT 1.0.1 OK
r-patched-linux-x86_64 1.0.1 40.77 45.97 86.74 OK
r-patched-solaris-x86 1.0.1 235.00 NOTE
r-release-linux-x86_64 1.0.1 39.22 46.58 85.80 OK
r-release-macos-arm64 1.0.1 NOTE
r-release-macos-x86_64 1.0.1 NOTE
r-release-windows-ix86+x86_64 1.0.1 44.00 68.00 112.00 NOTE
r-oldrel-macos-x86_64 1.0.1 NOTE
r-oldrel-windows-ix86+x86_64 1.0.1 60.00 69.00 129.00 NOTE

Check Details

Version: 1.0.1
Check: installed package size
Result: NOTE
     installed size is 5.4Mb
     sub-directories of 1Mb or more:
     data 5.3Mb
Flavors: r-devel-linux-x86_64-fedora-clang, r-devel-windows-x86_64, r-patched-solaris-x86, r-release-macos-arm64, r-release-macos-x86_64, r-release-windows-ix86+x86_64, r-oldrel-macos-x86_64, r-oldrel-windows-ix86+x86_64