CRAN Package Check Results for Package babynamesIL

Last updated on 2024-06-13 19:48:20 CEST.

Flavor Version Tinstall Tcheck Ttotal Status Flags
r-devel-linux-x86_64-debian-clang 0.0.2 6.33 37.41 43.74 OK
r-devel-linux-x86_64-debian-gcc 0.0.2 0.31 1.52 1.83 ERROR
r-devel-linux-x86_64-fedora-clang 0.0.2 59.85 NOTE
r-devel-linux-x86_64-fedora-gcc 0.0.2 54.73 NOTE
r-devel-windows-x86_64 0.0.2 6.00 50.00 56.00 OK
r-patched-linux-x86_64 0.0.2 7.13 36.39 43.52 OK
r-release-linux-x86_64 0.0.2 7.58 36.08 43.66 OK
r-release-macos-arm64 0.0.2 23.00 OK
r-release-macos-x86_64 0.0.2 32.00 OK
r-release-windows-x86_64 0.0.2 7.00 45.00 52.00 OK
r-oldrel-macos-arm64 0.0.2 26.00 OK
r-oldrel-macos-x86_64 0.0.2 38.00 OK
r-oldrel-windows-x86_64 0.0.2 9.00 57.00 66.00 OK

Check Details

Version: 0.0.2
Check: package dependencies
Result: ERROR Package required but not available: ‘tibble’ Packages suggested but not available for checking: 'testthat', 'dplyr' See section ‘The DESCRIPTION file’ in the ‘Writing R Extensions’ manual. Flavor: r-devel-linux-x86_64-debian-gcc

Version: 0.0.2
Check: data for non-ASCII characters
Result: NOTE Note: found 135648 marked UTF-8 strings Flavors: r-devel-linux-x86_64-fedora-clang, r-devel-linux-x86_64-fedora-gcc