CRAN Package Check Results for Package backShift

Last updated on 2022-07-04 13:50:23 CEST.

Flavor Version Tinstall Tcheck Ttotal Status Flags
r-devel-linux-x86_64-debian-clang 0.1.4.3 9.09 157.77 166.86 OK
r-devel-linux-x86_64-debian-gcc 0.1.4.3 6.33 110.80 117.13 OK
r-devel-linux-x86_64-fedora-clang 0.1.4.3 198.02 NOTE
r-devel-linux-x86_64-fedora-gcc 0.1.4.3 197.88 OK
r-devel-windows-x86_64 0.1.4.3 16.00 185.00 201.00 OK
r-patched-linux-x86_64 0.1.4.3 6.83 142.61 149.44 OK
r-release-linux-x86_64 0.1.4.3 8.48 142.56 151.04 OK
r-release-macos-arm64 0.1.4.3 69.00 NOTE
r-release-macos-x86_64 0.1.4.3 76.00 OK
r-release-windows-x86_64 0.1.4.3 28.00 188.00 216.00 OK
r-oldrel-macos-arm64 0.1.4.3 82.00 NOTE
r-oldrel-macos-x86_64 0.1.4.3 116.00 OK
r-oldrel-windows-ix86+x86_64 0.1.4.3 25.00 268.00 293.00 OK

Check Details

Version: 0.1.4.3
Check: Rd cross-references
Result: NOTE
    Undeclared packages ‘InvariantCausalPrediction’, ‘CompareCausalNetworks’ in Rd xrefs
Flavor: r-devel-linux-x86_64-fedora-clang

Version: 0.1.4.3
Check: package dependencies
Result: NOTE
    Package suggested but not available for checking: ‘pcalg’
Flavors: r-release-macos-arm64, r-oldrel-macos-arm64

Version: 0.1.4.3
Check: Rd cross-references
Result: NOTE
    Package unavailable to check Rd xrefs: ‘pcalg’
Flavors: r-release-macos-arm64, r-oldrel-macos-arm64