CRAN Package Check Results for Package backports

Last updated on 2022-10-07 17:51:54 CEST.

Flavor Version Tinstall Tcheck Ttotal Status Flags
r-devel-linux-x86_64-debian-clang 1.4.1 3.85 39.09 42.94 OK
r-devel-linux-x86_64-debian-gcc 1.4.1 2.11 30.37 32.48 NOTE
r-devel-linux-x86_64-fedora-clang 1.4.1 66.64 OK
r-devel-linux-x86_64-fedora-gcc 1.4.1 64.92 OK
r-devel-windows-x86_64 1.4.1 35.00 84.00 119.00 OK
r-patched-linux-x86_64 1.4.1 4.13 37.07 41.20 OK
r-release-linux-x86_64 1.4.1 3.53 36.38 39.91 OK
r-release-macos-arm64 1.4.1 22.00 OK
r-release-macos-x86_64 1.4.1 34.00 OK
r-release-windows-x86_64 1.4.1 12.00 72.00 84.00 OK
r-oldrel-macos-arm64 1.4.1 20.00 OK
r-oldrel-macos-x86_64 1.4.1 44.00 OK
r-oldrel-windows-ix86+x86_64 1.4.1 11.00 77.00 88.00 OK

Check Details

Version: 1.4.1
Check: compilation flags used
Result: NOTE
    Compilation used the following non-portable flag(s):
     ‘-Wstrict-prototypes’
Flavor: r-devel-linux-x86_64-debian-gcc