CRAN Package Check Results for Package backtest

Last updated on 2015-04-26 12:46:24.

Flavor Version Tinstall Tcheck Ttotal Status Flags
r-devel-linux-x86_64-debian-clang 0.3-2 0.97 29.77 30.74 NOTE
r-devel-linux-x86_64-debian-gcc 0.3-2 0.94 29.48 30.42 NOTE
r-devel-linux-x86_64-fedora-clang 0.3-2 62.71 NOTE
r-devel-linux-x86_64-fedora-gcc 0.3-2 60.08 NOTE
r-devel-osx-x86_64-clang 0.3-2 60.72 NOTE
r-devel-windows-ix86+x86_64 0.3-2 12.00 57.00 69.00 NOTE
r-patched-linux-x86_64 0.3-2 0.92 29.80 30.72 NOTE
r-patched-solaris-sparc 0.3-2 400.70 NOTE
r-patched-solaris-x86 0.3-2 83.60 NOTE
r-release-linux-x86_64 0.3-2 0.93 29.21 30.14 NOTE
r-release-osx-x86_64-mavericks 0.3-2 NOTE
r-release-osx-x86_64-snowleopard 0.3-2 NOTE
r-release-windows-ix86+x86_64 0.3-2 13.00 53.00 66.00 NOTE
r-oldrel-windows-ix86+x86_64 0.3-2 14.00 60.00 74.00 NOTE

Check Details

Version: 0.3-2
Check: dependencies in R code
Result: NOTE
    Packages in Depends field not imported from:
     ‘grid’ ‘lattice’ ‘methods’
     These packages need to be imported from (in the NAMESPACE file)
     for when this namespace is loaded but not attached.
Flavors: r-devel-linux-x86_64-fedora-clang, r-devel-linux-x86_64-fedora-gcc, r-devel-osx-x86_64-clang, r-devel-windows-ix86+x86_64, r-patched-solaris-sparc, r-patched-solaris-x86, r-release-osx-x86_64-mavericks, r-release-windows-ix86+x86_64, r-oldrel-windows-ix86+x86_64

Version: 0.3-2
Check: R code for possible problems
Result: NOTE
    .plot.cumreturn: no visible global function definition for ‘xyplot’
    .plot.cumreturn.split : top.panel: no visible global function
     definition for ‘pushViewport’
    .plot.cumreturn.split : top.panel: no visible global function
     definition for ‘viewport’
    .plot.cumreturn.split : top.panel: no visible global function
     definition for ‘grid.text’
    .plot.cumreturn.split : top.panel: no visible global function
     definition for ‘gpar’
    .plot.cumreturn.split : top.panel: no visible global function
     definition for ‘popViewport’
    .plot.cumreturn.split : top.panel: no visible global function
     definition for ‘panel.xyplot’
    .plot.cumreturn.split : top.panel: no visible global function
     definition for ‘panel.lines’
    .plot.cumreturn.split: no visible global function definition for
     ‘xyplot’
    .plot.cumreturn.split : bottom.panel: no visible global function
     definition for ‘panel.superpose’
    .plot.return: no visible global function definition for ‘barchart’
    .plot.turnover: no visible global function definition for ‘xyplot’
Flavors: r-devel-linux-x86_64-fedora-clang, r-devel-linux-x86_64-fedora-gcc, r-devel-osx-x86_64-clang, r-devel-windows-ix86+x86_64, r-patched-solaris-sparc, r-patched-solaris-x86, r-release-osx-x86_64-mavericks, r-release-windows-ix86+x86_64, r-oldrel-windows-ix86+x86_64