CRAN Package Check Results for Package backtest

Last updated on 2015-03-05 19:47:47.

Flavor Version Tinstall Tcheck Ttotal Status Flags
r-devel-linux-x86_64-debian-clang 0.3-2 1.12 30.15 31.28 NOTE
r-devel-linux-x86_64-debian-gcc 0.3-2 1.01 29.19 30.20 NOTE
r-devel-linux-x86_64-fedora-clang 0.3-2 59.50 NOTE
r-devel-linux-x86_64-fedora-gcc 0.3-2 56.41 NOTE
r-devel-osx-x86_64-clang 0.3-2 62.16 NOTE
r-devel-windows-ix86+x86_64 0.3-2 16.00 56.00 72.00 NOTE
r-patched-linux-x86_64 0.3-2 1.06 32.34 33.40 NOTE
r-patched-solaris-sparc 0.3-2 411.70 NOTE
r-patched-solaris-x86 0.3-2 91.60 NOTE
r-release-linux-ix86 0.3-2 1.62 43.15 44.77 NOTE
r-release-linux-x86_64 0.3-2 1.05 32.46 33.51 NOTE
r-release-osx-x86_64-mavericks 0.3-2 NOTE
r-release-windows-ix86+x86_64 0.3-2 14.00 65.00 79.00 NOTE
r-oldrel-windows-ix86+x86_64 0.3-2 16.00 81.00 97.00 NOTE

Check Details

Version: 0.3-2
Check: dependencies in R code
Result: NOTE
    Packages in Depends field not imported from:
     ‘grid’ ‘lattice’ ‘methods’
     These packages need to be imported from (in the NAMESPACE file)
     for when this namespace is loaded but not attached.
Flavors: r-devel-linux-x86_64-debian-clang, r-devel-linux-x86_64-debian-gcc, r-devel-linux-x86_64-fedora-clang, r-devel-linux-x86_64-fedora-gcc, r-devel-osx-x86_64-clang, r-devel-windows-ix86+x86_64, r-patched-linux-x86_64, r-patched-solaris-sparc, r-patched-solaris-x86

Version: 0.3-2
Check: R code for possible problems
Result: NOTE
    .plot.cumreturn: no visible global function definition for ‘xyplot’
    .plot.cumreturn.split : top.panel: no visible global function
     definition for ‘pushViewport’
    .plot.cumreturn.split : top.panel: no visible global function
     definition for ‘viewport’
    .plot.cumreturn.split : top.panel: no visible global function
     definition for ‘grid.text’
    .plot.cumreturn.split : top.panel: no visible global function
     definition for ‘gpar’
    .plot.cumreturn.split : top.panel: no visible global function
     definition for ‘popViewport’
    .plot.cumreturn.split : top.panel: no visible global function
     definition for ‘panel.xyplot’
    .plot.cumreturn.split : top.panel: no visible global function
     definition for ‘panel.lines’
    .plot.cumreturn.split: no visible global function definition for
     ‘xyplot’
    .plot.cumreturn.split : bottom.panel: no visible global function
     definition for ‘panel.superpose’
    .plot.return: no visible global function definition for ‘barchart’
    .plot.turnover: no visible global function definition for ‘xyplot’
Flavors: r-devel-linux-x86_64-debian-clang, r-devel-linux-x86_64-debian-gcc, r-devel-linux-x86_64-fedora-clang, r-devel-linux-x86_64-fedora-gcc, r-devel-osx-x86_64-clang, r-devel-windows-ix86+x86_64, r-patched-linux-x86_64, r-patched-solaris-sparc, r-patched-solaris-x86, r-release-linux-ix86, r-release-linux-x86_64, r-release-osx-x86_64-mavericks, r-release-windows-ix86+x86_64

Version: 0.3-2
Check: dependencies in R code
Result: NOTE
    Packages in Depends field not imported from:
     ‘grid’ ‘lattice’ ‘methods’
     These packages need to be imported from (in the NAMESPACE file)
     for when this namespace is loaded but not attached.
    See the information on DESCRIPTION files in the chapter ‘Creating R
    packages’ of the ‘Writing R Extensions’ manual.
Flavors: r-release-linux-ix86, r-release-linux-x86_64, r-release-osx-x86_64-mavericks, r-release-windows-ix86+x86_64

Version: 0.3-2
Check: dependencies in R code
Result: NOTE
    Packages in Depends field not imported from:
     'lattice' 'methods'
     These packages need to be imported from (in the NAMESPACE file)
     for when this namespace is loaded but not attached.
    See the information on DESCRIPTION files in the chapter 'Creating R
    packages' of the 'Writing R Extensions' manual.
Flavor: r-oldrel-windows-ix86+x86_64