CRAN Package Check Results for Package backtest

Last updated on 2014-04-17 10:47:45.

Flavor Version Tinstall Tcheck Ttotal Status Flags
r-devel-linux-x86_64-debian-clang 0.3-2 1.29 33.32 34.61 NOTE
r-devel-linux-x86_64-debian-gcc 0.3-2 1.21 32.64 33.86 NOTE
r-devel-linux-x86_64-fedora-clang 0.3-2 71.14 NOTE
r-devel-linux-x86_64-fedora-gcc 0.3-2 67.83 NOTE
r-devel-macosx-x86_64-clang 0.3-2 66.50 NOTE
r-devel-macosx-x86_64-gcc 0.3-2 NOTE
r-devel-windows-ix86+x86_64 0.3-2 13.00 53.00 66.00 NOTE
r-patched-linux-x86_64 0.3-2 1.33 32.48 33.82 NOTE
r-patched-solaris-sparc 0.3-2 424.70 NOTE
r-patched-solaris-x86 0.3-2 91.80 NOTE
r-release-linux-ix86 0.3-2 3.00 57.00 60.00 NOTE
r-release-linux-x86_64 0.3-2 1.14 33.14 34.29 NOTE
r-release-windows-ix86+x86_64 0.3-2 13.00 57.00 70.00 NOTE
r-oldrel-windows-ix86+x86_64 0.3-2 15.00 52.00 67.00 NOTE

Check Details

Version: 0.3-2
Check: dependencies in R code
Result: NOTE
    Packages in Depends field not imported from:
     ‘lattice’ ‘methods’
     These packages need to be imported from (in the NAMESPACE file)
     for when this namespace is loaded but not attached.
    See the information on DESCRIPTION files in the chapter ‘Creating R
    packages’ of the ‘Writing R Extensions’ manual.
Flavors: r-devel-linux-x86_64-debian-clang, r-devel-linux-x86_64-debian-gcc, r-devel-linux-x86_64-fedora-clang, r-devel-linux-x86_64-fedora-gcc, r-devel-macosx-x86_64-clang, r-devel-macosx-x86_64-gcc, r-devel-windows-ix86+x86_64, r-patched-linux-x86_64, r-patched-solaris-sparc, r-patched-solaris-x86, r-release-linux-ix86, r-release-linux-x86_64, r-release-windows-ix86+x86_64, r-oldrel-windows-ix86+x86_64