CRAN Package Check Results for Package backtest

Last updated on 2014-09-16 01:48:06.

Flavor Version Tinstall Tcheck Ttotal Status Flags
r-devel-linux-x86_64-debian-clang 0.3-2 1.05 31.14 32.20 NOTE
r-devel-linux-x86_64-debian-gcc 0.3-2 0.99 30.56 31.55 NOTE
r-devel-linux-x86_64-fedora-clang 0.3-2 68.07 NOTE
r-devel-linux-x86_64-fedora-gcc 0.3-2 69.68 NOTE
r-devel-osx-x86_64-clang 0.3-2 63.32 NOTE
r-devel-windows-ix86+x86_64 0.3-2 14.00 55.00 69.00 NOTE
r-patched-linux-x86_64 0.3-2 1.08 31.55 32.63 NOTE
r-patched-solaris-sparc 0.3-2 414.70 NOTE
r-patched-solaris-x86 0.3-2 90.50 NOTE
r-release-linux-ix86 0.3-2 1.73 43.28 45.01 NOTE
r-release-linux-x86_64 0.3-2 1.14 32.89 34.04 NOTE
r-release-osx-x86_64-mavericks 0.3-2 NOTE
r-release-windows-ix86+x86_64 0.3-2 14.00 58.00 72.00 NOTE
r-oldrel-windows-ix86+x86_64 0.3-2 15.00 50.00 65.00 NOTE

Check Details

Version: 0.3-2
Check: dependencies in R code
Result: NOTE
    Packages in Depends field not imported from:
     ‘grid’ ‘lattice’ ‘methods’
     These packages need to be imported from (in the NAMESPACE file)
     for when this namespace is loaded but not attached.
    See the information on DESCRIPTION files in the chapter ‘Creating R
    packages’ of the ‘Writing R Extensions’ manual.
Flavors: r-devel-linux-x86_64-debian-clang, r-devel-linux-x86_64-debian-gcc, r-devel-linux-x86_64-fedora-clang, r-devel-linux-x86_64-fedora-gcc, r-devel-osx-x86_64-clang, r-devel-windows-ix86+x86_64, r-patched-linux-x86_64, r-patched-solaris-sparc, r-patched-solaris-x86

Version: 0.3-2
Check: R code for possible problems
Result: NOTE
    .plot.cumreturn: no visible global function definition for ‘xyplot’
    .plot.cumreturn.split : top.panel: no visible global function
     definition for ‘pushViewport’
    .plot.cumreturn.split : top.panel: no visible global function
     definition for ‘viewport’
    .plot.cumreturn.split : top.panel: no visible global function
     definition for ‘grid.text’
    .plot.cumreturn.split : top.panel: no visible global function
     definition for ‘gpar’
    .plot.cumreturn.split : top.panel: no visible global function
     definition for ‘popViewport’
    .plot.cumreturn.split : top.panel: no visible global function
     definition for ‘panel.xyplot’
    .plot.cumreturn.split : top.panel: no visible global function
     definition for ‘panel.lines’
    .plot.cumreturn.split: no visible global function definition for
     ‘xyplot’
    .plot.cumreturn.split : bottom.panel: no visible global function
     definition for ‘panel.superpose’
    .plot.return: no visible global function definition for ‘barchart’
    .plot.turnover: no visible global function definition for ‘xyplot’
Flavors: r-devel-linux-x86_64-debian-clang, r-devel-linux-x86_64-debian-gcc, r-devel-linux-x86_64-fedora-clang, r-devel-linux-x86_64-fedora-gcc, r-devel-osx-x86_64-clang, r-devel-windows-ix86+x86_64

Version: 0.3-2
Check: dependencies in R code
Result: NOTE
    Packages in Depends field not imported from:
     ‘lattice’ ‘methods’
     These packages need to be imported from (in the NAMESPACE file)
     for when this namespace is loaded but not attached.
    See the information on DESCRIPTION files in the chapter ‘Creating R
    packages’ of the ‘Writing R Extensions’ manual.
Flavors: r-release-linux-ix86, r-release-linux-x86_64, r-release-osx-x86_64-mavericks, r-release-windows-ix86+x86_64, r-oldrel-windows-ix86+x86_64