CRAN Package Check Results for Package backtest

Last updated on 2015-08-31 08:46:40.

Flavor Version Tinstall Tcheck Ttotal Status Flags
r-devel-linux-x86_64-debian-clang 0.3-2 0.95 28.05 29.00 NOTE
r-devel-linux-x86_64-debian-gcc 0.3-2 0.89 27.38 28.27 NOTE
r-devel-linux-x86_64-fedora-clang 0.3-2 57.31 NOTE
r-devel-linux-x86_64-fedora-gcc 0.3-2 55.31 NOTE
r-devel-osx-x86_64-clang 0.3-2 49.17 NOTE
r-devel-windows-ix86+x86_64 0.3-2 17.00 63.00 80.00 NOTE
r-patched-linux-x86_64 0.3-2 0.96 28.81 29.77 NOTE
r-patched-solaris-sparc 0.3-2 383.80 NOTE
r-patched-solaris-x86 0.3-2 87.80 NOTE
r-release-linux-x86_64 0.3-2 0.94 29.38 30.32 NOTE
r-release-osx-x86_64-mavericks 0.3-2 NOTE
r-release-windows-ix86+x86_64 0.3-2 17.00 80.00 97.00 NOTE
r-oldrel-windows-ix86+x86_64 0.3-2 19.00 70.00 89.00 NOTE

Check Details

Version: 0.3-2
Check: whether the namespace can be loaded with stated dependencies
Result: NOTE
    Warning: no function found corresponding to methods exports from ‘backtest’ for: ‘show’
    
    A namespace must be able to be loaded with just the base namespace
    loaded: otherwise if the namespace gets loaded by a saved object, the
    session will be unable to start.
    
    Probably some imports need to be declared in the NAMESPACE file.
Flavors: r-devel-linux-x86_64-debian-clang, r-devel-linux-x86_64-debian-gcc, r-devel-linux-x86_64-fedora-clang, r-devel-linux-x86_64-fedora-gcc, r-devel-osx-x86_64-clang, r-devel-windows-ix86+x86_64

Version: 0.3-2
Check: dependencies in R code
Result: NOTE
    Packages in Depends field not imported from:
     ‘grid’ ‘lattice’ ‘methods’
     These packages need to be imported from (in the NAMESPACE file)
     for when this namespace is loaded but not attached.
Flavors: r-devel-linux-x86_64-debian-clang, r-devel-linux-x86_64-debian-gcc, r-devel-linux-x86_64-fedora-clang, r-devel-linux-x86_64-fedora-gcc, r-devel-osx-x86_64-clang, r-devel-windows-ix86+x86_64, r-patched-linux-x86_64, r-patched-solaris-sparc, r-patched-solaris-x86, r-release-linux-x86_64, r-release-osx-x86_64-mavericks, r-release-windows-ix86+x86_64, r-oldrel-windows-ix86+x86_64

Version: 0.3-2
Check: R code for possible problems
Result: NOTE
    .bt.sharpe: no visible global function definition for ‘sd’
    .plot.cumreturn: no visible global function definition for ‘as.formula’
    .plot.cumreturn: no visible global function definition for ‘xyplot’
    .plot.cumreturn.split : top.panel: no visible global function
     definition for ‘pushViewport’
    .plot.cumreturn.split : top.panel: no visible global function
     definition for ‘viewport’
    .plot.cumreturn.split : top.panel: no visible global function
     definition for ‘grid.text’
    .plot.cumreturn.split : top.panel: no visible global function
     definition for ‘tail’
    .plot.cumreturn.split : top.panel: no visible global function
     definition for ‘gpar’
    .plot.cumreturn.split : top.panel: no visible global function
     definition for ‘popViewport’
    .plot.cumreturn.split : top.panel: no visible global function
     definition for ‘panel.xyplot’
    .plot.cumreturn.split : top.panel: no visible global function
     definition for ‘panel.lines’
    .plot.cumreturn.split: no visible global function definition for
     ‘xyplot’
    .plot.cumreturn.split: no visible global function definition for
     ‘formula’
    .plot.cumreturn.split: no visible global function definition for
     ‘as.formula’
    .plot.cumreturn.split : bottom.panel: no visible global function
     definition for ‘panel.superpose’
    .plot.return: no visible global function definition for ‘as.formula’
    .plot.return: no visible global function definition for ‘barchart’
    .plot.turnover: no visible global function definition for ‘as.formula’
    .plot.turnover: no visible global function definition for ‘xyplot’
    backtest.compute: no visible global function definition for ‘quantile’
    backtest.compute: no visible global function definition for ‘median’
    backtest.compute: no visible global function definition for ‘sd’
    backtest.compute: no visible binding for global variable
     ‘weighted.mean’
    backtest.compute: no visible global function definition for ‘new’
    calc.true.weight: no visible global function definition for ‘reshape’
    categorize: no visible global function definition for ‘quantile’
    summary,backtest: no visible global function definition for ‘sd’
    Undefined global functions or variables:
     as.formula barchart formula gpar grid.text median new panel.lines
     panel.superpose panel.xyplot popViewport pushViewport quantile
     reshape sd tail viewport weighted.mean xyplot
    Consider adding
     importFrom("methods", "new")
     importFrom("stats", "as.formula", "formula", "median", "quantile",
     "reshape", "sd", "weighted.mean")
     importFrom("utils", "tail")
    to your NAMESPACE (and ensure that your DESCRIPTION Imports field
    contains 'methods').
Flavors: r-devel-linux-x86_64-debian-clang, r-devel-linux-x86_64-debian-gcc, r-devel-linux-x86_64-fedora-clang, r-devel-linux-x86_64-fedora-gcc, r-devel-windows-ix86+x86_64

Version: 0.3-2
Check: R code for possible problems
Result: NOTE
    .plot.cumreturn: no visible global function definition for ‘xyplot’
    .plot.cumreturn.split : top.panel: no visible global function
     definition for ‘pushViewport’
    .plot.cumreturn.split : top.panel: no visible global function
     definition for ‘viewport’
    .plot.cumreturn.split : top.panel: no visible global function
     definition for ‘grid.text’
    .plot.cumreturn.split : top.panel: no visible global function
     definition for ‘gpar’
    .plot.cumreturn.split : top.panel: no visible global function
     definition for ‘popViewport’
    .plot.cumreturn.split : top.panel: no visible global function
     definition for ‘panel.xyplot’
    .plot.cumreturn.split : top.panel: no visible global function
     definition for ‘panel.lines’
    .plot.cumreturn.split: no visible global function definition for
     ‘xyplot’
    .plot.cumreturn.split : bottom.panel: no visible global function
     definition for ‘panel.superpose’
    .plot.return: no visible global function definition for ‘barchart’
    .plot.turnover: no visible global function definition for ‘xyplot’
    Undefined global functions or variables:
     barchart gpar grid.text panel.lines panel.superpose panel.xyplot
     popViewport pushViewport viewport xyplot
Flavor: r-devel-osx-x86_64-clang

Version: 0.3-2
Check: R code for possible problems
Result: NOTE
    .plot.cumreturn: no visible global function definition for ‘xyplot’
    .plot.cumreturn.split : top.panel: no visible global function
     definition for ‘pushViewport’
    .plot.cumreturn.split : top.panel: no visible global function
     definition for ‘viewport’
    .plot.cumreturn.split : top.panel: no visible global function
     definition for ‘grid.text’
    .plot.cumreturn.split : top.panel: no visible global function
     definition for ‘gpar’
    .plot.cumreturn.split : top.panel: no visible global function
     definition for ‘popViewport’
    .plot.cumreturn.split : top.panel: no visible global function
     definition for ‘panel.xyplot’
    .plot.cumreturn.split : top.panel: no visible global function
     definition for ‘panel.lines’
    .plot.cumreturn.split: no visible global function definition for
     ‘xyplot’
    .plot.cumreturn.split : bottom.panel: no visible global function
     definition for ‘panel.superpose’
    .plot.return: no visible global function definition for ‘barchart’
    .plot.turnover: no visible global function definition for ‘xyplot’
Flavors: r-patched-linux-x86_64, r-patched-solaris-sparc, r-patched-solaris-x86, r-release-linux-x86_64, r-release-osx-x86_64-mavericks, r-release-windows-ix86+x86_64, r-oldrel-windows-ix86+x86_64