CRAN Package Check Results for Package backtest

Last updated on 2015-07-31 14:48:35.

Flavor Version Tinstall Tcheck Ttotal Status Flags
r-devel-linux-x86_64-debian-clang 0.3-2 1.08 30.40 31.48 NOTE
r-devel-linux-x86_64-debian-gcc 0.3-2 1.29 28.73 30.02 NOTE
r-devel-linux-x86_64-fedora-clang 0.3-2 59.29 NOTE
r-devel-linux-x86_64-fedora-gcc 0.3-2 57.90 NOTE
r-devel-osx-x86_64-clang 0.3-2 54.46 NOTE
r-devel-windows-ix86+x86_64 0.3-2 18.00 89.00 107.00 NOTE
r-patched-linux-x86_64 0.3-2 0.94 29.72 30.66 NOTE
r-patched-solaris-sparc 0.3-2 383.80 NOTE
r-patched-solaris-x86 0.3-2 83.20 NOTE
r-release-linux-x86_64 0.3-2 0.94 28.92 29.87 NOTE
r-release-osx-x86_64-mavericks 0.3-2 NOTE
r-release-windows-ix86+x86_64 0.3-2 18.00 80.00 98.00 NOTE
r-oldrel-windows-ix86+x86_64 0.3-2 15.00 67.00 82.00 NOTE

Check Details

Version: 0.3-2
Check: dependencies in R code
Result: NOTE
    Packages in Depends field not imported from:
     ‘grid’ ‘lattice’ ‘methods’
     These packages need to be imported from (in the NAMESPACE file)
     for when this namespace is loaded but not attached.
Flavors: r-devel-linux-x86_64-debian-clang, r-devel-linux-x86_64-debian-gcc, r-devel-linux-x86_64-fedora-clang, r-devel-linux-x86_64-fedora-gcc, r-devel-osx-x86_64-clang, r-devel-windows-ix86+x86_64, r-patched-linux-x86_64, r-patched-solaris-sparc, r-patched-solaris-x86, r-release-linux-x86_64, r-release-osx-x86_64-mavericks, r-release-windows-ix86+x86_64, r-oldrel-windows-ix86+x86_64

Version: 0.3-2
Check: R code for possible problems
Result: NOTE
    .bt.sharpe: no visible global function definition for ‘sd’
    .plot.cumreturn: no visible global function definition for ‘as.formula’
    .plot.cumreturn: no visible global function definition for ‘xyplot’
    .plot.cumreturn.split : top.panel: no visible global function
     definition for ‘pushViewport’
    .plot.cumreturn.split : top.panel: no visible global function
     definition for ‘viewport’
    .plot.cumreturn.split : top.panel: no visible global function
     definition for ‘grid.text’
    .plot.cumreturn.split : top.panel: no visible global function
     definition for ‘tail’
    .plot.cumreturn.split : top.panel: no visible global function
     definition for ‘gpar’
    .plot.cumreturn.split : top.panel: no visible global function
     definition for ‘popViewport’
    .plot.cumreturn.split : top.panel: no visible global function
     definition for ‘panel.xyplot’
    .plot.cumreturn.split : top.panel: no visible global function
     definition for ‘panel.lines’
    .plot.cumreturn.split: no visible global function definition for
     ‘xyplot’
    .plot.cumreturn.split: no visible global function definition for
     ‘formula’
    .plot.cumreturn.split: no visible global function definition for
     ‘as.formula’
    .plot.cumreturn.split : bottom.panel: no visible global function
     definition for ‘panel.superpose’
    .plot.return: no visible global function definition for ‘as.formula’
    .plot.return: no visible global function definition for ‘barchart’
    .plot.turnover: no visible global function definition for ‘as.formula’
    .plot.turnover: no visible global function definition for ‘xyplot’
    backtest.compute: no visible global function definition for ‘quantile’
    backtest.compute: no visible global function definition for ‘median’
    backtest.compute: no visible global function definition for ‘sd’
    backtest.compute: no visible binding for global variable
     ‘weighted.mean’
    backtest.compute: no visible global function definition for ‘new’
    calc.true.weight: no visible global function definition for ‘reshape’
    categorize: no visible global function definition for ‘quantile’
    summary,backtest: no visible global function definition for ‘sd’
    Undefined global functions or variables:
     as.formula barchart formula gpar grid.text median new panel.lines
     panel.superpose panel.xyplot popViewport pushViewport quantile
     reshape sd tail viewport weighted.mean xyplot
    Consider adding
     importFrom("methods", "new")
     importFrom("stats", "as.formula", "formula", "median", "quantile",
     "reshape", "sd", "weighted.mean")
     importFrom("utils", "tail")
    to your NAMESPACE.
Flavors: r-devel-linux-x86_64-debian-clang, r-devel-linux-x86_64-debian-gcc, r-devel-linux-x86_64-fedora-clang, r-devel-linux-x86_64-fedora-gcc, r-devel-windows-ix86+x86_64

Version: 0.3-2
Check: R code for possible problems
Result: NOTE
    .plot.cumreturn: no visible global function definition for ‘xyplot’
    .plot.cumreturn.split : top.panel: no visible global function
     definition for ‘pushViewport’
    .plot.cumreturn.split : top.panel: no visible global function
     definition for ‘viewport’
    .plot.cumreturn.split : top.panel: no visible global function
     definition for ‘grid.text’
    .plot.cumreturn.split : top.panel: no visible global function
     definition for ‘gpar’
    .plot.cumreturn.split : top.panel: no visible global function
     definition for ‘popViewport’
    .plot.cumreturn.split : top.panel: no visible global function
     definition for ‘panel.xyplot’
    .plot.cumreturn.split : top.panel: no visible global function
     definition for ‘panel.lines’
    .plot.cumreturn.split: no visible global function definition for
     ‘xyplot’
    .plot.cumreturn.split : bottom.panel: no visible global function
     definition for ‘panel.superpose’
    .plot.return: no visible global function definition for ‘barchart’
    .plot.turnover: no visible global function definition for ‘xyplot’
    Undefined global functions or variables:
     barchart gpar grid.text panel.lines panel.superpose panel.xyplot
     popViewport pushViewport viewport xyplot
Flavor: r-devel-osx-x86_64-clang

Version: 0.3-2
Check: R code for possible problems
Result: NOTE
    .plot.cumreturn: no visible global function definition for ‘xyplot’
    .plot.cumreturn.split : top.panel: no visible global function
     definition for ‘pushViewport’
    .plot.cumreturn.split : top.panel: no visible global function
     definition for ‘viewport’
    .plot.cumreturn.split : top.panel: no visible global function
     definition for ‘grid.text’
    .plot.cumreturn.split : top.panel: no visible global function
     definition for ‘gpar’
    .plot.cumreturn.split : top.panel: no visible global function
     definition for ‘popViewport’
    .plot.cumreturn.split : top.panel: no visible global function
     definition for ‘panel.xyplot’
    .plot.cumreturn.split : top.panel: no visible global function
     definition for ‘panel.lines’
    .plot.cumreturn.split: no visible global function definition for
     ‘xyplot’
    .plot.cumreturn.split : bottom.panel: no visible global function
     definition for ‘panel.superpose’
    .plot.return: no visible global function definition for ‘barchart’
    .plot.turnover: no visible global function definition for ‘xyplot’
Flavors: r-patched-linux-x86_64, r-patched-solaris-sparc, r-patched-solaris-x86, r-release-linux-x86_64, r-release-osx-x86_64-mavericks, r-release-windows-ix86+x86_64, r-oldrel-windows-ix86+x86_64