CRAN Package Check Results for Package backtest

Last updated on 2014-08-27 15:49:23.

Flavor Version Tinstall Tcheck Ttotal Status Flags
r-devel-linux-x86_64-debian-clang 0.3-2 1.08 30.61 31.70 NOTE
r-devel-linux-x86_64-debian-gcc 0.3-2 1.09 31.50 32.59 NOTE
r-devel-linux-x86_64-fedora-clang 0.3-2 67.69 NOTE
r-devel-linux-x86_64-fedora-gcc 0.3-2 66.96 NOTE
r-devel-osx-x86_64-clang 0.3-2 63.55 NOTE
r-devel-windows-ix86+x86_64 0.3-2 14.00 59.00 73.00 NOTE
r-patched-linux-x86_64 0.3-2 1.40 31.90 33.29 NOTE
r-patched-solaris-sparc 0.3-2 414.70 NOTE
r-patched-solaris-x86 0.3-2 93.50 NOTE
r-release-linux-ix86 0.3-2 1.65 42.77 44.42 NOTE
r-release-linux-x86_64 0.3-2 1.12 31.96 33.07 NOTE
r-release-osx-x86_64-mavericks 0.3-2 NOTE
r-release-windows-ix86+x86_64 0.3-2 14.00 57.00 71.00 NOTE
r-oldrel-windows-ix86+x86_64 0.3-2 15.00 54.00 69.00 NOTE

Check Details

Version: 0.3-2
Check: dependencies in R code
Result: NOTE
    Packages in Depends field not imported from:
     ‘grid’ ‘lattice’ ‘methods’
     These packages need to be imported from (in the NAMESPACE file)
     for when this namespace is loaded but not attached.
    See the information on DESCRIPTION files in the chapter ‘Creating R
    packages’ of the ‘Writing R Extensions’ manual.
Flavors: r-devel-linux-x86_64-debian-clang, r-devel-linux-x86_64-debian-gcc, r-devel-linux-x86_64-fedora-clang, r-devel-linux-x86_64-fedora-gcc, r-devel-osx-x86_64-clang, r-devel-windows-ix86+x86_64, r-patched-linux-x86_64, r-patched-solaris-sparc, r-patched-solaris-x86

Version: 0.3-2
Check: R code for possible problems
Result: NOTE
    .plot.cumreturn: no visible global function definition for ‘xyplot’
    .plot.cumreturn.split : top.panel: no visible global function
     definition for ‘pushViewport’
    .plot.cumreturn.split : top.panel: no visible global function
     definition for ‘viewport’
    .plot.cumreturn.split : top.panel: no visible global function
     definition for ‘grid.text’
    .plot.cumreturn.split : top.panel: no visible global function
     definition for ‘gpar’
    .plot.cumreturn.split : top.panel: no visible global function
     definition for ‘popViewport’
    .plot.cumreturn.split : top.panel: no visible global function
     definition for ‘panel.xyplot’
    .plot.cumreturn.split : top.panel: no visible global function
     definition for ‘panel.lines’
    .plot.cumreturn.split: no visible global function definition for
     ‘xyplot’
    .plot.cumreturn.split : bottom.panel: no visible global function
     definition for ‘panel.superpose’
    .plot.return: no visible global function definition for ‘barchart’
    .plot.turnover: no visible global function definition for ‘xyplot’
Flavors: r-devel-linux-x86_64-debian-clang, r-devel-linux-x86_64-debian-gcc, r-devel-linux-x86_64-fedora-clang, r-devel-linux-x86_64-fedora-gcc, r-devel-osx-x86_64-clang, r-devel-windows-ix86+x86_64

Version: 0.3-2
Check: dependencies in R code
Result: NOTE
    Packages in Depends field not imported from:
     ‘lattice’ ‘methods’
     These packages need to be imported from (in the NAMESPACE file)
     for when this namespace is loaded but not attached.
    See the information on DESCRIPTION files in the chapter ‘Creating R
    packages’ of the ‘Writing R Extensions’ manual.
Flavors: r-release-linux-ix86, r-release-linux-x86_64, r-release-osx-x86_64-mavericks, r-release-windows-ix86+x86_64, r-oldrel-windows-ix86+x86_64