CRAN Package Check Results for Package bagRboostR

Last updated on 2016-08-25 14:48:13.

Flavor Version Tinstall Tcheck Ttotal Status Flags
r-devel-linux-x86_64-debian-clang 0.0.2 0.49 9.06 9.55 NOTE
r-devel-linux-x86_64-debian-gcc 0.0.2 0.51 8.59 9.10 NOTE
r-devel-linux-x86_64-fedora-clang 0.0.2 15.26 NOTE
r-devel-linux-x86_64-fedora-gcc 0.0.2 14.35 NOTE
r-devel-osx-x86_64-clang 0.0.2 14.22 NOTE
r-devel-windows-ix86+x86_64 0.0.2 3.00 26.00 29.00 NOTE
r-patched-linux-x86_64 0.0.2 0.59 8.74 9.33 NOTE
r-patched-solaris-sparc 0.0.2 92.00 NOTE
r-patched-solaris-x86 0.0.2 21.40 NOTE
r-release-linux-x86_64 0.0.2 0.65 8.61 9.25 NOTE
r-release-osx-x86_64-mavericks 0.0.2 NOTE
r-release-windows-ix86+x86_64 0.0.2 3.00 36.00 39.00 NOTE
r-oldrel-windows-ix86+x86_64 0.0.2 2.00 38.00 40.00 OK

Check Details

Version: 0.0.2
Check: R code for possible problems
Result: NOTE
    bagging: no visible global function definition for ‘predict’
    samme: no visible global function definition for ‘predict’
    Undefined global functions or variables:
     predict
    Consider adding
     importFrom("stats", "predict")
    to your NAMESPACE file.
Flavors: r-devel-linux-x86_64-debian-clang, r-devel-linux-x86_64-debian-gcc, r-devel-linux-x86_64-fedora-clang, r-devel-linux-x86_64-fedora-gcc, r-devel-osx-x86_64-clang, r-devel-windows-ix86+x86_64, r-patched-linux-x86_64, r-patched-solaris-sparc, r-patched-solaris-x86, r-release-linux-x86_64, r-release-osx-x86_64-mavericks, r-release-windows-ix86+x86_64