CRAN Package Check Results for Package bagRboostR

Last updated on 2016-06-26 22:47:36.

Flavor Version Tinstall Tcheck Ttotal Status Flags
r-devel-linux-x86_64-debian-gcc 0.0.2 0.46 9.01 9.47 NOTE
r-devel-linux-x86_64-fedora-clang 0.0.2 14.85 NOTE
r-devel-linux-x86_64-fedora-gcc 0.0.2 13.92 NOTE
r-devel-osx-x86_64-clang 0.0.2 14.28 NOTE
r-devel-windows-ix86+x86_64 0.0.2 3.00 23.00 26.00 NOTE
r-patched-linux-x86_64 0.0.2 0.64 9.69 10.33 NOTE
r-patched-solaris-sparc 0.0.2 92.00 NOTE
r-patched-solaris-x86 0.0.2 21.60 NOTE
r-release-linux-x86_64 0.0.2 0.60 9.36 9.96 NOTE
r-release-osx-x86_64-mavericks 0.0.2 NOTE
r-release-windows-ix86+x86_64 0.0.2 2.00 25.00 27.00 NOTE
r-oldrel-windows-ix86+x86_64 0.0.2 3.00 31.00 34.00 OK

Check Details

Version: 0.0.2
Check: R code for possible problems
Result: NOTE
    bagging: no visible global function definition for ‘predict’
    samme: no visible global function definition for ‘predict’
    Undefined global functions or variables:
     predict
    Consider adding
     importFrom("stats", "predict")
    to your NAMESPACE file.
Flavors: r-devel-linux-x86_64-debian-gcc, r-devel-linux-x86_64-fedora-clang, r-devel-linux-x86_64-fedora-gcc, r-devel-osx-x86_64-clang, r-devel-windows-ix86+x86_64, r-patched-linux-x86_64, r-patched-solaris-sparc, r-patched-solaris-x86, r-release-linux-x86_64, r-release-osx-x86_64-mavericks, r-release-windows-ix86+x86_64