CRAN Package Check Results for Package bagRboostR

Last updated on 2016-02-11 23:47:19.

Flavor Version Tinstall Tcheck Ttotal Status Flags
r-devel-linux-x86_64-debian-gcc 0.0.2 0.50 7.74 8.24 NOTE
r-devel-linux-x86_64-fedora-clang 0.0.2 14.79 NOTE
r-devel-linux-x86_64-fedora-gcc 0.0.2 13.92 NOTE
r-devel-osx-x86_64-clang 0.0.2 18.23 NOTE
r-devel-windows-ix86+x86_64 0.0.2 3.00 25.00 28.00 NOTE
r-patched-linux-x86_64 0.0.2 0.54 8.42 8.96 OK
r-patched-solaris-sparc 0.0.2 98.30 OK
r-patched-solaris-x86 0.0.2 22.40 OK
r-release-linux-x86_64 0.0.2 0.58 8.19 8.77 OK
r-release-osx-x86_64-mavericks 0.0.2 OK
r-release-windows-ix86+x86_64 0.0.2 3.00 23.00 26.00 OK
r-oldrel-windows-ix86+x86_64 0.0.2 10.00 27.00 37.00 OK

Check Details

Version: 0.0.2
Check: R code for possible problems
Result: NOTE
    bagging: no visible global function definition for ‘predict’
    samme: no visible global function definition for ‘predict’
    Undefined global functions or variables:
     predict
    Consider adding
     importFrom("stats", "predict")
    to your NAMESPACE file.
Flavors: r-devel-linux-x86_64-debian-gcc, r-devel-linux-x86_64-fedora-clang, r-devel-linux-x86_64-fedora-gcc, r-devel-osx-x86_64-clang, r-devel-windows-ix86+x86_64