CRAN Package Check Results for Package bagRboostR

Last updated on 2015-08-01 23:47:06.

Flavor Version Tinstall Tcheck Ttotal Status Flags
r-devel-linux-x86_64-debian-clang 0.0.2 0.53 8.67 9.20 NOTE
r-devel-linux-x86_64-debian-gcc 0.0.2 0.54 8.17 8.71 NOTE
r-devel-linux-x86_64-fedora-clang 0.0.2 17.07 NOTE
r-devel-linux-x86_64-fedora-gcc 0.0.2 15.92 NOTE
r-devel-osx-x86_64-clang 0.0.2 17.31 OK
r-devel-windows-ix86+x86_64 0.0.2 4.00 26.00 30.00 NOTE
r-patched-linux-x86_64 0.0.2 0.52 9.28 9.80 OK
r-patched-solaris-sparc 0.0.2 116.60 OK
r-patched-solaris-x86 0.0.2 26.60 OK
r-release-linux-x86_64 0.0.2 0.53 8.40 8.93 OK
r-release-osx-x86_64-mavericks 0.0.2 OK
r-release-windows-ix86+x86_64 0.0.2 3.00 16.00 19.00 OK
r-oldrel-windows-ix86+x86_64 0.0.2 4.00 20.00 24.00 OK

Check Details

Version: 0.0.2
Check: R code for possible problems
Result: NOTE
    bagging: no visible global function definition for ‘predict’
    samme: no visible global function definition for ‘predict’
    Undefined global functions or variables:
     predict
    Consider adding
     importFrom("stats", "predict")
    to your NAMESPACE.
Flavors: r-devel-linux-x86_64-debian-clang, r-devel-linux-x86_64-debian-gcc, r-devel-linux-x86_64-fedora-clang, r-devel-linux-x86_64-fedora-gcc, r-devel-windows-ix86+x86_64