CRAN Package Check Results for Package bagRboostR

Last updated on 2016-07-26 13:48:49.

Flavor Version Tinstall Tcheck Ttotal Status Flags
r-devel-linux-x86_64-debian-clang 0.0.2 0.60 10.32 10.92 NOTE
r-devel-linux-x86_64-debian-gcc 0.0.2 0.58 10.90 11.48 NOTE
r-devel-linux-x86_64-fedora-clang 0.0.2 14.61 NOTE
r-devel-linux-x86_64-fedora-gcc 0.0.2 13.55 NOTE
r-devel-osx-x86_64-clang 0.0.2 14.54 NOTE
r-devel-windows-ix86+x86_64 0.0.2 4.00 35.00 39.00 NOTE
r-patched-linux-x86_64 0.0.2 0.76 10.64 11.40 NOTE
r-patched-solaris-sparc 0.0.2 92.00 NOTE
r-patched-solaris-x86 0.0.2 20.80 NOTE
r-release-linux-x86_64 0.0.2 0.72 11.01 11.73 NOTE
r-release-osx-x86_64-mavericks 0.0.2 NOTE
r-release-windows-ix86+x86_64 0.0.2 4.00 41.00 45.00 NOTE
r-oldrel-windows-ix86+x86_64 0.0.2 4.00 35.00 39.00 OK

Check Details

Version: 0.0.2
Check: R code for possible problems
Result: NOTE
    bagging: no visible global function definition for ‘predict’
    samme: no visible global function definition for ‘predict’
    Undefined global functions or variables:
     predict
    Consider adding
     importFrom("stats", "predict")
    to your NAMESPACE file.
Flavors: r-devel-linux-x86_64-debian-clang, r-devel-linux-x86_64-debian-gcc, r-devel-linux-x86_64-fedora-clang, r-devel-linux-x86_64-fedora-gcc, r-devel-osx-x86_64-clang, r-devel-windows-ix86+x86_64, r-patched-linux-x86_64, r-patched-solaris-sparc, r-patched-solaris-x86, r-release-linux-x86_64, r-release-osx-x86_64-mavericks, r-release-windows-ix86+x86_64