CRAN Package Check Results for Package bagRboostR

Last updated on 2017-04-23 17:49:23.

Flavor Version Tinstall Tcheck Ttotal Status Flags
r-devel-linux-x86_64-debian-clang 0.0.2 0.56 11.47 12.02 NOTE
r-devel-linux-x86_64-debian-gcc 0.0.2 0.56 11.19 11.75 NOTE
r-devel-linux-x86_64-fedora-clang 0.0.2 19.36 NOTE --no-stop-on-test-error
r-devel-linux-x86_64-fedora-gcc 0.0.2 18.44 NOTE --no-stop-on-test-error
r-devel-windows-ix86+x86_64 0.0.2 5.00 29.00 34.00 NOTE
r-patched-linux-x86_64 0.0.2 0.57 11.06 11.63 NOTE
r-patched-solaris-sparc 0.0.2 121.70 NOTE
r-patched-solaris-x86 0.0.2 29.10 NOTE
r-release-linux-x86_64 0.0.2 0.55 11.13 11.68 NOTE
r-release-windows-ix86+x86_64 0.0.2 2.00 26.00 28.00 NOTE
r-release-osx-x86_64 0.0.2 NOTE
r-oldrel-windows-ix86+x86_64 0.0.2 4.00 25.00 29.00 NOTE
r-oldrel-osx-x86_64 0.0.2 NOTE

Check Details

Version: 0.0.2
Check: R code for possible problems
Result: NOTE
    bagging: no visible global function definition for ‘predict’
    samme: no visible global function definition for ‘predict’
    Undefined global functions or variables:
     predict
    Consider adding
     importFrom("stats", "predict")
    to your NAMESPACE file.
Flavors: r-devel-linux-x86_64-debian-clang, r-devel-linux-x86_64-debian-gcc, r-devel-windows-ix86+x86_64, r-patched-linux-x86_64, r-patched-solaris-sparc, r-patched-solaris-x86, r-release-linux-x86_64, r-release-windows-ix86+x86_64, r-release-osx-x86_64, r-oldrel-windows-ix86+x86_64, r-oldrel-osx-x86_64

Version: 0.0.2
Flags: --no-stop-on-test-error
Check: R code for possible problems
Result: NOTE
    bagging: no visible global function definition for ‘predict’
    samme: no visible global function definition for ‘predict’
    Undefined global functions or variables:
     predict
    Consider adding
     importFrom("stats", "predict")
    to your NAMESPACE file.
Flavors: r-devel-linux-x86_64-fedora-clang, r-devel-linux-x86_64-fedora-gcc