CRAN Package Check Results for Package bagRboostR

Last updated on 2017-01-19 17:51:32.

Flavor Version Tinstall Tcheck Ttotal Status Flags
r-devel-linux-x86_64-debian-clang 0.0.2 0.59 11.23 11.82 NOTE
r-devel-linux-x86_64-debian-gcc 0.0.2 0.60 10.98 11.59 NOTE
r-devel-linux-x86_64-fedora-clang 0.0.2 19.24 NOTE --no-stop-on-test-error
r-devel-linux-x86_64-fedora-gcc 0.0.2 18.19 NOTE --no-stop-on-test-error
r-devel-macos-x86_64-clang 0.0.2 17.19 NOTE --no-stop-on-test-error
r-devel-windows-ix86+x86_64 0.0.2 5.00 27.00 32.00 NOTE
r-patched-linux-x86_64 0.0.2 0.54 8.75 9.29 NOTE
r-patched-solaris-sparc 0.0.2 95.80 NOTE
r-patched-solaris-x86 0.0.2 21.70 NOTE
r-release-linux-x86_64 0.0.2 0.51 8.78 9.29 NOTE
r-release-osx-x86_64-mavericks 0.0.2 NOTE
r-release-windows-ix86+x86_64 0.0.2 3.00 38.00 41.00 NOTE
r-oldrel-windows-ix86+x86_64 0.0.2 3.00 31.00 34.00 ERROR

Check Details

Version: 0.0.2
Check: R code for possible problems
Result: NOTE
    bagging: no visible global function definition for ‘predict’
    samme: no visible global function definition for ‘predict’
    Undefined global functions or variables:
     predict
    Consider adding
     importFrom("stats", "predict")
    to your NAMESPACE file.
Flavors: r-devel-linux-x86_64-debian-clang, r-devel-linux-x86_64-debian-gcc, r-devel-windows-ix86+x86_64, r-patched-linux-x86_64, r-patched-solaris-sparc, r-patched-solaris-x86, r-release-linux-x86_64, r-release-osx-x86_64-mavericks, r-release-windows-ix86+x86_64

Version: 0.0.2
Flags: --no-stop-on-test-error
Check: R code for possible problems
Result: NOTE
    bagging: no visible global function definition for ‘predict’
    samme: no visible global function definition for ‘predict’
    Undefined global functions or variables:
     predict
    Consider adding
     importFrom("stats", "predict")
    to your NAMESPACE file.
Flavors: r-devel-linux-x86_64-fedora-clang, r-devel-linux-x86_64-fedora-gcc, r-devel-macos-x86_64-clang

Version: 0.0.2
Check: tests
Result: ERROR
    Running the tests in 'tests/test-all.R' failed.
    Last 13 lines of output:
     1. Error: samme returns a character vector of predicted classes (@test_samme.R#6)
     Need at least two classes to do classification.
     1: samme(activity ~ ., train, test, 3, ntree = 5, trace = F) at D:/temp/Rtmp65vFeg/RLIBS_2de43098294c/bagRboostR/tests/test_samme.R:6
     2: randomForest(formula, data = t, do.trace = trace, ntree = ntree, mtry = mtry)
     3: randomForest.formula(formula, data = t, do.trace = trace, ntree = ntree, mtry = mtry)
     4: randomForest.default(m, y, ...)
     5: stop("Need at least two classes to do classification.")
    
     DONE ===========================================================================
     Error: Test failures
     In addition: Warning message:
     Placing tests in `inst/tests/` is deprecated. Please use `tests/testthat/` instead
     Execution halted
Flavor: r-oldrel-windows-ix86+x86_64