CRAN Package Check Results for Package bagRboostR

Last updated on 2017-09-22 19:46:40.

Flavor Version Tinstall Tcheck Ttotal Status Flags
r-devel-linux-x86_64-debian-clang 0.0.2 0.58 11.69 12.27 NOTE
r-devel-linux-x86_64-debian-gcc 0.0.2 0.55 11.84 12.39 NOTE
r-devel-linux-x86_64-fedora-clang 0.0.2 19.94 NOTE
r-devel-linux-x86_64-fedora-gcc 0.0.2 19.26 NOTE
r-devel-windows-ix86+x86_64 0.0.2 2.00 27.00 29.00 NOTE
r-patched-linux-x86_64 0.0.2 0.62 11.52 12.14 NOTE
r-patched-solaris-x86 0.0.2 29.50 NOTE
r-release-linux-x86_64 0.0.2 0.55 11.76 12.31 NOTE
r-release-windows-ix86+x86_64 0.0.2 3.00 28.00 31.00 NOTE
r-release-osx-x86_64 0.0.2 NOTE
r-oldrel-windows-ix86+x86_64 0.0.2 2.00 25.00 27.00 NOTE
r-oldrel-osx-x86_64 0.0.2 NOTE

Check Details

Version: 0.0.2
Check: R code for possible problems
Result: NOTE
    bagging: no visible global function definition for ‘predict’
    samme: no visible global function definition for ‘predict’
    Undefined global functions or variables:
     predict
    Consider adding
     importFrom("stats", "predict")
    to your NAMESPACE file.
Flavors: r-devel-linux-x86_64-debian-clang, r-devel-linux-x86_64-debian-gcc, r-devel-linux-x86_64-fedora-clang, r-devel-linux-x86_64-fedora-gcc, r-devel-windows-ix86+x86_64, r-patched-linux-x86_64, r-patched-solaris-x86, r-release-linux-x86_64, r-release-windows-ix86+x86_64, r-release-osx-x86_64, r-oldrel-windows-ix86+x86_64, r-oldrel-osx-x86_64