CRAN Package Check Results for Package bagRboostR

Last updated on 2017-03-27 13:55:20.

Flavor Version Tinstall Tcheck Ttotal Status Flags
r-devel-linux-x86_64-debian-clang 0.0.2 0.61 11.35 11.96 NOTE
r-devel-linux-x86_64-debian-gcc 0.0.2 0.57 11.45 12.01 NOTE
r-devel-linux-x86_64-fedora-clang 0.0.2 21.06 NOTE --no-stop-on-test-error
r-devel-linux-x86_64-fedora-gcc 0.0.2 19.01 NOTE --no-stop-on-test-error
r-devel-macos-x86_64-clang 0.0.2 16.90 NOTE --no-stop-on-test-error
r-devel-windows-ix86+x86_64 0.0.2 2.00 25.00 27.00 NOTE
r-patched-linux-x86_64 0.0.2 0.58 11.38 11.95 NOTE
r-patched-solaris-sparc 0.0.2 121.70 NOTE
r-patched-solaris-x86 0.0.2 29.10 NOTE
r-release-linux-x86_64 0.0.2 0.50 8.65 9.15 NOTE
r-release-osx-x86_64-mavericks 0.0.2 NOTE
r-release-windows-ix86+x86_64 0.0.2 5.00 25.00 30.00 NOTE
r-oldrel-windows-ix86+x86_64 0.0.2 3.00 25.00 28.00 OK

Check Details

Version: 0.0.2
Check: R code for possible problems
Result: NOTE
    bagging: no visible global function definition for ‘predict’
    samme: no visible global function definition for ‘predict’
    Undefined global functions or variables:
     predict
    Consider adding
     importFrom("stats", "predict")
    to your NAMESPACE file.
Flavors: r-devel-linux-x86_64-debian-clang, r-devel-linux-x86_64-debian-gcc, r-devel-windows-ix86+x86_64, r-patched-linux-x86_64, r-patched-solaris-sparc, r-patched-solaris-x86, r-release-linux-x86_64, r-release-osx-x86_64-mavericks, r-release-windows-ix86+x86_64

Version: 0.0.2
Flags: --no-stop-on-test-error
Check: R code for possible problems
Result: NOTE
    bagging: no visible global function definition for ‘predict’
    samme: no visible global function definition for ‘predict’
    Undefined global functions or variables:
     predict
    Consider adding
     importFrom("stats", "predict")
    to your NAMESPACE file.
Flavors: r-devel-linux-x86_64-fedora-clang, r-devel-linux-x86_64-fedora-gcc, r-devel-macos-x86_64-clang