CRAN Package Check Results for Package bagRboostR

Last updated on 2018-04-25 19:46:34 CEST.

Flavor Version Tinstall Tcheck Ttotal Status Flags
r-devel-linux-x86_64-debian-clang 0.0.2 0.92 16.37 17.29 NOTE
r-devel-linux-x86_64-debian-gcc 0.0.2 0.56 13.31 13.87 NOTE
r-devel-linux-x86_64-fedora-clang 0.0.2 20.26 NOTE
r-devel-linux-x86_64-fedora-gcc 0.0.2 16.67 NOTE
r-devel-windows-ix86+x86_64 0.0.2 4.00 29.00 33.00 NOTE
r-patched-linux-x86_64 0.0.2 0.93 15.91 16.84 NOTE
r-patched-solaris-x86 0.0.2 33.00 NOTE
r-release-linux-x86_64 0.0.2 0.73 16.03 16.76 NOTE
r-release-windows-ix86+x86_64 0.0.2 4.00 29.00 33.00 NOTE
r-release-osx-x86_64 0.0.2 NOTE
r-oldrel-windows-ix86+x86_64 0.0.2 2.00 122.00 124.00 NOTE
r-oldrel-osx-x86_64 0.0.2 NOTE

Check Details

Version: 0.0.2
Check: R code for possible problems
Result: NOTE
    bagging: no visible global function definition for ‘predict’
    samme: no visible global function definition for ‘predict’
    Undefined global functions or variables:
     predict
    Consider adding
     importFrom("stats", "predict")
    to your NAMESPACE file.
Flavors: r-devel-linux-x86_64-debian-clang, r-devel-linux-x86_64-debian-gcc, r-devel-linux-x86_64-fedora-clang, r-devel-linux-x86_64-fedora-gcc, r-devel-windows-ix86+x86_64, r-patched-linux-x86_64, r-patched-solaris-x86, r-release-linux-x86_64, r-release-windows-ix86+x86_64, r-release-osx-x86_64, r-oldrel-windows-ix86+x86_64, r-oldrel-osx-x86_64