CRAN Package Check Results for Package bagRboostR

Last updated on 2015-07-05 06:46:23.

Flavor Version Tinstall Tcheck Ttotal Status Flags
r-devel-linux-x86_64-debian-clang 0.0.2 0.47 8.26 8.73 NOTE
r-devel-linux-x86_64-debian-gcc 0.0.2 0.51 8.40 8.91 NOTE
r-devel-linux-x86_64-fedora-clang 0.0.2 16.24 NOTE
r-devel-linux-x86_64-fedora-gcc 0.0.2 15.27 NOTE
r-devel-osx-x86_64-clang 0.0.2 17.42 OK
r-devel-windows-ix86+x86_64 0.0.2 2.00 16.00 18.00 NOTE
r-patched-linux-x86_64 0.0.2 0.51 8.42 8.93 OK
r-patched-solaris-sparc 0.0.2 102.90 OK
r-patched-solaris-x86 0.0.2 26.40 OK
r-release-linux-x86_64 0.0.2 0.57 8.96 9.53 OK
r-release-osx-x86_64-mavericks 0.0.2 OK
r-release-windows-ix86+x86_64 0.0.2 3.00 16.00 19.00 OK
r-oldrel-windows-ix86+x86_64 0.0.2 4.00 29.00 33.00 OK

Check Details

Version: 0.0.2
Check: R code for possible problems
Result: NOTE
    bagging: no visible global function definition for ‘predict’
    samme: no visible global function definition for ‘predict’
    Undefined global functions or variables:
     predict
Flavors: r-devel-linux-x86_64-debian-clang, r-devel-linux-x86_64-debian-gcc, r-devel-linux-x86_64-fedora-clang, r-devel-linux-x86_64-fedora-gcc, r-devel-windows-ix86+x86_64