CRAN Package Check Results for Package bagRboostR

Last updated on 2017-11-22 22:56:58 CET.

Flavor Version Tinstall Tcheck Ttotal Status Flags
r-devel-linux-x86_64-debian-clang 0.0.2 0.51 11.25 11.76 NOTE
r-devel-linux-x86_64-debian-gcc 0.0.2 0.64 31.56 32.20 NOTE
r-devel-linux-x86_64-fedora-clang 0.0.2 18.69 NOTE
r-devel-linux-x86_64-fedora-gcc 0.0.2 18.79 NOTE
r-devel-windows-ix86+x86_64 0.0.2 2.00 27.00 29.00 NOTE
r-patched-linux-x86_64 0.0.2 0.62 11.66 12.28 NOTE
r-patched-solaris-x86 0.0.2 28.70 NOTE
r-release-linux-x86_64 0.0.2 0.56 11.48 12.03 NOTE
r-release-windows-ix86+x86_64 0.0.2 2.00 39.00 41.00 NOTE
r-release-osx-x86_64 0.0.2 NOTE
r-oldrel-windows-ix86+x86_64 0.0.2 3.00 43.00 46.00 NOTE
r-oldrel-osx-x86_64 0.0.2 NOTE

Check Details

Version: 0.0.2
Check: R code for possible problems
Result: NOTE
    bagging: no visible global function definition for ‘predict’
    samme: no visible global function definition for ‘predict’
    Undefined global functions or variables:
     predict
    Consider adding
     importFrom("stats", "predict")
    to your NAMESPACE file.
Flavors: r-devel-linux-x86_64-debian-clang, r-devel-linux-x86_64-debian-gcc, r-devel-linux-x86_64-fedora-clang, r-devel-linux-x86_64-fedora-gcc, r-devel-windows-ix86+x86_64, r-patched-linux-x86_64, r-patched-solaris-x86, r-release-linux-x86_64, r-release-windows-ix86+x86_64, r-release-osx-x86_64, r-oldrel-windows-ix86+x86_64, r-oldrel-osx-x86_64