CRAN Package Check Results for Package bagRboostR

Last updated on 2015-03-03 03:48:48.

Flavor Version Tinstall Tcheck Ttotal Status Flags
r-devel-linux-x86_64-debian-clang 0.0.2 0.52 8.66 9.18 OK
r-devel-linux-x86_64-debian-gcc 0.0.2 0.50 8.36 8.87 OK
r-devel-linux-x86_64-fedora-clang 0.0.2 18.66 OK
r-devel-linux-x86_64-fedora-gcc 0.0.2 16.68 OK
r-devel-osx-x86_64-clang 0.0.2 21.01 OK
r-devel-windows-ix86+x86_64 0.0.2 6.00 19.00 25.00 OK
r-patched-linux-x86_64 0.0.2 0.67 9.70 10.36 OK
r-patched-solaris-sparc 0.0.2 121.90 OK
r-patched-solaris-x86 0.0.2 30.50 OK
r-release-linux-ix86 0.0.2 0.80 15.16 15.96 OK
r-release-linux-x86_64 0.0.2 0.56 9.46 10.02 OK
r-release-osx-x86_64-mavericks 0.0.2 OK
r-release-osx-x86_64-snowleopard 0.0.2 OK
r-release-windows-ix86+x86_64 0.0.2 5.00 23.00 28.00 OK
r-oldrel-windows-ix86+x86_64 0.0.2 3.00 15.00 18.00 ERROR

Check Details

Version: 0.0.2
Check: tests
Result: ERROR
    Running the tests in 'tests/test-all.R' failed.
    Last 13 lines of output:
     1. Error: samme returns a character vector of predicted classes ----------------
     Need at least two classes to do classification.
     1: withCallingHandlers(eval(code, new_test_environment), error = capture_calls)
     2: eval(code, new_test_environment)
     3: eval(expr, envir, enclos)
     4: samme(activity ~ ., train, test, 3, ntree = 5, trace = F) at test_samme.R:6
     5: randomForest(formula, data = t, do.trace = trace, ntree = ntree, mtry = mtry)
     6: randomForest.formula(formula, data = t, do.trace = trace, ntree = ntree, mtry = mtry)
     7: randomForest.default(m, y, ...)
     8: stop("Need at least two classes to do classification.")
    
     Error: Test failures
     Execution halted
Flavor: r-oldrel-windows-ix86+x86_64