CRAN Package Check Results for Package bagRboostR

Last updated on 2017-02-22 17:48:27.

Flavor Version Tinstall Tcheck Ttotal Status Flags
r-devel-linux-x86_64-debian-clang 0.0.2 0.58 11.50 12.08 NOTE
r-devel-linux-x86_64-debian-gcc 0.0.2 0.54 11.10 11.64 NOTE
r-devel-linux-x86_64-fedora-clang 0.0.2 19.33 NOTE --no-stop-on-test-error
r-devel-linux-x86_64-fedora-gcc 0.0.2 18.69 NOTE --no-stop-on-test-error
r-devel-macos-x86_64-clang 0.0.2 17.89 NOTE --no-stop-on-test-error
r-devel-windows-ix86+x86_64 0.0.2 4.00 42.00 46.00 NOTE
r-patched-linux-x86_64 0.0.2 0.51 8.85 9.36 NOTE
r-patched-solaris-sparc 0.0.2 95.80 NOTE
r-patched-solaris-x86 0.0.2 23.10 NOTE
r-release-linux-x86_64 0.0.2 0.52 8.73 9.25 NOTE
r-release-osx-x86_64-mavericks 0.0.2 NOTE
r-release-windows-ix86+x86_64 0.0.2 6.00 26.00 32.00 ERROR
r-oldrel-windows-ix86+x86_64 0.0.2 5.00 31.00 36.00 OK

Check Details

Version: 0.0.2
Check: R code for possible problems
Result: NOTE
    bagging: no visible global function definition for ‘predict’
    samme: no visible global function definition for ‘predict’
    Undefined global functions or variables:
     predict
    Consider adding
     importFrom("stats", "predict")
    to your NAMESPACE file.
Flavors: r-devel-linux-x86_64-debian-clang, r-devel-linux-x86_64-debian-gcc, r-devel-windows-ix86+x86_64, r-patched-linux-x86_64, r-patched-solaris-sparc, r-patched-solaris-x86, r-release-linux-x86_64, r-release-osx-x86_64-mavericks, r-release-windows-ix86+x86_64

Version: 0.0.2
Flags: --no-stop-on-test-error
Check: R code for possible problems
Result: NOTE
    bagging: no visible global function definition for ‘predict’
    samme: no visible global function definition for ‘predict’
    Undefined global functions or variables:
     predict
    Consider adding
     importFrom("stats", "predict")
    to your NAMESPACE file.
Flavors: r-devel-linux-x86_64-fedora-clang, r-devel-linux-x86_64-fedora-gcc, r-devel-macos-x86_64-clang

Version: 0.0.2
Check: tests
Result: ERROR
    Running the tests in 'tests/test-all.R' failed.
    Last 13 lines of output:
     1. Error: samme returns a character vector of predicted classes (@test_samme.R#6)
     Need at least two classes to do classification.
     1: samme(activity ~ ., train, test, 3, ntree = 5, trace = F) at D:/temp/RtmpoNPcIo/RLIBS_1bb41d664f58/bagRboostR/tests/test_samme.R:6
     2: randomForest(formula, data = t, do.trace = trace, ntree = ntree, mtry = mtry)
     3: randomForest.formula(formula, data = t, do.trace = trace, ntree = ntree, mtry = mtry)
     4: randomForest.default(m, y, ...)
     5: stop("Need at least two classes to do classification.")
    
     DONE ===========================================================================
     Error: Test failures
     In addition: Warning message:
     Placing tests in `inst/tests/` is deprecated. Please use `tests/testthat/` instead
     Execution halted
Flavor: r-release-windows-ix86+x86_64