CRAN Package Check Results for Package bagRboostR

Last updated on 2016-05-28 14:47:38.

Flavor Version Tinstall Tcheck Ttotal Status Flags
r-devel-linux-x86_64-debian-gcc 0.0.2 0.54 8.79 9.33 NOTE
r-devel-linux-x86_64-fedora-clang 0.0.2 15.28 NOTE
r-devel-linux-x86_64-fedora-gcc 0.0.2 13.89 NOTE
r-devel-osx-x86_64-clang 0.0.2 18.86 NOTE
r-devel-windows-ix86+x86_64 0.0.2 2.00 29.00 31.00 NOTE
r-patched-linux-x86_64 0.0.2 0.55 8.62 9.17 NOTE
r-patched-solaris-sparc 0.0.2 90.00 NOTE
r-patched-solaris-x86 0.0.2 21.70 NOTE
r-release-linux-x86_64 0.0.2 0.59 8.80 9.39 NOTE
r-release-osx-x86_64-mavericks 0.0.2 NOTE
r-release-windows-ix86+x86_64 0.0.2 5.00 34.00 39.00 NOTE
r-oldrel-windows-ix86+x86_64 0.0.2 2.00 22.00 24.00 OK

Check Details

Version: 0.0.2
Check: R code for possible problems
Result: NOTE
    bagging: no visible global function definition for ‘predict’
    samme: no visible global function definition for ‘predict’
    Undefined global functions or variables:
     predict
    Consider adding
     importFrom("stats", "predict")
    to your NAMESPACE file.
Flavors: r-devel-linux-x86_64-debian-gcc, r-devel-linux-x86_64-fedora-clang, r-devel-linux-x86_64-fedora-gcc, r-devel-osx-x86_64-clang, r-devel-windows-ix86+x86_64, r-patched-linux-x86_64, r-patched-solaris-sparc, r-patched-solaris-x86, r-release-linux-x86_64, r-release-osx-x86_64-mavericks, r-release-windows-ix86+x86_64