CRAN Package Check Results for Package bagRboostR

Last updated on 2014-09-30 15:53:21.

Flavor Version Tinstall Tcheck Ttotal Status Flags
r-devel-linux-x86_64-debian-clang 0.0.2 0.55 9.38 9.93 OK
r-devel-linux-x86_64-debian-gcc 0.0.2 0.54 9.44 9.98 OK
r-devel-linux-x86_64-fedora-clang 0.0.2 20.40 OK
r-devel-linux-x86_64-fedora-gcc 0.0.2 18.47 OK
r-devel-osx-x86_64-clang 0.0.2 21.69 OK
r-devel-windows-ix86+x86_64 0.0.2 2.00 16.00 18.00 OK
r-patched-linux-x86_64 0.0.2 0.57 9.52 10.09 OK
r-patched-solaris-sparc 0.0.2 117.80 OK
r-patched-solaris-x86 0.0.2 30.30 OK
r-release-linux-ix86 0.0.2 0.80 15.45 16.25 OK
r-release-linux-x86_64 0.0.2 0.51 9.34 9.84 OK
r-release-osx-x86_64-mavericks 0.0.2 OK
r-release-osx-x86_64-snowleopard 0.0.2 OK
r-release-windows-ix86+x86_64 0.0.2 2.00 14.00 16.00 ERROR
r-oldrel-windows-ix86+x86_64 0.0.2 2.00 17.00 19.00 OK

Check Details

Version: 0.0.2
Check: tests
Result: ERROR
    Running the tests in 'tests/test-all.R' failed.
    Last 13 lines of output:
     1. Error: samme returns a character vector of predicted classes ----------------
     Need at least two classes to do classification.
     1: withCallingHandlers(eval(code, new_test_environment), error = capture_calls)
     2: eval(code, new_test_environment)
     3: eval(expr, envir, enclos)
     4: samme(activity ~ ., train, test, 3, ntree = 5, trace = F) at test_samme.R:6
     5: randomForest(formula, data = t, do.trace = trace, ntree = ntree, mtry = mtry)
     6: randomForest.formula(formula, data = t, do.trace = trace, ntree = ntree, mtry = mtry)
     7: randomForest.default(m, y, ...)
     8: stop("Need at least two classes to do classification.")
    
     Error: Test failures
     Execution halted
Flavor: r-release-windows-ix86+x86_64