CRAN Package Check Results for Package bagRboostR

Last updated on 2015-09-04 22:46:40.

Flavor Version Tinstall Tcheck Ttotal Status Flags
r-devel-linux-x86_64-debian-clang 0.0.2 0.56 8.16 8.73 NOTE
r-devel-linux-x86_64-debian-gcc 0.0.2 0.46 8.36 8.83 NOTE
r-devel-linux-x86_64-fedora-clang 0.0.2 15.95 NOTE
r-devel-linux-x86_64-fedora-gcc 0.0.2 15.47 NOTE
r-devel-osx-x86_64-clang 0.0.2 15.69 OK
r-devel-windows-ix86+x86_64 0.0.2 3.00 18.00 21.00 NOTE
r-patched-linux-x86_64 0.0.2 0.52 8.68 9.20 OK
r-patched-solaris-sparc 0.0.2 116.60 OK
r-patched-solaris-x86 0.0.2 26.50 OK
r-release-linux-x86_64 0.0.2 0.57 9.37 9.94 OK
r-release-osx-x86_64-mavericks 0.0.2 OK
r-release-windows-ix86+x86_64 0.0.2 3.00 17.00 20.00 OK
r-oldrel-windows-ix86+x86_64 0.0.2 5.00 19.00 24.00 OK

Check Details

Version: 0.0.2
Check: R code for possible problems
Result: NOTE
    bagging: no visible global function definition for ‘predict’
    samme: no visible global function definition for ‘predict’
    Undefined global functions or variables:
     predict
    Consider adding
     importFrom("stats", "predict")
    to your NAMESPACE.
Flavors: r-devel-linux-x86_64-debian-clang, r-devel-linux-x86_64-debian-gcc, r-devel-linux-x86_64-fedora-clang, r-devel-linux-x86_64-fedora-gcc, r-devel-windows-ix86+x86_64