CRAN Package Check Results for Package bagRboostR

Last updated on 2017-07-24 10:46:35.

Flavor Version Tinstall Tcheck Ttotal Status Flags
r-devel-linux-x86_64-debian-clang 0.0.2 0.56 18.12 18.68 NOTE
r-devel-linux-x86_64-debian-gcc 0.0.2 0.61 17.97 18.59 NOTE
r-devel-linux-x86_64-fedora-clang 0.0.2 20.14 NOTE
r-devel-linux-x86_64-fedora-gcc 0.0.2 18.91 NOTE
r-devel-windows-ix86+x86_64 0.0.2 3.00 40.00 43.00 NOTE
r-patched-linux-x86_64 0.0.2 0.65 17.63 18.29 NOTE
r-patched-solaris-x86 0.0.2 28.70 NOTE
r-release-linux-x86_64 0.0.2 0.60 17.80 18.40 NOTE
r-release-windows-ix86+x86_64 0.0.2 2.00 38.00 40.00 NOTE
r-release-osx-x86_64 0.0.2 NOTE
r-oldrel-windows-ix86+x86_64 0.0.2 2.00 26.00 28.00 NOTE
r-oldrel-osx-x86_64 0.0.2 NOTE

Check Details

Version: 0.0.2
Check: R code for possible problems
Result: NOTE
    bagging: no visible global function definition for ‘predict’
    samme: no visible global function definition for ‘predict’
    Undefined global functions or variables:
     predict
    Consider adding
     importFrom("stats", "predict")
    to your NAMESPACE file.
Flavors: r-devel-linux-x86_64-debian-clang, r-devel-linux-x86_64-debian-gcc, r-devel-linux-x86_64-fedora-clang, r-devel-linux-x86_64-fedora-gcc, r-devel-windows-ix86+x86_64, r-patched-linux-x86_64, r-patched-solaris-x86, r-release-linux-x86_64, r-release-windows-ix86+x86_64, r-release-osx-x86_64, r-oldrel-windows-ix86+x86_64, r-oldrel-osx-x86_64