CRAN Package Check Results for Package baggingbwsel

Last updated on 2022-01-21 20:48:34 CET.

Flavor Version Tinstall Tcheck Ttotal Status Flags
r-devel-linux-x86_64-debian-clang 1.0 18.93 62.18 81.11 OK
r-devel-linux-x86_64-debian-gcc 1.0 19.11 46.39 65.50 OK
r-devel-linux-x86_64-fedora-clang 1.0 112.68 NOTE
r-devel-linux-x86_64-fedora-gcc 1.0 94.97 NOTE
r-devel-windows-x86_64-new-UL 1.0 115.00 113.00 228.00 OK
r-devel-windows-x86_64-new-TK 1.0 NOTE
r-patched-linux-x86_64 1.0 21.19 60.82 82.01 OK
r-release-linux-x86_64 1.0 21.90 60.26 82.16 OK
r-release-macos-arm64 1.0 NOTE
r-release-macos-x86_64 1.0 NOTE
r-release-windows-ix86+x86_64 1.0 57.00 135.00 192.00 OK
r-oldrel-macos-x86_64 1.0 NOTE
r-oldrel-windows-ix86+x86_64 1.0 54.00 135.00 189.00 OK

Check Details

Version: 1.0
Check: dependencies in R code
Result: NOTE
    Namespace in Imports field not imported from: ‘tkrplot’
     All declared Imports should be used.
Flavors: r-devel-linux-x86_64-fedora-clang, r-devel-linux-x86_64-fedora-gcc, r-devel-windows-x86_64-new-TK, r-release-macos-arm64, r-release-macos-x86_64, r-oldrel-macos-x86_64