CRAN Package Check Results for Package bagyo

Last updated on 2024-06-14 02:53:52 CEST.

Flavor Version Tinstall Tcheck Ttotal Status Flags
r-devel-linux-x86_64-debian-clang 0.1.1 2.24 41.75 43.99 OK
r-devel-linux-x86_64-debian-gcc 0.1.1 1.61 21.88 23.49 ERROR
r-devel-linux-x86_64-fedora-clang 0.1.1 59.82 OK
r-devel-linux-x86_64-fedora-gcc 0.1.1 67.16 OK
r-devel-windows-x86_64 0.1.1 3.00 54.00 57.00 OK
r-patched-linux-x86_64 0.1.1 1.95 39.72 41.67 OK
r-release-linux-x86_64 0.1.1 2.19 40.21 42.40 OK
r-release-macos-arm64 0.1.1 50.00 OK
r-release-macos-x86_64 0.1.1 44.00 OK
r-release-windows-x86_64 0.1.1 3.00 47.00 50.00 OK
r-oldrel-macos-arm64 0.1.1 59.00 OK
r-oldrel-macos-x86_64 0.1.1 112.00 OK
r-oldrel-windows-x86_64 0.1.1 4.00 58.00 62.00 OK

Check Details

Version: 0.1.1
Check: package dependencies
Result: NOTE Packages suggested but not available for checking: 'dplyr', 'ggplot2', 'lubridate', 'testthat', 'tibble', 'tidyr' Flavor: r-devel-linux-x86_64-debian-gcc

Version: 0.1.1
Check: tests
Result: ERROR Running ‘spelling.R’ [0s/1s] Running ‘testthat.R’ [0s/0s] Running the tests in ‘tests/testthat.R’ failed. Complete output: > # This file is part of the standard setup for testthat. > # It is recommended that you do not modify it. > # > # Where should you do additional test configuration? > # Learn more about the roles of various files in: > # * https://r-pkgs.org/testing-design.html#sec-tests-files-overview > # * https://testthat.r-lib.org/articles/special-files.html > > library(testthat) Error in library(testthat) : there is no package called 'testthat' Execution halted Flavor: r-devel-linux-x86_64-debian-gcc

Version: 0.1.1
Check: re-building of vignette outputs
Result: ERROR Error(s) in re-building vignettes: ... --- re-building ‘bagyo.Rmd’ using rmarkdown --- finished re-building ‘bagyo.Rmd’ --- re-building ‘visualisation.Rmd’ using rmarkdown Quitting from lines 20-25 [setup] (visualisation.Rmd) Error: processing vignette 'visualisation.Rmd' failed with diagnostics: there is no package called 'dplyr' --- failed re-building ‘visualisation.Rmd’ SUMMARY: processing the following file failed: ‘visualisation.Rmd’ Error: Vignette re-building failed. Execution halted Flavor: r-devel-linux-x86_64-debian-gcc