Last updated on 2023-03-23 23:51:44 CET.
Flavor | Version | Tinstall | Tcheck | Ttotal | Status | Flags |
---|---|---|---|---|---|---|
r-devel-linux-x86_64-debian-clang | 0.4.0 | 603.90 | 320.62 | 924.52 | NOTE | |
r-devel-linux-x86_64-debian-gcc | 0.4.0 | 543.58 | 273.17 | 816.75 | NOTE | |
r-devel-linux-x86_64-fedora-clang | 0.4.0 | 1249.48 | NOTE | |||
r-devel-linux-x86_64-fedora-gcc | 0.4.0 | 1311.63 | NOTE | |||
r-devel-windows-x86_64 | 0.4.0 | 434.00 | 427.00 | 861.00 | NOTE | |
r-patched-linux-x86_64 | 0.4.0 | 555.51 | 349.46 | 904.97 | NOTE | |
r-release-linux-x86_64 | 0.4.0 | 457.46 | 339.51 | 796.97 | NOTE | |
r-release-macos-arm64 | 0.4.0 | 252.00 | NOTE | |||
r-release-macos-x86_64 | 0.4.0 | 416.00 | NOTE | |||
r-release-windows-x86_64 | 0.4.0 | 383.00 | 435.00 | 818.00 | NOTE | |
r-oldrel-macos-arm64 | 0.4.0 | 277.00 | NOTE | |||
r-oldrel-macos-x86_64 | 0.4.0 | 416.00 | NOTE | |||
r-oldrel-windows-ix86+x86_64 | 0.4.0 | 1322.00 | 509.00 | 1831.00 | NOTE |
Version: 0.4.0
Check: for GNU extensions in Makefiles
Result: NOTE
GNU make is a SystemRequirements.
Flavors: r-devel-linux-x86_64-debian-clang, r-devel-linux-x86_64-debian-gcc, r-devel-linux-x86_64-fedora-clang, r-devel-linux-x86_64-fedora-gcc, r-devel-windows-x86_64, r-patched-linux-x86_64, r-release-linux-x86_64, r-release-macos-arm64, r-release-macos-x86_64, r-release-windows-x86_64, r-oldrel-macos-arm64, r-oldrel-macos-x86_64, r-oldrel-windows-ix86+x86_64
Version: 0.4.0
Check: installed package size
Result: NOTE
installed size is 7.2Mb
sub-directories of 1Mb or more:
libs 6.3Mb
Flavors: r-devel-linux-x86_64-fedora-clang, r-devel-windows-x86_64, r-release-macos-arm64, r-release-macos-x86_64, r-release-windows-x86_64, r-oldrel-macos-arm64, r-oldrel-macos-x86_64, r-oldrel-windows-ix86+x86_64
Version: 0.4.0
Check: dependencies in R code
Result: NOTE
Namespaces in Imports field not imported from:
‘RcppParallel’ ‘rstantools’
All declared Imports should be used.
Flavors: r-devel-linux-x86_64-fedora-clang, r-devel-linux-x86_64-fedora-gcc