CRAN Package Check Results for Package bamdit

Last updated on 2014-07-22 19:47:47.

Flavor Version Tinstall Tcheck Ttotal Status Flags
r-devel-linux-x86_64-debian-clang 1.1-1 0.72 11.43 12.15 NOTE
r-devel-linux-x86_64-debian-gcc 1.1-1 0.70 11.22 11.92 NOTE
r-devel-linux-x86_64-fedora-clang 1.1-1 25.97 NOTE
r-devel-linux-x86_64-fedora-gcc 1.1-1 23.81 NOTE
r-devel-osx-x86_64-clang 1.1-1 25.98 NOTE
r-devel-windows-ix86+x86_64 1.1-1 3.00 22.00 25.00 NOTE
r-patched-linux-x86_64 1.1-1 0.75 11.26 12.00 NOTE
r-patched-solaris-sparc 1.1-1 161.50 NOTE
r-patched-solaris-x86 1.1-1 38.30 NOTE
r-release-linux-ix86 1.1-1 1.06 17.32 18.38 NOTE
r-release-linux-x86_64 1.1-1 0.78 11.78 12.56 NOTE
r-release-osx-x86_64-mavericks 1.1-1 ERROR
r-release-osx-x86_64-snowleopard 1.1-1 NOTE
r-release-windows-ix86+x86_64 1.1-1 4.00 22.00 26.00 NOTE
r-oldrel-windows-ix86+x86_64 1.1-1 4.00 25.00 29.00 NOTE

Check Details

Version: 1.1-1
Check: dependencies in R code
Result: NOTE
    Packages in Depends field not imported from:
     ‘coda’ ‘rjags’
     These packages need to be imported from (in the NAMESPACE file)
     for when this namespace is loaded but not attached.
    See the information on DESCRIPTION files in the chapter ‘Creating R
    packages’ of the ‘Writing R Extensions’ manual.
Flavors: r-devel-linux-x86_64-debian-clang, r-devel-linux-x86_64-debian-gcc, r-devel-linux-x86_64-fedora-clang, r-devel-linux-x86_64-fedora-gcc, r-devel-osx-x86_64-clang, r-devel-windows-ix86+x86_64, r-patched-linux-x86_64, r-patched-solaris-sparc, r-patched-solaris-x86, r-release-linux-ix86, r-release-linux-x86_64, r-release-windows-ix86+x86_64, r-oldrel-windows-ix86+x86_64

Version: 1.1-1
Check: foreign function calls
Result: NOTE
    Foreign function call to a different package:
     .Call("is_adapting", ..., PACKAGE = "rjags")
    See the chapter ‘System and foreign language interfaces’ of the
    ‘Writing R Extensions’ manual.
Flavors: r-devel-linux-x86_64-debian-clang, r-devel-linux-x86_64-debian-gcc, r-devel-linux-x86_64-fedora-clang, r-devel-linux-x86_64-fedora-gcc, r-devel-osx-x86_64-clang, r-devel-windows-ix86+x86_64, r-patched-linux-x86_64, r-patched-solaris-sparc, r-patched-solaris-x86, r-release-linux-ix86, r-release-linux-x86_64, r-release-osx-x86_64-snowleopard, r-release-windows-ix86+x86_64, r-oldrel-windows-ix86+x86_64

Version: 1.1-1
Check: package dependencies
Result: ERROR
    Package required but not available: ‘rjags’
    
    See the information on DESCRIPTION files in the chapter ‘Creating R
    packages’ of the ‘Writing R Extensions’ manual.
Flavor: r-release-osx-x86_64-mavericks