CRAN Package Check Results for Package bamdit

Last updated on 2015-04-21 11:52:47.

Flavor Version Tinstall Tcheck Ttotal Status Flags
r-devel-linux-x86_64-debian-clang 1.1-1 0.69 9.74 10.43 NOTE
r-devel-linux-x86_64-debian-gcc 1.1-1 0.68 9.73 10.41 NOTE
r-devel-linux-x86_64-fedora-clang 1.1-1 20.38 NOTE
r-devel-linux-x86_64-fedora-gcc 1.1-1 18.77 NOTE
r-devel-osx-x86_64-clang 1.1-1 24.60 NOTE
r-devel-windows-ix86+x86_64 1.1-1 3.00 19.00 22.00 NOTE
r-patched-linux-x86_64 1.1-1 0.68 9.50 10.18 NOTE
r-patched-solaris-sparc 1.1-1 153.90 NOTE
r-patched-solaris-x86 1.1-1 39.10 NOTE
r-release-linux-x86_64 1.1-1 0.77 9.52 10.29 NOTE
r-release-osx-x86_64-mavericks 1.1-1 NOTE
r-release-osx-x86_64-snowleopard 1.1-1 NOTE
r-release-windows-ix86+x86_64 1.1-1 2.00 16.00 18.00 NOTE
r-oldrel-windows-ix86+x86_64 1.1-1 3.00 29.00 32.00 NOTE

Check Details

Version: 1.1-1
Check: dependencies in R code
Result: NOTE
    Packages in Depends field not imported from:
     ‘coda’ ‘rjags’
     These packages need to be imported from (in the NAMESPACE file)
     for when this namespace is loaded but not attached.
Flavors: r-devel-linux-x86_64-debian-clang, r-devel-linux-x86_64-debian-gcc, r-devel-linux-x86_64-fedora-clang, r-devel-linux-x86_64-fedora-gcc, r-devel-osx-x86_64-clang, r-devel-windows-ix86+x86_64, r-patched-linux-x86_64, r-patched-solaris-sparc, r-patched-solaris-x86, r-release-linux-x86_64, r-release-osx-x86_64-mavericks, r-release-osx-x86_64-snowleopard, r-release-windows-ix86+x86_64, r-oldrel-windows-ix86+x86_64

Version: 1.1-1
Check: foreign function calls
Result: NOTE
    Foreign function call to a different package:
     .Call("is_adapting", ..., PACKAGE = "rjags")
    See chapter ‘System and foreign language interfaces’ in the ‘Writing R
    Extensions’ manual.
Flavors: r-devel-linux-x86_64-debian-clang, r-devel-linux-x86_64-debian-gcc, r-devel-linux-x86_64-fedora-clang, r-devel-linux-x86_64-fedora-gcc, r-devel-osx-x86_64-clang, r-devel-windows-ix86+x86_64, r-patched-linux-x86_64, r-patched-solaris-sparc, r-patched-solaris-x86, r-release-linux-x86_64, r-release-osx-x86_64-mavericks, r-release-osx-x86_64-snowleopard, r-release-windows-ix86+x86_64, r-oldrel-windows-ix86+x86_64

Version: 1.1-1
Check: R code for possible problems
Result: NOTE
    bamdit.plot: no visible global function definition for ‘as.mcmc’
    metadiag: no visible global function definition for ‘jags.model’
    metadiag: no visible global function definition for ‘coda.samples’
Flavors: r-devel-linux-x86_64-debian-clang, r-devel-linux-x86_64-debian-gcc, r-devel-linux-x86_64-fedora-clang, r-devel-linux-x86_64-fedora-gcc, r-devel-osx-x86_64-clang, r-devel-windows-ix86+x86_64, r-patched-linux-x86_64, r-patched-solaris-sparc, r-patched-solaris-x86, r-release-linux-x86_64, r-release-osx-x86_64-mavericks, r-release-osx-x86_64-snowleopard, r-release-windows-ix86+x86_64, r-oldrel-windows-ix86+x86_64