CRAN Package Check Results for Package bamdit

Last updated on 2014-10-25 23:46:35.

Flavor Version Tinstall Tcheck Ttotal Status Flags
r-devel-linux-x86_64-debian-clang 1.1-1 0.72 12.02 12.74 NOTE
r-devel-linux-x86_64-debian-gcc 1.1-1 0.70 11.75 12.45 NOTE
r-devel-linux-x86_64-fedora-clang 1.1-1 24.80 NOTE
r-devel-linux-x86_64-fedora-gcc 1.1-1 24.02 NOTE
r-devel-osx-x86_64-clang 1.1-1 26.44 NOTE
r-devel-windows-ix86+x86_64 1.1-1 3.00 23.00 26.00 NOTE
r-patched-linux-x86_64 1.1-1 0.77 11.54 12.31 NOTE
r-patched-solaris-sparc 1.1-1 143.80 NOTE
r-patched-solaris-x86 1.1-1 42.00 NOTE
r-release-linux-ix86 1.1-1 1.05 18.30 19.35 NOTE
r-release-linux-x86_64 1.1-1 0.90 11.67 12.57 NOTE
r-release-osx-x86_64-mavericks 1.1-1 NOTE
r-release-osx-x86_64-snowleopard 1.1-1 NOTE
r-release-windows-ix86+x86_64 1.1-1 4.00 22.00 26.00 NOTE
r-oldrel-windows-ix86+x86_64 1.1-1 3.00 25.00 28.00 NOTE

Check Details

Version: 1.1-1
Check: dependencies in R code
Result: NOTE
    Packages in Depends field not imported from:
     ‘coda’ ‘rjags’
     These packages need to be imported from (in the NAMESPACE file)
     for when this namespace is loaded but not attached.
    See the information on DESCRIPTION files in the chapter ‘Creating R
    packages’ of the ‘Writing R Extensions’ manual.
Flavors: r-devel-linux-x86_64-debian-clang, r-devel-linux-x86_64-debian-gcc, r-devel-linux-x86_64-fedora-clang, r-devel-linux-x86_64-fedora-gcc, r-devel-osx-x86_64-clang, r-devel-windows-ix86+x86_64, r-patched-linux-x86_64, r-patched-solaris-sparc, r-patched-solaris-x86, r-release-linux-ix86, r-release-linux-x86_64, r-release-osx-x86_64-mavericks, r-release-windows-ix86+x86_64, r-oldrel-windows-ix86+x86_64

Version: 1.1-1
Check: foreign function calls
Result: NOTE
    Foreign function call to a different package:
     .Call("is_adapting", ..., PACKAGE = "rjags")
    See the chapter ‘System and foreign language interfaces’ of the
    ‘Writing R Extensions’ manual.
Flavors: r-devel-linux-x86_64-debian-clang, r-devel-linux-x86_64-debian-gcc, r-devel-linux-x86_64-fedora-clang, r-devel-linux-x86_64-fedora-gcc, r-devel-osx-x86_64-clang, r-devel-windows-ix86+x86_64, r-patched-linux-x86_64, r-patched-solaris-sparc, r-patched-solaris-x86, r-release-linux-ix86, r-release-linux-x86_64, r-release-osx-x86_64-mavericks, r-release-osx-x86_64-snowleopard, r-release-windows-ix86+x86_64, r-oldrel-windows-ix86+x86_64

Version: 1.1-1
Check: R code for possible problems
Result: NOTE
    bamdit.plot: no visible global function definition for ‘as.mcmc’
    metadiag: no visible global function definition for ‘jags.model’
    metadiag: no visible global function definition for ‘coda.samples’
Flavors: r-devel-linux-x86_64-debian-clang, r-devel-linux-x86_64-debian-gcc, r-devel-linux-x86_64-fedora-clang, r-devel-linux-x86_64-fedora-gcc, r-devel-osx-x86_64-clang, r-devel-windows-ix86+x86_64, r-patched-linux-x86_64, r-patched-solaris-sparc, r-patched-solaris-x86