CRAN Package Check Results for Package bamdit

Last updated on 2014-04-17 10:47:45.

Flavor Version Tinstall Tcheck Ttotal Status Flags
r-devel-linux-x86_64-debian-clang 1.1-1 0.81 11.83 12.64 NOTE
r-devel-linux-x86_64-debian-gcc 1.1-1 0.85 11.87 12.72 NOTE
r-devel-linux-x86_64-fedora-clang 1.1-1 24.88 NOTE
r-devel-linux-x86_64-fedora-gcc 1.1-1 23.00 NOTE
r-devel-macosx-x86_64-clang 1.1-1 27.76 NOTE
r-devel-macosx-x86_64-gcc 1.1-1 NOTE
r-devel-windows-ix86+x86_64 1.1-1 3.00 22.00 25.00 NOTE
r-patched-linux-x86_64 1.1-1 0.87 11.96 12.83 NOTE
r-patched-solaris-sparc 1.1-1 161.50 NOTE
r-patched-solaris-x86 1.1-1 38.40 NOTE
r-release-linux-ix86 1.1-1 2.00 25.00 27.00 NOTE
r-release-linux-x86_64 1.1-1 0.83 12.31 13.14 NOTE
r-release-macosx-x86_64 1.1-1 NOTE
r-release-windows-ix86+x86_64 1.1-1 4.00 22.00 26.00 NOTE
r-oldrel-windows-ix86+x86_64 1.1-1 4.00 23.00 27.00 NOTE

Check Details

Version: 1.1-1
Check: dependencies in R code
Result: NOTE
    Packages in Depends field not imported from:
     ‘coda’ ‘rjags’
     These packages need to be imported from (in the NAMESPACE file)
     for when this namespace is loaded but not attached.
    See the information on DESCRIPTION files in the chapter ‘Creating R
    packages’ of the ‘Writing R Extensions’ manual.
Flavors: r-devel-linux-x86_64-debian-clang, r-devel-linux-x86_64-debian-gcc, r-devel-linux-x86_64-fedora-clang, r-devel-linux-x86_64-fedora-gcc, r-devel-macosx-x86_64-clang, r-devel-macosx-x86_64-gcc, r-devel-windows-ix86+x86_64, r-patched-linux-x86_64, r-patched-solaris-sparc, r-patched-solaris-x86, r-release-linux-ix86, r-release-linux-x86_64, r-release-windows-ix86+x86_64, r-oldrel-windows-ix86+x86_64

Version: 1.1-1
Check: foreign function calls
Result: NOTE
    Foreign function call to a different package:
     .Call("is_adapting", ..., PACKAGE = "rjags")
    See the chapter ‘System and foreign language interfaces’ of the
    ‘Writing R Extensions’ manual.
Flavors: r-devel-linux-x86_64-debian-clang, r-devel-linux-x86_64-debian-gcc, r-devel-linux-x86_64-fedora-clang, r-devel-linux-x86_64-fedora-gcc, r-devel-macosx-x86_64-clang, r-devel-macosx-x86_64-gcc, r-devel-windows-ix86+x86_64, r-patched-linux-x86_64, r-patched-solaris-sparc, r-patched-solaris-x86, r-release-linux-ix86, r-release-linux-x86_64, r-release-macosx-x86_64, r-release-windows-ix86+x86_64, r-oldrel-windows-ix86+x86_64