CRAN Package Check Results for Package bamdit

Last updated on 2014-11-29 08:53:12.

Flavor Version Tinstall Tcheck Ttotal Status Flags
r-devel-linux-x86_64-debian-clang 1.1-1 0.71 11.47 12.18 NOTE
r-devel-linux-x86_64-debian-gcc 1.1-1 0.91 11.37 12.28 NOTE
r-devel-linux-x86_64-fedora-clang 1.1-1 26.20 NOTE
r-devel-linux-x86_64-fedora-gcc 1.1-1 27.09 NOTE
r-devel-osx-x86_64-clang 1.1-1 26.88 NOTE
r-devel-windows-ix86+x86_64 1.1-1 3.00 22.00 25.00 NOTE
r-patched-linux-x86_64 1.1-1 0.74 11.44 12.18 NOTE
r-patched-solaris-sparc 1.1-1 143.80 NOTE
r-patched-solaris-x86 1.1-1 39.80 NOTE
r-release-linux-ix86 1.1-1 0.99 18.04 19.03 NOTE
r-release-linux-x86_64 1.1-1 0.74 11.62 12.36 NOTE
r-release-osx-x86_64-mavericks 1.1-1 NOTE
r-release-osx-x86_64-snowleopard 1.1-1 NOTE
r-release-windows-ix86+x86_64 1.1-1 4.00 24.00 28.00 NOTE
r-oldrel-windows-ix86+x86_64 1.1-1 4.00 26.00 30.00 NOTE

Check Details

Version: 1.1-1
Check: dependencies in R code
Result: NOTE
    Packages in Depends field not imported from:
     ‘coda’ ‘rjags’
     These packages need to be imported from (in the NAMESPACE file)
     for when this namespace is loaded but not attached.
    See the information on DESCRIPTION files in the chapter ‘Creating R
    packages’ of the ‘Writing R Extensions’ manual.
Flavors: r-devel-linux-x86_64-debian-clang, r-devel-linux-x86_64-debian-gcc, r-devel-linux-x86_64-fedora-clang, r-devel-linux-x86_64-fedora-gcc, r-devel-osx-x86_64-clang, r-devel-windows-ix86+x86_64, r-patched-linux-x86_64, r-patched-solaris-sparc, r-patched-solaris-x86, r-release-linux-ix86, r-release-linux-x86_64, r-release-osx-x86_64-mavericks, r-release-windows-ix86+x86_64, r-oldrel-windows-ix86+x86_64

Version: 1.1-1
Check: foreign function calls
Result: NOTE
    Foreign function call to a different package:
     .Call("is_adapting", ..., PACKAGE = "rjags")
    See the chapter ‘System and foreign language interfaces’ of the
    ‘Writing R Extensions’ manual.
Flavors: r-devel-linux-x86_64-debian-clang, r-devel-linux-x86_64-debian-gcc, r-devel-linux-x86_64-fedora-clang, r-devel-linux-x86_64-fedora-gcc, r-devel-osx-x86_64-clang, r-devel-windows-ix86+x86_64, r-patched-linux-x86_64, r-patched-solaris-sparc, r-patched-solaris-x86, r-release-linux-ix86, r-release-linux-x86_64, r-release-osx-x86_64-mavericks, r-release-osx-x86_64-snowleopard, r-release-windows-ix86+x86_64, r-oldrel-windows-ix86+x86_64

Version: 1.1-1
Check: R code for possible problems
Result: NOTE
    bamdit.plot: no visible global function definition for ‘as.mcmc’
    metadiag: no visible global function definition for ‘jags.model’
    metadiag: no visible global function definition for ‘coda.samples’
Flavors: r-devel-linux-x86_64-debian-clang, r-devel-linux-x86_64-debian-gcc, r-devel-linux-x86_64-fedora-clang, r-devel-linux-x86_64-fedora-gcc, r-devel-osx-x86_64-clang, r-devel-windows-ix86+x86_64, r-patched-linux-x86_64, r-patched-solaris-sparc, r-patched-solaris-x86, r-release-linux-ix86, r-release-linux-x86_64, r-release-windows-ix86+x86_64