CRAN Package Check Results for Package bamdit

Last updated on 2016-02-08 02:47:14.

Flavor Version Tinstall Tcheck Ttotal Status Flags
r-devel-linux-x86_64-debian-gcc 2.0.1 1.20 15.71 16.90 OK
r-devel-linux-x86_64-fedora-clang 2.0.1 31.43 OK
r-devel-linux-x86_64-fedora-gcc 2.0.1 28.84 OK
r-devel-osx-x86_64-clang 2.0.1 35.99 OK
r-devel-windows-ix86+x86_64 2.0.1 9.00 33.00 42.00 OK
r-patched-linux-x86_64 2.0.1 1.24 17.35 18.59 OK
r-patched-solaris-sparc 2.0.1 224.90 OK
r-patched-solaris-x86 2.0.1 49.00 OK
r-release-linux-x86_64 2.0.1 1.26 17.58 18.84 WARN
r-release-osx-x86_64-mavericks 2.0.1 OK
r-release-windows-ix86+x86_64 2.0.1 6.00 37.00 43.00 OK
r-oldrel-windows-ix86+x86_64 2.0.1 15.00 83.00 98.00 WARN

Check Details

Version: 2.0.1
Check: whether package can be installed
Result: WARN
    Found the following significant warnings:
     Warning: replacing previous import by ‘grid::arrow’ when loading ‘bamdit’
     Warning: replacing previous import by ‘grid::unit’ when loading ‘bamdit’
Flavors: r-release-linux-x86_64, r-oldrel-windows-ix86+x86_64