CRAN Package Check Results for Package bamdit

Last updated on 2015-03-27 19:48:18.

Flavor Version Tinstall Tcheck Ttotal Status Flags
r-devel-linux-x86_64-debian-clang 1.1-1 0.67 10.20 10.87 NOTE
r-devel-linux-x86_64-debian-gcc 1.1-1 0.65 9.44 10.09 NOTE
r-devel-linux-x86_64-fedora-clang 1.1-1 20.04 NOTE
r-devel-linux-x86_64-fedora-gcc 1.1-1 18.50 NOTE
r-devel-osx-x86_64-clang 1.1-1 26.23 NOTE
r-prerel-windows-ix86+x86_64 1.1-1 2.00 18.00 20.00 NOTE
r-prerel-linux-x86_64 1.1-1 0.64 12.18 12.82 NOTE
r-prerel-solaris-sparc 1.1-1 153.90 NOTE
r-prerel-solaris-x86 1.1-1 33.10 NOTE
r-release-linux-x86_64 1.1-1 0.71 11.80 12.51 NOTE
r-release-osx-x86_64-mavericks 1.1-1 NOTE
r-release-osx-x86_64-snowleopard 1.1-1 NOTE
r-release-windows-ix86+x86_64 1.1-1 3.00 24.00 27.00 NOTE
r-oldrel-windows-ix86+x86_64 1.1-1 4.00 40.00 44.00 NOTE

Check Details

Version: 1.1-1
Check: dependencies in R code
Result: NOTE
    Packages in Depends field not imported from:
     ‘coda’ ‘rjags’
     These packages need to be imported from (in the NAMESPACE file)
     for when this namespace is loaded but not attached.
Flavors: r-devel-linux-x86_64-debian-clang, r-devel-linux-x86_64-debian-gcc, r-devel-linux-x86_64-fedora-clang, r-devel-linux-x86_64-fedora-gcc, r-devel-osx-x86_64-clang, r-prerel-windows-ix86+x86_64, r-prerel-linux-x86_64, r-prerel-solaris-sparc, r-prerel-solaris-x86, r-release-linux-x86_64, r-release-windows-ix86+x86_64

Version: 1.1-1
Check: foreign function calls
Result: NOTE
    Foreign function call to a different package:
     .Call("is_adapting", ..., PACKAGE = "rjags")
    See chapter ‘System and foreign language interfaces’ in the ‘Writing R
    Extensions’ manual.
Flavors: r-devel-linux-x86_64-debian-clang, r-devel-linux-x86_64-debian-gcc, r-devel-linux-x86_64-fedora-clang, r-devel-linux-x86_64-fedora-gcc, r-devel-osx-x86_64-clang, r-prerel-windows-ix86+x86_64, r-prerel-linux-x86_64, r-prerel-solaris-sparc, r-prerel-solaris-x86, r-release-linux-x86_64, r-release-windows-ix86+x86_64

Version: 1.1-1
Check: R code for possible problems
Result: NOTE
    bamdit.plot: no visible global function definition for ‘as.mcmc’
    metadiag: no visible global function definition for ‘jags.model’
    metadiag: no visible global function definition for ‘coda.samples’
Flavors: r-devel-linux-x86_64-debian-clang, r-devel-linux-x86_64-debian-gcc, r-devel-linux-x86_64-fedora-clang, r-devel-linux-x86_64-fedora-gcc, r-devel-osx-x86_64-clang, r-prerel-windows-ix86+x86_64, r-prerel-linux-x86_64, r-prerel-solaris-sparc, r-prerel-solaris-x86, r-release-linux-x86_64, r-release-osx-x86_64-mavericks, r-release-windows-ix86+x86_64

Version: 1.1-1
Check: dependencies in R code
Result: NOTE
    Packages in Depends field not imported from:
     ‘coda’ ‘rjags’
     These packages need to be imported from (in the NAMESPACE file)
     for when this namespace is loaded but not attached.
    See the information on DESCRIPTION files in the chapter ‘Creating R
    packages’ of the ‘Writing R Extensions’ manual.
Flavors: r-release-osx-x86_64-mavericks, r-oldrel-windows-ix86+x86_64

Version: 1.1-1
Check: foreign function calls
Result: NOTE
    Foreign function call to a different package:
     .Call("is_adapting", ..., PACKAGE = "rjags")
    See the chapter ‘System and foreign language interfaces’ of the
    ‘Writing R Extensions’ manual.
Flavors: r-release-osx-x86_64-mavericks, r-release-osx-x86_64-snowleopard, r-oldrel-windows-ix86+x86_64