CRAN Package Check Results for Package bamdit

Last updated on 2017-02-25 03:48:00.

Flavor Version Tinstall Tcheck Ttotal Status Flags
r-devel-linux-x86_64-debian-clang 3.0.0 1.61 23.38 24.98 OK
r-devel-linux-x86_64-debian-gcc 3.0.0 1.61 23.81 25.42 OK
r-devel-linux-x86_64-fedora-clang 3.0.0 45.15 OK --no-stop-on-test-error
r-devel-linux-x86_64-fedora-gcc 3.0.0 44.34 OK --no-stop-on-test-error
r-devel-macos-x86_64-clang 3.0.0 38.30 OK --no-stop-on-test-error
r-devel-windows-ix86+x86_64 3.0.0 10.00 69.00 79.00 OK
r-patched-linux-x86_64 3.0.0 1.62 20.43 22.04 OK
r-patched-solaris-sparc 3.0.0 259.80 OK
r-patched-solaris-x86 3.0.0 58.60 OK
r-release-linux-x86_64 3.0.0 1.72 20.14 21.86 OK
r-release-osx-x86_64-mavericks 3.0.0 OK
r-release-windows-ix86+x86_64 3.0.0 10.00 45.00 55.00 OK
r-oldrel-windows-ix86+x86_64 3.0.0 2.00 3.00 5.00 ERROR

Check Details

Version: 3.0.0
Check: whether package can be installed
Result: ERROR
    Installation failed.
Flavor: r-oldrel-windows-ix86+x86_64