CRAN Package Check Results for Package bamdit

Last updated on 2016-04-30 03:51:04.

Flavor Version Tinstall Tcheck Ttotal Status Flags
r-devel-linux-x86_64-debian-gcc 2.0.1 1.19 16.85 18.05 OK
r-devel-linux-x86_64-fedora-clang 2.0.1 31.40 OK
r-devel-linux-x86_64-fedora-gcc 2.0.1 29.57 OK
r-devel-osx-x86_64-clang 2.0.1 36.49 OK
r-devel-windows-ix86+x86_64 2.0.1 5.00 38.00 43.00 OK
r-patched-linux-x86_64 2.0.1 1.18 16.45 17.63 OK
r-patched-solaris-sparc 2.0.1 204.10 OK
r-patched-solaris-x86 2.0.1 48.20 OK
r-release-linux-x86_64 2.0.1 1.28 18.19 19.47 OK
r-release-osx-x86_64-mavericks 2.0.1 OK
r-release-windows-ix86+x86_64 2.0.1 5.00 37.00 42.00 OK
r-oldrel-windows-ix86+x86_64 2.0.1 14.00 79.00 93.00 WARN

Check Details

Version: 2.0.1
Check: whether package can be installed
Result: WARN
    Found the following significant warnings:
     Warning: replacing previous import by 'grid::arrow' when loading 'bamdit'
     Warning: replacing previous import by 'grid::unit' when loading 'bamdit'
Flavor: r-oldrel-windows-ix86+x86_64