CRAN Package Check Results for Package bamdit

Last updated on 2017-03-27 06:47:56.

Flavor Version Tinstall Tcheck Ttotal Status Flags
r-devel-linux-x86_64-debian-clang 3.0.0 1.78 24.08 25.86 OK
r-devel-linux-x86_64-debian-gcc 3.0.0 1.61 23.33 24.94 OK
r-devel-linux-x86_64-fedora-clang 3.0.0 48.50 OK --no-stop-on-test-error
r-devel-linux-x86_64-fedora-gcc 3.0.0 44.76 OK --no-stop-on-test-error
r-devel-macos-x86_64-clang 3.0.0 38.08 OK --no-stop-on-test-error
r-patched-linux-x86_64 3.0.0 1.62 23.43 25.05 OK
r-patched-solaris-sparc 3.0.0 280.60 OK
r-patched-solaris-x86 3.0.0 70.90 OK
r-release-linux-x86_64 3.0.0 1.74 20.55 22.29 OK
r-release-osx-x86_64-mavericks 3.0.0 OK
r-release-windows-ix86+x86_64 3.0.0 10.00 47.00 57.00 OK
r-oldrel-windows-ix86+x86_64 3.0.0 2.00 2.00 4.00 ERROR

Check Details

Version: 3.0.0
Check: whether package can be installed
Result: ERROR
    Installation failed.
Flavor: r-oldrel-windows-ix86+x86_64