CRAN Package Check Results for Package bams

Last updated on 2015-03-04 23:47:13.

Flavor Version Tinstall Tcheck Ttotal Status Flags
r-devel-linux-x86_64-debian-clang 1.6 0.82 11.32 12.14 NOTE
r-devel-linux-x86_64-debian-gcc 1.6 0.69 11.41 12.10 NOTE
r-devel-linux-x86_64-fedora-clang 1.6 23.56 NOTE
r-devel-linux-x86_64-fedora-gcc 1.6 21.74 NOTE
r-devel-osx-x86_64-clang 1.6 27.70 NOTE
r-devel-windows-ix86+x86_64 1.6 3.00 20.00 23.00 NOTE
r-patched-linux-x86_64 1.6 0.80 11.91 12.71 NOTE
r-patched-solaris-sparc 1.6 169.90 NOTE
r-patched-solaris-x86 1.6 36.80 NOTE
r-release-linux-ix86 1.6 1.10 19.64 20.74 NOTE
r-release-linux-x86_64 1.6 0.77 12.54 13.32 NOTE
r-release-osx-x86_64-mavericks 1.6 NOTE
r-release-windows-ix86+x86_64 1.6 4.00 21.00 25.00 NOTE
r-oldrel-windows-ix86+x86_64 1.6 4.00 27.00 31.00 NOTE

Check Details

Version: 1.6
Check: package dependencies
Result: NOTE
    Package suggested but not available for checking: ‘gada’
Flavors: r-devel-linux-x86_64-debian-clang, r-devel-linux-x86_64-debian-gcc, r-devel-linux-x86_64-fedora-gcc, r-devel-windows-ix86+x86_64, r-patched-linux-x86_64, r-patched-solaris-sparc, r-patched-solaris-x86, r-release-linux-ix86, r-release-linux-x86_64, r-release-windows-ix86+x86_64, r-oldrel-windows-ix86+x86_64

Version: 1.6
Check: dependencies in R code
Result: NOTE
    'library' or 'require' calls in package code:
     ‘DNAcopy’ ‘GLAD’ ‘cghseg’ ‘changepoint’ ‘gada’ ‘grid’ ‘proto’
     Please use :: or requireNamespace() instead.
     See section 'Suggested packages' in the 'Writing R Extensions' manual.
    Missing or unexported object: ‘ggplot2::coord_transform’
    Unexported objects imported by ':::' calls:
     ‘cghseg:::segmeanCO’ ‘ggplot2:::GeomRect’
     See the note in ?`:::` about the use of this operator.
Flavors: r-devel-linux-x86_64-debian-clang, r-devel-linux-x86_64-debian-gcc, r-devel-linux-x86_64-fedora-clang, r-devel-linux-x86_64-fedora-gcc, r-devel-osx-x86_64-clang, r-devel-windows-ix86+x86_64, r-patched-linux-x86_64, r-patched-solaris-sparc, r-patched-solaris-x86

Version: 1.6
Check: R code for possible problems
Result: NOTE
    dnacopy.smoothvec : <anonymous>: no visible global function definition
     for ‘smooth.CNA’
    dnacopy.smoothvec : <anonymous>: no visible global function definition
     for ‘segment’
    dnacopy.smoothvec : <anonymous>: no visible binding for global variable
     ‘segment’
    gada.results : <anonymous> : <anonymous>: no visible global function
     definition for ‘WextIextToSegments’
    geom_tallrect: no visible global function definition for ‘proto’
    geom_tallrect : draw_groups: no visible global function definition for
     ‘unit’
    run.pelt: no visible binding for global variable ‘cpt.mean’
    runglad: no visible global function definition for ‘as.profileCGH’
    runglad : <anonymous>: no visible binding for global variable ‘daglad’
    runglad : <anonymous> : <anonymous>: no visible binding for global
     variable ‘glad’
Flavors: r-devel-linux-x86_64-debian-clang, r-devel-linux-x86_64-debian-gcc, r-devel-linux-x86_64-fedora-clang, r-devel-linux-x86_64-fedora-gcc, r-devel-osx-x86_64-clang, r-devel-windows-ix86+x86_64, r-patched-linux-x86_64, r-patched-solaris-sparc, r-patched-solaris-x86, r-release-linux-ix86, r-release-linux-x86_64, r-release-osx-x86_64-mavericks, r-release-windows-ix86+x86_64

Version: 1.6
Check: line endings in Makefiles
Result: NOTE
    Found the following Makefile(s) without a final LF:
     inst/article/Makefile
    Some ‘make’ programs ignore lines not ending in LF.
Flavors: r-devel-linux-x86_64-debian-clang, r-devel-linux-x86_64-debian-gcc, r-devel-linux-x86_64-fedora-clang, r-devel-linux-x86_64-fedora-gcc, r-devel-osx-x86_64-clang, r-devel-windows-ix86+x86_64, r-patched-linux-x86_64, r-patched-solaris-sparc, r-patched-solaris-x86, r-release-osx-x86_64-mavericks

Version: 1.6
Check: package dependencies
Result: NOTE
    Packages suggested but not available for checking: ‘GLAD’ ‘gada’
Flavors: r-devel-linux-x86_64-fedora-clang, r-devel-osx-x86_64-clang, r-release-osx-x86_64-mavericks

Version: 1.6
Check: dependencies in R code
Result: NOTE
    Missing or unexported object: ‘ggplot2::coord_transform’
    Unexported objects imported by ':::' calls:
     ‘cghseg:::segmeanCO’ ‘ggplot2:::GeomRect’
     See the note in ?`:::` about the use of this operator.
    See the information on DESCRIPTION files in the chapter ‘Creating R
    packages’ of the ‘Writing R Extensions’ manual.
Flavors: r-release-linux-ix86, r-release-linux-x86_64, r-release-osx-x86_64-mavericks, r-release-windows-ix86+x86_64, r-oldrel-windows-ix86+x86_64

Version: 1.6
Check: R code for possible problems
Result: NOTE
    gada.results : <anonymous> : <anonymous>: no visible global function
     definition for 'WextIextToSegments'
Flavor: r-oldrel-windows-ix86+x86_64