Last updated on 2023-03-27 18:51:51 CEST.
Flavor | Version | Tinstall | Tcheck | Ttotal | Status | Flags |
---|---|---|---|---|---|---|
r-devel-linux-x86_64-debian-clang | 1.0.0 | 36.47 | 350.22 | 386.69 | OK | |
r-devel-linux-x86_64-debian-gcc | 1.0.0 | 28.37 | 253.12 | 281.49 | OK | |
r-devel-linux-x86_64-fedora-clang | 1.0.0 | 468.81 | NOTE | |||
r-devel-linux-x86_64-fedora-gcc | 1.0.0 | 453.52 | OK | |||
r-devel-windows-x86_64 | 1.0.0 | 52.00 | 343.00 | 395.00 | NOTE | |
r-patched-linux-x86_64 | 1.0.0 | 34.24 | 327.65 | 361.89 | OK | |
r-release-linux-x86_64 | 1.0.0 | 24.81 | 321.32 | 346.13 | OK | |
r-release-macos-arm64 | 1.0.0 | 124.00 | NOTE | |||
r-release-macos-x86_64 | 1.0.0 | 168.00 | NOTE | |||
r-release-windows-x86_64 | 1.0.0 | 55.00 | 358.00 | 413.00 | NOTE | |
r-oldrel-macos-arm64 | 1.0.0 | 117.00 | NOTE | |||
r-oldrel-macos-x86_64 | 1.0.0 | 166.00 | NOTE | |||
r-oldrel-windows-ix86+x86_64 | 1.0.0 | 80.00 | 320.00 | 400.00 | NOTE |
Version: 1.0.0
Check: installed package size
Result: NOTE
installed size is 5.8Mb
sub-directories of 1Mb or more:
data 4.9Mb
Flavors: r-devel-linux-x86_64-fedora-clang, r-devel-windows-x86_64, r-release-macos-arm64, r-release-macos-x86_64, r-release-windows-x86_64, r-oldrel-macos-arm64, r-oldrel-macos-x86_64, r-oldrel-windows-ix86+x86_64