Last updated on 2025-01-21 19:49:24 CET.
Flavor | Version | Tinstall | Tcheck | Ttotal | Status | Flags |
---|---|---|---|---|---|---|
r-devel-linux-x86_64-debian-clang | 1.1 | 31.72 | 264.58 | 296.30 | OK | |
r-devel-linux-x86_64-debian-gcc | 1.1 | 22.07 | 187.17 | 209.24 | OK | |
r-devel-linux-x86_64-fedora-clang | 1.1 | 509.07 | OK | |||
r-devel-linux-x86_64-fedora-gcc | 1.1 | 458.55 | OK | |||
r-devel-windows-x86_64 | 1.1 | 30.00 | 237.00 | 267.00 | OK | |
r-patched-linux-x86_64 | 1.1 | 28.30 | 242.42 | 270.72 | OK | |
r-release-linux-x86_64 | 1.1 | 29.00 | 250.39 | 279.39 | OK | |
r-release-macos-arm64 | 1.1 | 122.00 | OK | |||
r-release-macos-x86_64 | 1.1 | 197.00 | OK | |||
r-release-windows-x86_64 | 1.1 | 30.00 | 239.00 | 269.00 | OK | |
r-oldrel-macos-arm64 | 1.1 | 139.00 | NOTE | |||
r-oldrel-macos-x86_64 | 1.1 | 250.00 | NOTE | |||
r-oldrel-windows-x86_64 | 1.1 | 38.00 | 315.00 | 353.00 | OK |
Version: 1.1
Check: package dependencies
Result: NOTE
Package suggested but not available for checking: ‘ArrayExpress’
Flavors: r-oldrel-macos-arm64, r-oldrel-macos-x86_64