CRAN Package Check Results for Package bapred

Last updated on 2024-06-19 13:14:20 CEST.

Flavor Version Tinstall Tcheck Ttotal Status Flags
r-devel-linux-x86_64-debian-clang 1.1 35.72 338.55 374.27 OK
r-devel-linux-x86_64-debian-gcc 1.1 30.07 241.44 271.51 OK
r-devel-linux-x86_64-fedora-clang 1.1 488.27 OK
r-devel-linux-x86_64-fedora-gcc 1.1 465.55 OK
r-devel-windows-x86_64 1.1 29.00 237.00 266.00 OK
r-patched-linux-x86_64 1.1 30.27 318.57 348.84 OK
r-release-linux-x86_64 1.1 26.37 320.55 346.92 OK
r-release-macos-arm64 1.1 122.00 OK
r-release-macos-x86_64 1.1 197.00 OK
r-release-windows-x86_64 1.1 29.00 240.00 269.00 OK
r-oldrel-macos-arm64 1.1 139.00 NOTE
r-oldrel-macos-x86_64 1.1 250.00 NOTE
r-oldrel-windows-x86_64 1.1 43.00 317.00 360.00 OK

Check Details

Version: 1.1
Check: package dependencies
Result: NOTE Package suggested but not available for checking: ‘ArrayExpress’ Flavors: r-oldrel-macos-arm64, r-oldrel-macos-x86_64