CRAN Package Check Results for Package barcode

Last updated on 2014-04-23 17:47:40.

Flavor Version Tinstall Tcheck Ttotal Status Flags
r-devel-linux-x86_64-debian-clang 1.1 0.74 11.86 12.59 NOTE
r-devel-linux-x86_64-debian-gcc 1.1 0.68 12.00 12.68 NOTE
r-devel-linux-x86_64-fedora-clang 1.1 25.80 NOTE
r-devel-linux-x86_64-fedora-gcc 1.1 24.00 NOTE
r-devel-osx-x86_64-clang 1.1 24.70 NOTE
r-devel-osx-x86_64-gcc 1.1 NOTE
r-devel-windows-ix86+x86_64 1.1 2.00 20.00 22.00 NOTE
r-patched-linux-x86_64 1.1 0.72 12.37 13.09 NOTE
r-patched-solaris-sparc 1.1 146.80 NOTE
r-patched-solaris-x86 1.1 36.80 NOTE
r-release-linux-ix86 1.1 1.00 25.00 26.00 NOTE
r-release-linux-x86_64 1.1 0.73 12.22 12.95 NOTE
r-release-osx-x86_64-mavericks 1.1 WARN
r-release-windows-ix86+x86_64 1.1 2.00 21.00 23.00 NOTE
r-oldrel-windows-ix86+x86_64 1.1 2.00 20.00 22.00 NOTE

Check Details

Version: 1.1
Check: dependencies in R code
Result: NOTE
    'library' or 'require' calls to packages already attached by Depends:
     ‘grid’ ‘lattice’
     Please remove these calls from your code.
    Package in Depends field not imported from: ‘lattice’
     These packages need to be imported from (in the NAMESPACE file)
     for when this namespace is loaded but not attached.
    See the information on DESCRIPTION files in the chapter ‘Creating R
    packages’ of the ‘Writing R Extensions’ manual.
Flavors: r-devel-linux-x86_64-debian-clang, r-devel-linux-x86_64-debian-gcc, r-devel-linux-x86_64-fedora-clang, r-devel-linux-x86_64-fedora-gcc, r-devel-osx-x86_64-clang, r-devel-osx-x86_64-gcc, r-devel-windows-ix86+x86_64, r-patched-linux-x86_64, r-patched-solaris-sparc, r-patched-solaris-x86, r-release-linux-ix86, r-release-linux-x86_64, r-release-osx-x86_64-mavericks, r-release-windows-ix86+x86_64, r-oldrel-windows-ix86+x86_64

Version: 1.1
Check: package dependencies
Result: NOTE
    Package which this enhances but not available for checking: ‘gpairs’
Flavors: r-devel-osx-x86_64-gcc, r-release-osx-x86_64-mavericks

Version: 1.1
Check: Rd cross-references
Result: NOTE
    Packages unavailable to check Rd xrefs: ‘YaleToolkit’, ‘gpairs’
Flavors: r-devel-osx-x86_64-gcc, r-release-osx-x86_64-mavericks

Version: 1.1
Check: PDF version of manual
Result: WARNING
    LaTeX errors when creating PDF version.
    This typically indicates Rd problems.
    LaTeX errors found:
    ! LaTeX Error: File `upquote.sty' not found.
    
    Type X to quit or <RETURN> to proceed,
    or enter new name. (Default extension: sty)
    
    dc88e34/Rd2.tex:8: ==> Fatal error occurred, no output PDF file produced!
Flavor: r-release-osx-x86_64-mavericks