CRAN Package Check Results for Package barcode

Last updated on 2014-08-01 11:48:12.

Flavor Version Tinstall Tcheck Ttotal Status Flags
r-devel-linux-x86_64-debian-clang 1.1 0.82 11.28 12.10 NOTE
r-devel-linux-x86_64-debian-gcc 1.1 0.82 11.54 12.37 NOTE
r-devel-linux-x86_64-fedora-clang 1.1 25.11 NOTE
r-devel-linux-x86_64-fedora-gcc 1.1 23.49 NOTE
r-devel-osx-x86_64-clang 1.1 25.77 NOTE
r-devel-windows-ix86+x86_64 1.1 3.00 20.00 23.00 NOTE
r-patched-linux-x86_64 1.1 0.64 11.33 11.98 NOTE
r-patched-solaris-sparc 1.1 158.10 NOTE
r-patched-solaris-x86 1.1 36.90 NOTE
r-release-linux-ix86 1.1 0.97 17.75 18.72 NOTE
r-release-linux-x86_64 1.1 0.87 11.48 12.35 NOTE
r-release-osx-x86_64-mavericks 1.1 NOTE
r-release-windows-ix86+x86_64 1.1 5.00 27.00 32.00 NOTE
r-oldrel-windows-ix86+x86_64 1.1 5.00 28.00 33.00 NOTE

Check Details

Version: 1.1
Check: dependencies in R code
Result: NOTE
    'library' or 'require' calls to packages already attached by Depends:
     grid lattice
     Please remove these calls from your code.
    Package in Depends field not imported from: lattice
     These packages need to be imported from (in the NAMESPACE file)
     for when this namespace is loaded but not attached.
    See the information on DESCRIPTION files in the chapter Creating R
    packages of the Writing R Extensions manual.
Flavors: r-devel-linux-x86_64-debian-clang, r-devel-linux-x86_64-debian-gcc, r-devel-linux-x86_64-fedora-clang, r-devel-linux-x86_64-fedora-gcc, r-devel-osx-x86_64-clang, r-devel-windows-ix86+x86_64, r-patched-linux-x86_64, r-patched-solaris-sparc, r-patched-solaris-x86, r-release-linux-ix86, r-release-linux-x86_64, r-release-osx-x86_64-mavericks, r-release-windows-ix86+x86_64, r-oldrel-windows-ix86+x86_64