CRAN Package Check Results for Package barcode

Last updated on 2015-07-05 14:46:23.

Flavor Version Tinstall Tcheck Ttotal Status Flags
r-devel-linux-x86_64-debian-clang 1.1 0.57 10.75 11.32 NOTE
r-devel-linux-x86_64-debian-gcc 1.1 0.81 10.73 11.54 NOTE
r-devel-linux-x86_64-fedora-clang 1.1 21.11 NOTE
r-devel-linux-x86_64-fedora-gcc 1.1 19.61 NOTE
r-devel-osx-x86_64-clang 1.1 21.47 NOTE
r-devel-windows-ix86+x86_64 1.1 2.00 21.00 23.00 NOTE
r-patched-linux-x86_64 1.1 0.60 11.36 11.96 NOTE
r-patched-solaris-sparc 1.1 146.30 NOTE
r-patched-solaris-x86 1.1 33.90 NOTE
r-release-linux-x86_64 1.1 0.61 11.05 11.66 NOTE
r-release-osx-x86_64-mavericks 1.1 NOTE
r-release-windows-ix86+x86_64 1.1 3.00 21.00 24.00 NOTE
r-oldrel-windows-ix86+x86_64 1.1 4.00 22.00 26.00 NOTE

Check Details

Version: 1.1
Check: dependencies in R code
Result: NOTE
    'library' or 'require' calls to packages already attached by Depends:
     ‘grid’ ‘lattice’
     Please remove these calls from your code.
    Packages in Depends field not imported from:
     ‘grid’ ‘lattice’
     These packages need to be imported from (in the NAMESPACE file)
     for when this namespace is loaded but not attached.
Flavors: r-devel-linux-x86_64-debian-clang, r-devel-linux-x86_64-debian-gcc, r-devel-linux-x86_64-fedora-clang, r-devel-linux-x86_64-fedora-gcc, r-devel-osx-x86_64-clang, r-devel-windows-ix86+x86_64, r-patched-linux-x86_64, r-patched-solaris-sparc, r-patched-solaris-x86, r-release-linux-x86_64, r-release-osx-x86_64-mavericks, r-release-windows-ix86+x86_64, r-oldrel-windows-ix86+x86_64

Version: 1.1
Check: R code for possible problems
Result: NOTE
    barcode: no visible global function definition for ‘unit’
    barcode: no visible global function definition for ‘grid.newpage’
    barcode: no visible global function definition for ‘grid.text’
    barcode: no visible global function definition for ‘gpar’
    barcode: no visible global function definition for ‘pushViewport’
    barcode: no visible global function definition for ‘viewport’
    barcode: no visible global function definition for ‘convertHeight’
    barcode: no visible global function definition for ‘convertWidth’
    barcode: no visible global function definition for ‘grid.rect’
    barcode: no visible global function definition for ‘popViewport’
    barcode.panel: no visible global function definition for ‘unit’
    barcode.panel: no visible global function definition for ‘hist’
    barcode.panel: no visible global function definition for ‘pushViewport’
    barcode.panel: no visible global function definition for ‘viewport’
    barcode.panel: no visible global function definition for ‘grid.xaxis’
    barcode.panel: no visible global function definition for ‘gpar’
    barcode.panel: no visible global function definition for ‘grid.text’
    barcode.panel: no visible global function definition for ‘popViewport’
    barcode.panel: no visible global function definition for
     ‘grid.segments’
    barcode.panel: no visible global function definition for ‘grid.points’
    Undefined global functions or variables:
     convertHeight convertWidth gpar grid.newpage grid.points grid.rect
     grid.segments grid.text grid.xaxis hist popViewport pushViewport unit
     viewport
Flavors: r-devel-linux-x86_64-debian-clang, r-devel-linux-x86_64-debian-gcc, r-devel-linux-x86_64-fedora-clang, r-devel-linux-x86_64-fedora-gcc, r-devel-windows-ix86+x86_64

Version: 1.1
Check: R code for possible problems
Result: NOTE
    barcode: no visible global function definition for ‘unit’
    barcode: no visible global function definition for ‘grid.newpage’
    barcode: no visible global function definition for ‘grid.text’
    barcode: no visible global function definition for ‘gpar’
    barcode: no visible global function definition for ‘pushViewport’
    barcode: no visible global function definition for ‘viewport’
    barcode: no visible global function definition for ‘convertHeight’
    barcode: no visible global function definition for ‘convertWidth’
    barcode: no visible global function definition for ‘grid.rect’
    barcode: no visible global function definition for ‘popViewport’
    barcode.panel: no visible global function definition for ‘unit’
    barcode.panel: no visible global function definition for ‘pushViewport’
    barcode.panel: no visible global function definition for ‘viewport’
    barcode.panel: no visible global function definition for ‘grid.xaxis’
    barcode.panel: no visible global function definition for ‘gpar’
    barcode.panel: no visible global function definition for ‘grid.text’
    barcode.panel: no visible global function definition for ‘popViewport’
    barcode.panel: no visible global function definition for
     ‘grid.segments’
    barcode.panel: no visible global function definition for ‘grid.points’
    Undefined global functions or variables:
     convertHeight convertWidth gpar grid.newpage grid.points grid.rect
     grid.segments grid.text grid.xaxis popViewport pushViewport unit
     viewport
Flavor: r-devel-osx-x86_64-clang

Version: 1.1
Check: R code for possible problems
Result: NOTE
    barcode: no visible global function definition for ‘unit’
    barcode: no visible global function definition for ‘grid.newpage’
    barcode: no visible global function definition for ‘grid.text’
    barcode: no visible global function definition for ‘gpar’
    barcode: no visible global function definition for ‘pushViewport’
    barcode: no visible global function definition for ‘viewport’
    barcode: no visible global function definition for ‘convertHeight’
    barcode: no visible global function definition for ‘convertWidth’
    barcode: no visible global function definition for ‘grid.rect’
    barcode: no visible global function definition for ‘popViewport’
    barcode.panel: no visible global function definition for ‘unit’
    barcode.panel: no visible global function definition for ‘pushViewport’
    barcode.panel: no visible global function definition for ‘viewport’
    barcode.panel: no visible global function definition for ‘grid.xaxis’
    barcode.panel: no visible global function definition for ‘gpar’
    barcode.panel: no visible global function definition for ‘grid.text’
    barcode.panel: no visible global function definition for ‘popViewport’
    barcode.panel: no visible global function definition for
     ‘grid.segments’
    barcode.panel: no visible global function definition for ‘grid.points’
Flavors: r-patched-linux-x86_64, r-patched-solaris-sparc, r-patched-solaris-x86, r-release-linux-x86_64, r-release-osx-x86_64-mavericks, r-release-windows-ix86+x86_64, r-oldrel-windows-ix86+x86_64