CRAN Package Check Results for Package barcode

Last updated on 2014-07-22 23:48:15.

Flavor Version Tinstall Tcheck Ttotal Status Flags
r-devel-linux-x86_64-debian-clang 1.1 0.64 11.35 12.00 NOTE
r-devel-linux-x86_64-debian-gcc 1.1 0.62 11.29 11.90 NOTE
r-devel-linux-x86_64-fedora-clang 1.1 25.54 NOTE
r-devel-linux-x86_64-fedora-gcc 1.1 24.63 NOTE
r-devel-osx-x86_64-clang 1.1 26.20 NOTE
r-devel-windows-ix86+x86_64 1.1 2.00 21.00 23.00 NOTE
r-patched-linux-x86_64 1.1 0.66 11.32 11.98 NOTE
r-patched-solaris-sparc 1.1 146.80 NOTE
r-patched-solaris-x86 1.1 36.80 NOTE
r-release-linux-ix86 1.1 0.99 17.90 18.90 NOTE
r-release-linux-x86_64 1.1 0.70 11.76 12.47 NOTE
r-release-osx-x86_64-mavericks 1.1 NOTE
r-release-windows-ix86+x86_64 1.1 3.00 21.00 24.00 NOTE
r-oldrel-windows-ix86+x86_64 1.1 3.00 21.00 24.00 NOTE

Check Details

Version: 1.1
Check: dependencies in R code
Result: NOTE
    'library' or 'require' calls to packages already attached by Depends:
     ‘grid’ ‘lattice’
     Please remove these calls from your code.
    Package in Depends field not imported from: ‘lattice’
     These packages need to be imported from (in the NAMESPACE file)
     for when this namespace is loaded but not attached.
    See the information on DESCRIPTION files in the chapter ‘Creating R
    packages’ of the ‘Writing R Extensions’ manual.
Flavors: r-devel-linux-x86_64-debian-clang, r-devel-linux-x86_64-debian-gcc, r-devel-linux-x86_64-fedora-clang, r-devel-linux-x86_64-fedora-gcc, r-devel-osx-x86_64-clang, r-devel-windows-ix86+x86_64, r-patched-linux-x86_64, r-patched-solaris-sparc, r-patched-solaris-x86, r-release-linux-ix86, r-release-linux-x86_64, r-release-osx-x86_64-mavericks, r-release-windows-ix86+x86_64, r-oldrel-windows-ix86+x86_64