CRAN Package Check Results for Package bark

Last updated on 2014-10-22 15:54:48.

Flavor Version Tinstall Tcheck Ttotal Status Flags
r-devel-linux-x86_64-debian-clang 0.1-0 0.98 11.42 12.40 NOTE --no-examples
r-devel-linux-x86_64-debian-gcc 0.1-0 1.00 11.04 12.04 NOTE --no-examples
r-devel-linux-x86_64-fedora-clang 0.1-0 342.72 NOTE
r-devel-linux-x86_64-fedora-gcc 0.1-0 328.44 NOTE
r-devel-osx-x86_64-clang 0.1-0 224.36 NOTE
r-devel-windows-ix86+x86_64 0.1-0 5.00 24.00 29.00 NOTE --no-examples --no-tests --no-vignettes
r-patched-linux-x86_64 0.1-0 0.98 11.25 12.22 NOTE --no-examples
r-patched-solaris-sparc 0.1-0 2229.50 NOTE
r-patched-solaris-x86 0.1-0 405.20 NOTE
r-release-linux-ix86 0.1-0 1.42 17.14 18.56 NOTE --no-examples
r-release-linux-x86_64 0.1-0 0.94 11.15 12.09 NOTE --no-examples
r-release-osx-x86_64-mavericks 0.1-0 NOTE
r-release-windows-ix86+x86_64 0.1-0 7.00 26.00 33.00 NOTE --no-examples --no-tests --no-vignettes
r-oldrel-windows-ix86+x86_64 0.1-0 5.00 22.00 27.00 NOTE --no-examples --no-tests --no-vignettes

Check Details

Version: 0.1-0
Flags: --no-examples
Check: R code for possible problems
Result: NOTE
    bark: warning in matrix(x.train, nc = 1): partial argument match of
     ‘nc’ to ‘ncol’
    bark: warning in matrix(x.test, nc = 1): partial argument match of ‘nc’
     to ‘ncol’
    bark: warning in matrix(NA, nr = dim(x.train)[1], nkeep): partial
     argument match of ‘nr’ to ‘nrow’
    bark: warning in matrix(NA, nr = dim(x.test)[1], nkeep): partial
     argument match of ‘nr’ to ‘nrow’
    bark: warning in matrix(NA, nc = fixed$n + 1, nr = nkeep): partial
     argument match of ‘nr’ to ‘nrow’
    bark: warning in matrix(NA, nc = fixed$n + 1, nr = nkeep): partial
     argument match of ‘nc’ to ‘ncol’
    bark: warning in matrix(NA, nc = fixed$p, nr = nkeep): partial argument
     match of ‘nr’ to ‘nrow’
    bark: warning in matrix(NA, nc = fixed$p, nr = nkeep): partial argument
     match of ‘nc’ to ‘ncol’
    bark: warning in matrix(NA, nc = 1, nr = nkeep): partial argument match
     of ‘nr’ to ‘nrow’
    bark: warning in matrix(NA, nc = 1, nr = nkeep): partial argument match
     of ‘nc’ to ‘ncol’
    getdesign: warning in matrix(z, nc = length(isi)): partial argument
     match of ‘nc’ to ‘ncol’
    getfulldesign: warning in matrix(z, nc = length(isi)): partial argument
     match of ‘nc’ to ‘ncol’
    llike: warning in matrix(fullXX[, theta$nvec > 0], nc = sum(theta$nvec
     > 0)): partial argument match of ‘nc’ to ‘ncol’
    matDel: warning in matrix(0, nr = 0, nc = dimmat[2]): partial argument
     match of ‘nr’ to ‘nrow’
    matDel: warning in matrix(0, nr = 0, nc = dimmat[2]): partial argument
     match of ‘nc’ to ‘ncol’
    matDel: warning in matrix(mat[-del, ], nr = 1): partial argument match
     of ‘nr’ to ‘nrow’
    matDel: warning in matrix(mat[-del, ], nc = dimmat[2]): partial
     argument match of ‘nc’ to ‘ncol’
    matUpd: warning in matrix(mat, nr = 1): partial argument match of ‘nr’
     to ‘nrow’
    sim.Circle: warning in matrix(runif(n * dim, min = -1, max = 1), nr =
     n): partial argument match of ‘nr’ to ‘nrow’
    sim.Friedman1: warning in matrix(runif(n * 10, min = 0, max = 1), nc =
     10): partial argument match of ‘nc’ to ‘ncol’
    updacc: warning in matrix(c(cur[[lencur]], 1), nr = 1): partial
     argument match of ‘nr’ to ‘nrow’
    updatebeta: warning in matrix(fullXX[, theta$nvec > 0], nc =
     sum(theta$nvec > 0)): partial argument match of ‘nc’ to ‘ncol’
    updatez: warning in matrix(fullXX[, theta$nvec > 0], nc =
     sum(theta$nvec > 0)): partial argument match of ‘nc’ to ‘ncol’
Flavors: r-devel-linux-x86_64-debian-clang, r-devel-linux-x86_64-debian-gcc, r-patched-linux-x86_64, r-release-linux-ix86, r-release-linux-x86_64

Version: 0.1-0
Check: R code for possible problems
Result: NOTE
    bark: warning in matrix(x.train, nc = 1): partial argument match of
     'nc' to 'ncol'
    bark: warning in matrix(x.test, nc = 1): partial argument match of 'nc'
     to 'ncol'
    bark: warning in matrix(NA, nr = dim(x.train)[1], nkeep): partial
     argument match of 'nr' to 'nrow'
    bark: warning in matrix(NA, nr = dim(x.test)[1], nkeep): partial
     argument match of 'nr' to 'nrow'
    bark: warning in matrix(NA, nc = fixed$n + 1, nr = nkeep): partial
     argument match of 'nr' to 'nrow'
    bark: warning in matrix(NA, nc = fixed$n + 1, nr = nkeep): partial
     argument match of 'nc' to 'ncol'
    bark: warning in matrix(NA, nc = fixed$p, nr = nkeep): partial argument
     match of 'nr' to 'nrow'
    bark: warning in matrix(NA, nc = fixed$p, nr = nkeep): partial argument
     match of 'nc' to 'ncol'
    bark: warning in matrix(NA, nc = 1, nr = nkeep): partial argument match
     of 'nr' to 'nrow'
    bark: warning in matrix(NA, nc = 1, nr = nkeep): partial argument match
     of 'nc' to 'ncol'
    getdesign: warning in matrix(z, nc = length(isi)): partial argument
     match of 'nc' to 'ncol'
    getfulldesign: warning in matrix(z, nc = length(isi)): partial argument
     match of 'nc' to 'ncol'
    llike: warning in matrix(fullXX[, theta$nvec > 0], nc = sum(theta$nvec
     > 0)): partial argument match of 'nc' to 'ncol'
    matDel: warning in matrix(0, nr = 0, nc = dimmat[2]): partial argument
     match of 'nr' to 'nrow'
    matDel: warning in matrix(0, nr = 0, nc = dimmat[2]): partial argument
     match of 'nc' to 'ncol'
    matDel: warning in matrix(mat[-del, ], nr = 1): partial argument match
     of 'nr' to 'nrow'
    matDel: warning in matrix(mat[-del, ], nc = dimmat[2]): partial
     argument match of 'nc' to 'ncol'
    matUpd: warning in matrix(mat, nr = 1): partial argument match of 'nr'
     to 'nrow'
    sim.Circle: warning in matrix(runif(n * dim, min = -1, max = 1), nr =
     n): partial argument match of 'nr' to 'nrow'
    sim.Friedman1: warning in matrix(runif(n * 10, min = 0, max = 1), nc =
     10): partial argument match of 'nc' to 'ncol'
    updacc: warning in matrix(c(cur[[lencur]], 1), nr = 1): partial
     argument match of 'nr' to 'nrow'
    updatebeta: warning in matrix(fullXX[, theta$nvec > 0], nc =
     sum(theta$nvec > 0)): partial argument match of 'nc' to 'ncol'
    updatez: warning in matrix(fullXX[, theta$nvec > 0], nc =
     sum(theta$nvec > 0)): partial argument match of 'nc' to 'ncol'
Flavors: r-devel-linux-x86_64-fedora-clang, r-devel-linux-x86_64-fedora-gcc, r-devel-osx-x86_64-clang, r-patched-solaris-sparc, r-patched-solaris-x86, r-release-osx-x86_64-mavericks

Version: 0.1-0
Flags: --no-examples --no-tests --no-vignettes
Check: R code for possible problems
Result: NOTE
    bark: warning in matrix(x.train, nc = 1): partial argument match of
     'nc' to 'ncol'
    bark: warning in matrix(x.test, nc = 1): partial argument match of 'nc'
     to 'ncol'
    bark: warning in matrix(NA, nr = dim(x.train)[1], nkeep): partial
     argument match of 'nr' to 'nrow'
    bark: warning in matrix(NA, nr = dim(x.test)[1], nkeep): partial
     argument match of 'nr' to 'nrow'
    bark: warning in matrix(NA, nc = fixed$n + 1, nr = nkeep): partial
     argument match of 'nr' to 'nrow'
    bark: warning in matrix(NA, nc = fixed$n + 1, nr = nkeep): partial
     argument match of 'nc' to 'ncol'
    bark: warning in matrix(NA, nc = fixed$p, nr = nkeep): partial argument
     match of 'nr' to 'nrow'
    bark: warning in matrix(NA, nc = fixed$p, nr = nkeep): partial argument
     match of 'nc' to 'ncol'
    bark: warning in matrix(NA, nc = 1, nr = nkeep): partial argument match
     of 'nr' to 'nrow'
    bark: warning in matrix(NA, nc = 1, nr = nkeep): partial argument match
     of 'nc' to 'ncol'
    getdesign: warning in matrix(z, nc = length(isi)): partial argument
     match of 'nc' to 'ncol'
    getfulldesign: warning in matrix(z, nc = length(isi)): partial argument
     match of 'nc' to 'ncol'
    llike: warning in matrix(fullXX[, theta$nvec > 0], nc = sum(theta$nvec
     > 0)): partial argument match of 'nc' to 'ncol'
    matDel: warning in matrix(0, nr = 0, nc = dimmat[2]): partial argument
     match of 'nr' to 'nrow'
    matDel: warning in matrix(0, nr = 0, nc = dimmat[2]): partial argument
     match of 'nc' to 'ncol'
    matDel: warning in matrix(mat[-del, ], nr = 1): partial argument match
     of 'nr' to 'nrow'
    matDel: warning in matrix(mat[-del, ], nc = dimmat[2]): partial
     argument match of 'nc' to 'ncol'
    matUpd: warning in matrix(mat, nr = 1): partial argument match of 'nr'
     to 'nrow'
    sim.Circle: warning in matrix(runif(n * dim, min = -1, max = 1), nr =
     n): partial argument match of 'nr' to 'nrow'
    sim.Friedman1: warning in matrix(runif(n * 10, min = 0, max = 1), nc =
     10): partial argument match of 'nc' to 'ncol'
    updacc: warning in matrix(c(cur[[lencur]], 1), nr = 1): partial
     argument match of 'nr' to 'nrow'
    updatebeta: warning in matrix(fullXX[, theta$nvec > 0], nc =
     sum(theta$nvec > 0)): partial argument match of 'nc' to 'ncol'
    updatez: warning in matrix(fullXX[, theta$nvec > 0], nc =
     sum(theta$nvec > 0)): partial argument match of 'nc' to 'ncol'
Flavors: r-devel-windows-ix86+x86_64, r-release-windows-ix86+x86_64, r-oldrel-windows-ix86+x86_64