CRAN Package Check Results for Package bartMachine

Last updated on 2015-01-30 09:54:14.

Flavor Version Tinstall Tcheck Ttotal Status Flags
r-devel-linux-x86_64-debian-clang 1.1.1 3.06 46.96 50.02 NOTE
r-devel-linux-x86_64-debian-gcc 1.1.1 2.47 45.28 47.75 NOTE
r-devel-linux-x86_64-fedora-clang 1.1.1 105.83 NOTE
r-devel-linux-x86_64-fedora-gcc 1.1.1 103.28 NOTE
r-devel-osx-x86_64-clang 1.1.1 93.21 NOTE
r-devel-windows-ix86+x86_64 1.1.1 11.00 61.00 72.00 NOTE
r-patched-linux-x86_64 1.1.1 2.82 52.58 55.39 NOTE
r-patched-solaris-sparc 1.1.1 666.80 NOTE
r-patched-solaris-x86 1.1.1 156.00 NOTE
r-release-linux-ix86 1.1.1 3.41 55.38 58.80 NOTE
r-release-linux-x86_64 1.1.1 2.79 51.57 54.36 NOTE
r-release-osx-x86_64-mavericks 1.1.1 NOTE
r-release-osx-x86_64-snowleopard 1.1.1 NOTE
r-release-windows-ix86+x86_64 1.1.1 12.00 76.00 88.00 NOTE
r-oldrel-windows-ix86+x86_64 1.1.1 12.00 71.00 83.00 NOTE

Check Details

Version: 1.1.1
Check: installed package size
Result: NOTE
     installed size is 5.9Mb
     sub-directories of 1Mb or more:
     doc 2.2Mb
     java 3.5Mb
Flavors: r-devel-linux-x86_64-debian-clang, r-devel-linux-x86_64-debian-gcc, r-devel-linux-x86_64-fedora-clang, r-devel-linux-x86_64-fedora-gcc, r-devel-osx-x86_64-clang, r-devel-windows-ix86+x86_64, r-patched-linux-x86_64, r-patched-solaris-sparc, r-patched-solaris-x86, r-release-linux-ix86, r-release-linux-x86_64, r-release-osx-x86_64-mavericks, r-release-osx-x86_64-snowleopard, r-release-windows-ix86+x86_64, r-oldrel-windows-ix86+x86_64