CRAN Package Check Results for Package bartMachine

Last updated on 2016-09-24 23:47:59.

Flavor Version Tinstall Tcheck Ttotal Status Flags
r-devel-linux-x86_64-debian-clang 1.2.3 4.40 70.08 74.48 OK
r-devel-linux-x86_64-debian-gcc 1.2.3 4.16 68.12 72.28 OK
r-devel-linux-x86_64-fedora-clang 1.2.3 156.97 OK
r-devel-linux-x86_64-fedora-gcc 1.2.3 153.40 OK
r-devel-macos-x86_64-clang 1.2.3 115.32 OK
r-devel-windows-ix86+x86_64 1.2.3 17.00 111.00 128.00 OK
r-patched-linux-x86_64 1.2.3 4.88 70.87 75.75 OK
r-patched-solaris-sparc 1.2.3 1004.50 OK
r-patched-solaris-x86 1.2.3 223.00 OK
r-release-linux-x86_64 1.2.3 4.86 71.33 76.19 OK
r-release-osx-x86_64-mavericks 1.2.3 WARN
r-release-windows-ix86+x86_64 1.2.3 14.00 112.00 126.00 OK
r-oldrel-windows-ix86+x86_64 1.2.3 22.00 113.00 135.00 OK

Check Details

Version: 1.2.3
Check: re-building of vignette outputs
Result: WARN
    Error in re-building vignettes:
     ...
     input string 487 is invalid in this locale
    Error in texi2dvi(file = file, pdf = TRUE, clean = clean, quiet = quiet, :
     Running 'texi2dvi' on 'bartMachine.tex' failed.
    LaTeX errors:
    ! Undefined control sequence.
    l.15 x<9c><ed>\<cd>
     o^^[<d5>^^V?uh<92>yJ=<b9><b4>/qG8q<86>V<a4>-JSy<c3>C<aa>^^\!<8b>%^^[^^T<84><c4>^^V<f5>^^O`<c3>6<cb>v^^A<0b>6^^H...
    The control sequence at the end of the top line
    of your error message was never \def'ed. If you have
    ! Undefined control sequence.
    l.16 ...T*e<9a><a6>eY<f1>u<92>R<fe><f0><c3>^^O<b6>m^^O^^O^^O<a3><f4><e7><9f>^^?<fe>裏<ae>\<b9>
     <92>L&<e3><f1>x<c0><b8><ab><cf>^^Gݸq<a3>X,nV:55<b5><b3>...
    The control sequence at the end of the top line
    of your error message was never \def'ed. If you have
    ! LaTeX Error: Missing \begin{document}.
    
    See the LaTeX manual or LaTeX Companion for explanation.
    Type H <return> for immediate help.
     ...
    ! Missing $ inserted.
    <inserted text>
     $
    l.16 ...ȣG<8f><c0><86>eY<9f>}<f6>^^Y$MU <a2>^^O?<fc>0<9d>N^^O^^O^^O<ef>r
    Calls: buildVignettes -> texi2pdf -> texi2dvi
    Execution halted
Flavor: r-release-osx-x86_64-mavericks