CRAN Package Check Results for Package bartMachine

Last updated on 2014-04-24 17:49:40.

Flavor Version Tinstall Tcheck Ttotal Status Flags
r-devel-linux-x86_64-debian-clang 1.0.2 2.94 47.30 50.24 NOTE
r-devel-linux-x86_64-debian-gcc 1.0.2 2.75 47.13 49.88 NOTE
r-devel-linux-x86_64-fedora-clang 1.0.2 108.10 NOTE
r-devel-linux-x86_64-fedora-gcc 1.0.2 106.56 NOTE
r-devel-osx-x86_64-clang 1.0.2 85.12 NOTE
r-devel-osx-x86_64-gcc 1.0.2 ERROR
r-devel-windows-ix86+x86_64 1.0.2 9.00 68.00 77.00 NOTE
r-patched-linux-x86_64 1.0.2 2.73 48.31 51.04 NOTE
r-patched-solaris-sparc 1.0.2 672.00 NOTE
r-patched-solaris-x86 1.0.2 155.70 NOTE
r-release-linux-ix86 1.0.2 5.00 84.00 89.00 NOTE
r-release-linux-x86_64 1.0.2 2.81 47.33 50.14 NOTE
r-release-osx-x86_64-mavericks 1.0.2 NOTE
r-release-osx-x86_64-snowleopard 1.0.2 NOTE
r-release-windows-ix86+x86_64 1.0.2 8.00 77.00 85.00 NOTE
r-oldrel-windows-ix86+x86_64 1.0.2 9.00 73.00 82.00 NOTE

Check Details

Version: 1.0.2
Check: installed package size
Result: NOTE
     installed size is 5.0Mb
     sub-directories of 1Mb or more:
     java 3.5Mb
Flavors: r-devel-linux-x86_64-debian-clang, r-devel-linux-x86_64-debian-gcc, r-devel-linux-x86_64-fedora-clang, r-devel-linux-x86_64-fedora-gcc, r-devel-osx-x86_64-clang, r-devel-windows-ix86+x86_64, r-patched-linux-x86_64, r-patched-solaris-sparc, r-patched-solaris-x86, r-release-linux-ix86, r-release-linux-x86_64, r-release-osx-x86_64-mavericks, r-release-osx-x86_64-snowleopard, r-release-windows-ix86+x86_64, r-oldrel-windows-ix86+x86_64

Version: 1.0.2
Check: package dependencies
Result: ERROR
    Package required but not available: ‘car’
    
    See the information on DESCRIPTION files in the chapter ‘Creating R
    packages’ of the ‘Writing R Extensions’ manual.
Flavor: r-devel-osx-x86_64-gcc

Version: 1.0.2
Check: re-building of vignette outputs
Result: NOTE
    Error in re-building vignettes:
     ...
    Error in texi2dvi(file = file, pdf = TRUE, clean = clean, quiet = quiet, :
     Running 'texi2dvi' on 'bartMachine_vignette.tex' failed.
    LaTeX errors:
    ! LaTeX Error: File `phaistos.sty' not found.
    
    Type X to quit or <RETURN> to proceed,
    or enter new name. (Default extension: sty)
    
    vign_test/bartMachine/vignettes/bartMachine_vignette.tex:12: ==> Fatal error o
    ccurred, no output PDF file produced!
    Calls: buildVignettes -> texi2pdf -> texi2dvi
    Execution halted
Flavor: r-release-osx-x86_64-mavericks