CRAN Package Check Results for Package bartMachine

Last updated on 2014-11-21 10:52:23.

Flavor Version Tinstall Tcheck Ttotal Status Flags
r-devel-linux-x86_64-debian-clang 1.0.4 2.54 49.06 51.60 OK
r-devel-linux-x86_64-debian-gcc 1.0.4 3.16 51.66 54.83 OK
r-devel-linux-x86_64-fedora-clang 1.0.4 110.33 OK
r-devel-linux-x86_64-fedora-gcc 1.0.4 101.44 OK
r-devel-osx-x86_64-clang 1.0.4 96.83 OK
r-devel-windows-ix86+x86_64 1.0.4 9.00 71.00 80.00 OK
r-patched-linux-x86_64 1.0.4 2.83 49.90 52.72 OK
r-patched-solaris-sparc 1.0.4 598.50 OK
r-patched-solaris-x86 1.0.4 160.60 OK
r-release-linux-ix86 1.0.4 3.16 56.64 59.80 OK
r-release-linux-x86_64 1.0.4 3.22 50.05 53.27 OK
r-release-osx-x86_64-mavericks 1.0.4 NOTE
r-release-osx-x86_64-snowleopard 1.0.4 OK
r-release-windows-ix86+x86_64 1.0.4 12.00 87.00 99.00 OK
r-oldrel-windows-ix86+x86_64 1.0.4 9.00 78.00 87.00 OK

Check Details

Version: 1.0.4
Check: re-building of vignette outputs
Result: NOTE
    Error in re-building vignettes:
     ...
    Error in texi2dvi(file = file, pdf = TRUE, clean = clean, quiet = quiet, :
     Running 'texi2dvi' on 'bartMachine_vignette.tex' failed.
    LaTeX errors:
    ! LaTeX Error: File `phaistos.sty' not found.
    
    Type X to quit or <RETURN> to proceed,
    or enter new name. (Default extension: sty)
    
    vign_test/bartMachine/vignettes/bartMachine_vignette.tex:12: ==> Fatal error o
    ccurred, no output PDF file produced!
    Calls: buildVignettes -> texi2pdf -> texi2dvi
    Execution halted
Flavor: r-release-osx-x86_64-mavericks