CRAN Package Check Results for Package bartMachine

Last updated on 2019-03-24 10:46:22 CET.

Flavor Version Tinstall Tcheck Ttotal Status Flags
r-devel-linux-x86_64-debian-clang 1.2.4.2 7.93 85.31 93.24 OK
r-devel-linux-x86_64-debian-gcc 1.2.4.2 6.92 69.60 76.52 OK
r-devel-linux-x86_64-fedora-clang 1.2.4.2 100.59 OK
r-devel-linux-x86_64-fedora-gcc 1.2.4.2 105.10 OK
r-devel-windows-ix86+x86_64 1.2.4.2 28.00 128.00 156.00 OK
r-patched-linux-x86_64 1.2.4.2 6.33 78.92 85.25 OK
r-patched-solaris-x86 1.2.4.2 170.70 OK
r-release-linux-x86_64 1.2.4.2 0.52 2.31 2.83 ERROR
r-release-windows-ix86+x86_64 1.2.4.2 14.00 89.00 103.00 OK
r-release-osx-x86_64 1.2.4.2 OK
r-oldrel-windows-ix86+x86_64 1.2.4.2 10.00 104.00 114.00 OK
r-oldrel-osx-x86_64 1.2.4.2 OK

Check Details

Version: 1.2.4.2
Check: whether package can be installed
Result: ERROR
    Installation failed.
Flavor: r-release-linux-x86_64