CRAN Package Check Results for Package bartMachine

Last updated on 2015-03-05 23:48:10.

Flavor Version Tinstall Tcheck Ttotal Status Flags
r-devel-linux-x86_64-debian-clang 1.1.1 5.33 72.21 77.54 NOTE
r-devel-linux-x86_64-debian-gcc 1.1.1 5.30 71.04 76.34 NOTE
r-devel-linux-x86_64-fedora-clang 1.1.1 160.21 NOTE
r-devel-linux-x86_64-fedora-gcc 1.1.1 153.66 NOTE
r-devel-osx-x86_64-clang 1.1.1 131.57 NOTE
r-devel-windows-ix86+x86_64 1.1.1 13.00 107.00 120.00 NOTE
r-patched-linux-x86_64 1.1.1 8.10 95.18 103.28 NOTE
r-patched-solaris-sparc 1.1.1 1294.30 NOTE
r-patched-solaris-x86 1.1.1 292.10 NOTE
r-release-linux-ix86 1.1.1 8.64 114.56 123.20 NOTE
r-release-linux-x86_64 1.1.1 9.09 96.22 105.31 NOTE
r-release-osx-x86_64-mavericks 1.1.1 NOTE
r-release-osx-x86_64-snowleopard 1.1.1 NOTE
r-release-windows-ix86+x86_64 1.1.1 21.00 147.00 168.00 NOTE
r-oldrel-windows-ix86+x86_64 1.1.1 21.00 134.00 155.00 NOTE

Check Details

Version: 1.1.1
Check: installed package size
Result: NOTE
     installed size is 5.9Mb
     sub-directories of 1Mb or more:
     doc 2.2Mb
     java 3.5Mb
Flavors: r-devel-linux-x86_64-debian-clang, r-devel-linux-x86_64-debian-gcc, r-devel-linux-x86_64-fedora-clang, r-devel-linux-x86_64-fedora-gcc, r-devel-osx-x86_64-clang, r-devel-windows-ix86+x86_64, r-patched-linux-x86_64, r-patched-solaris-sparc, r-patched-solaris-x86, r-release-linux-ix86, r-release-linux-x86_64, r-release-osx-x86_64-mavericks, r-release-osx-x86_64-snowleopard, r-release-windows-ix86+x86_64, r-oldrel-windows-ix86+x86_64