CRAN Package Check Results for Package bartMachine

Last updated on 2015-04-18 03:50:09.

Flavor Version Tinstall Tcheck Ttotal Status Flags
r-devel-linux-x86_64-debian-clang 1.2.0 5.09 71.29 76.38 NOTE
r-devel-linux-x86_64-debian-gcc 1.2.0 4.84 70.36 75.21 NOTE
r-devel-linux-x86_64-fedora-clang 1.2.0 165.43 NOTE
r-devel-linux-x86_64-fedora-gcc 1.2.0 155.60 NOTE
r-devel-osx-x86_64-clang 1.2.0 127.21 NOTE
r-prerel-windows-ix86+x86_64 1.2.0 17.00 102.00 119.00 NOTE
r-prerel-linux-x86_64 1.2.0 5.16 70.02 75.18 NOTE
r-prerel-solaris-sparc 1.2.0 964.50 NOTE
r-prerel-solaris-x86 1.2.0 214.90 NOTE
r-release-linux-x86_64 1.2.0 8.53 93.65 102.18 NOTE
r-release-osx-x86_64-mavericks 1.2.0 NOTE
r-release-osx-x86_64-snowleopard 1.2.0 NOTE
r-release-windows-ix86+x86_64 1.2.0 24.00 175.00 199.00 NOTE
r-oldrel-windows-ix86+x86_64 1.2.0 28.00 176.00 204.00 NOTE

Check Details

Version: 1.2.0
Check: installed package size
Result: NOTE
     installed size is 5.9Mb
     sub-directories of 1Mb or more:
     doc 2.2Mb
     java 3.5Mb
Flavors: r-devel-linux-x86_64-debian-clang, r-devel-linux-x86_64-debian-gcc, r-devel-linux-x86_64-fedora-clang, r-devel-linux-x86_64-fedora-gcc, r-devel-osx-x86_64-clang, r-prerel-windows-ix86+x86_64, r-prerel-linux-x86_64, r-prerel-solaris-sparc, r-prerel-solaris-x86, r-release-linux-x86_64, r-release-osx-x86_64-mavericks, r-release-osx-x86_64-snowleopard, r-release-windows-ix86+x86_64, r-oldrel-windows-ix86+x86_64