CRAN Package Check Results for Package bartMachine

Last updated on 2014-07-25 14:47:32.

Flavor Version Tinstall Tcheck Ttotal Status Flags
r-devel-linux-x86_64-debian-clang 1.0.2 2.60 46.44 49.04 NOTE
r-devel-linux-x86_64-debian-gcc 1.0.2 2.53 45.03 47.56 NOTE
r-devel-linux-x86_64-fedora-clang 1.0.2 108.25 NOTE
r-devel-linux-x86_64-fedora-gcc 1.0.2 107.63 NOTE
r-devel-osx-x86_64-clang 1.0.2 87.18 NOTE
r-devel-windows-ix86+x86_64 1.0.2 8.00 67.00 75.00 NOTE
r-patched-linux-x86_64 1.0.2 2.96 45.20 48.16 NOTE
r-patched-solaris-sparc 1.0.2 672.00 NOTE
r-patched-solaris-x86 1.0.2 160.20 NOTE
r-release-linux-ix86 1.0.2 3.60 58.32 61.92 NOTE
r-release-linux-x86_64 1.0.2 2.62 46.82 49.44 NOTE
r-release-osx-x86_64-mavericks 1.0.2 NOTE
r-release-osx-x86_64-snowleopard 1.0.2 NOTE
r-release-windows-ix86+x86_64 1.0.2 9.00 77.00 86.00 NOTE
r-oldrel-windows-ix86+x86_64 1.0.2 10.00 72.00 82.00 NOTE

Check Details

Version: 1.0.2
Check: installed package size
Result: NOTE
     installed size is 5.0Mb
     sub-directories of 1Mb or more:
     java 3.5Mb
Flavors: r-devel-linux-x86_64-debian-clang, r-devel-linux-x86_64-debian-gcc, r-devel-linux-x86_64-fedora-clang, r-devel-linux-x86_64-fedora-gcc, r-devel-osx-x86_64-clang, r-devel-windows-ix86+x86_64, r-patched-linux-x86_64, r-patched-solaris-sparc, r-patched-solaris-x86, r-release-linux-ix86, r-release-linux-x86_64, r-release-osx-x86_64-mavericks, r-release-osx-x86_64-snowleopard, r-release-windows-ix86+x86_64, r-oldrel-windows-ix86+x86_64

Version: 1.0.2
Check: re-building of vignette outputs
Result: NOTE
    Error in re-building vignettes:
     ...
    Error in texi2dvi(file = file, pdf = TRUE, clean = clean, quiet = quiet, :
     Running 'texi2dvi' on 'bartMachine_vignette.tex' failed.
    LaTeX errors:
    ! LaTeX Error: File `phaistos.sty' not found.
    
    Type X to quit or <RETURN> to proceed,
    or enter new name. (Default extension: sty)
    
    vign_test/bartMachine/vignettes/bartMachine_vignette.tex:12: ==> Fatal error o
    ccurred, no output PDF file produced!
    Calls: buildVignettes -> texi2pdf -> texi2dvi
    Execution halted
Flavor: r-release-osx-x86_64-mavericks