CRAN Package Check Results for Package bartMachine

Last updated on 2015-05-25 10:47:04.

Flavor Version Tinstall Tcheck Ttotal Status Flags
r-devel-linux-x86_64-debian-clang 1.2.0 5.04 71.02 76.06 NOTE
r-devel-linux-x86_64-debian-gcc 1.2.0 4.80 70.05 74.85 NOTE
r-devel-linux-x86_64-fedora-clang 1.2.0 163.81 NOTE
r-devel-linux-x86_64-fedora-gcc 1.2.0 156.92 NOTE
r-devel-osx-x86_64-clang 1.2.0 131.49 NOTE
r-devel-windows-ix86+x86_64 1.2.0 15.00 99.00 114.00 NOTE
r-patched-linux-x86_64 1.2.0 5.08 70.84 75.92 NOTE
r-patched-solaris-sparc 1.2.0 960.10 NOTE
r-patched-solaris-x86 1.2.0 230.70 NOTE
r-release-linux-x86_64 1.2.0 4.90 69.74 74.64 NOTE
r-release-osx-x86_64-mavericks 1.2.0 NOTE
r-release-osx-x86_64-snowleopard 1.2.0 ERROR
r-release-windows-ix86+x86_64 1.2.0 17.00 98.00 115.00 NOTE
r-oldrel-windows-ix86+x86_64 1.2.0 24.00 138.00 162.00 NOTE

Check Details

Version: 1.2.0
Check: installed package size
Result: NOTE
     installed size is 5.9Mb
     sub-directories of 1Mb or more:
     doc 2.2Mb
     java 3.5Mb
Flavors: r-devel-linux-x86_64-debian-clang, r-devel-linux-x86_64-debian-gcc, r-devel-linux-x86_64-fedora-clang, r-devel-linux-x86_64-fedora-gcc, r-devel-osx-x86_64-clang, r-devel-windows-ix86+x86_64, r-patched-linux-x86_64, r-patched-solaris-sparc, r-patched-solaris-x86, r-release-linux-x86_64, r-release-osx-x86_64-mavericks, r-release-windows-ix86+x86_64, r-oldrel-windows-ix86+x86_64

Version: 1.2.0
Check: package dependencies
Result: ERROR
    Package required but not available: ‘car’
    
    See section ‘The DESCRIPTION file’ in the ‘Writing R Extensions’
    manual.
Flavor: r-release-osx-x86_64-snowleopard