CRAN Package Check Results for Package basad

Last updated on 2024-03-04 18:54:53 CET.

Flavor Version Tinstall Tcheck Ttotal Status Flags
r-devel-linux-x86_64-debian-clang 0.3.0 76.12 29.89 106.01 OK
r-devel-linux-x86_64-debian-gcc 0.3.0 86.13 29.47 115.60 OK
r-devel-linux-x86_64-fedora-clang 0.3.0 139.84 OK
r-devel-linux-x86_64-fedora-gcc 0.3.0 166.50 OK
r-devel-windows-x86_64 0.3.0 69.00 71.00 140.00 OK
r-patched-linux-x86_64 0.3.0 76.80 32.94 109.74 OK
r-release-linux-x86_64 0.3.0 110.86 37.87 148.73 OK
r-release-macos-arm64 0.3.0 48.00 NOTE
r-release-macos-x86_64 0.3.0 69.00 NOTE
r-release-windows-x86_64 0.3.0 88.00 83.00 171.00 OK
r-oldrel-macos-arm64 0.3.0 50.00 NOTE
r-oldrel-windows-x86_64 0.3.0 86.00 80.00 166.00 OK

Check Details

Version: 0.3.0
Check: installed package size
Result: NOTE installed size is 13.6Mb sub-directories of 1Mb or more: libs 13.5Mb Flavors: r-release-macos-arm64, r-release-macos-x86_64, r-oldrel-macos-arm64