CRAN Package Check Results for Package basad

Last updated on 2022-06-29 05:53:05 CEST.

Flavor Version Tinstall Tcheck Ttotal Status Flags
r-devel-linux-x86_64-debian-clang 0.3.0 75.31 30.30 105.61 OK
r-devel-linux-x86_64-debian-gcc 0.3.0 62.28 25.70 87.98 OK
r-devel-linux-x86_64-fedora-clang 0.3.0 165.86 NOTE
r-devel-linux-x86_64-fedora-gcc 0.3.0 148.32 OK
r-devel-windows-x86_64 0.3.0 54.00 84.00 138.00 OK
r-patched-linux-x86_64 0.3.0 68.33 32.54 100.87 OK
r-release-linux-x86_64 0.3.0 64.94 32.10 97.04 OK
r-release-macos-arm64 0.3.0 43.00 NOTE
r-release-macos-x86_64 0.3.0 54.00 NOTE
r-release-windows-x86_64 0.3.0 49.00 83.00 132.00 OK
r-oldrel-macos-arm64 0.3.0 52.00 NOTE
r-oldrel-macos-x86_64 0.3.0 58.00 NOTE
r-oldrel-windows-ix86+x86_64 0.3.0 153.00 84.00 237.00 OK

Check Details

Version: 0.3.0
Check: installed package size
Result: NOTE
     installed size is 12.4Mb
     sub-directories of 1Mb or more:
     libs 12.3Mb
Flavors: r-devel-linux-x86_64-fedora-clang, r-release-macos-arm64, r-release-macos-x86_64, r-oldrel-macos-arm64, r-oldrel-macos-x86_64