CRAN Package Check Results for Package base64enc

Last updated on 2017-06-22 13:46:35.

Flavor Version Tinstall Tcheck Ttotal Status Flags
r-devel-linux-x86_64-debian-clang 0.1-3 1.37 10.74 12.11 NOTE
r-devel-linux-x86_64-debian-gcc 0.1-3 1.28 11.09 12.37 NOTE
r-devel-linux-x86_64-fedora-clang 0.1-3 18.26 NOTE
r-devel-linux-x86_64-fedora-gcc 0.1-3 17.12 NOTE
r-devel-windows-ix86+x86_64 0.1-3 8.00 27.00 35.00 OK
r-patched-linux-x86_64 0.1-3 1.08 10.71 11.79 NOTE
r-patched-solaris-sparc 0.1-3 110.10 OK
r-patched-solaris-x86 0.1-3 26.00 OK
r-release-linux-x86_64 0.1-3 1.15 10.26 11.41 NOTE
r-release-windows-ix86+x86_64 0.1-3 9.00 29.00 38.00 OK
r-release-osx-x86_64 0.1-3 OK
r-oldrel-windows-ix86+x86_64 0.1-3 24.00 25.00 49.00 OK
r-oldrel-osx-x86_64 0.1-3 OK

Check Details

Version: 0.1-3
Check: compiled code
Result: NOTE
    File ‘base64enc/libs/base64enc.so’:
     Found no calls to: ‘R_registerRoutines’, ‘R_useDynamicSymbols’
    
    It is good practice to register native routines and to disable symbol
    search.
    
    See ‘Writing portable packages’ in the ‘Writing R Extensions’ manual.
Flavors: r-devel-linux-x86_64-debian-clang, r-devel-linux-x86_64-debian-gcc, r-devel-linux-x86_64-fedora-clang, r-devel-linux-x86_64-fedora-gcc, r-patched-linux-x86_64, r-release-linux-x86_64