CRAN Package Check Results for Package base64enc

Last updated on 2017-12-17 04:46:50 CET.

Flavor Version Tinstall Tcheck Ttotal Status Flags
r-devel-linux-x86_64-debian-clang 0.1-3 1.33 14.72 16.05 NOTE
r-devel-linux-x86_64-debian-gcc 0.1-3 1.05 12.74 13.79 NOTE
r-devel-linux-x86_64-fedora-clang 0.1-3 19.38 NOTE
r-devel-linux-x86_64-fedora-gcc 0.1-3 18.61 NOTE
r-devel-windows-ix86+x86_64 0.1-3 9.00 27.00 36.00 OK
r-patched-linux-x86_64 0.1-3 1.18 13.47 14.65 NOTE
r-patched-solaris-x86 0.1-3 26.60 OK
r-release-linux-x86_64 0.1-3 1.29 13.32 14.61 NOTE
r-release-windows-ix86+x86_64 0.1-3 8.00 28.00 36.00 OK
r-release-osx-x86_64 0.1-3 OK
r-oldrel-windows-ix86+x86_64 0.1-3 24.00 25.00 49.00 OK
r-oldrel-osx-x86_64 0.1-3 OK

Check Details

Version: 0.1-3
Check: compiled code
Result: NOTE
    File ‘base64enc/libs/base64enc.so’:
     Found no calls to: ‘R_registerRoutines’, ‘R_useDynamicSymbols’
    
    It is good practice to register native routines and to disable symbol
    search.
    
    See ‘Writing portable packages’ in the ‘Writing R Extensions’ manual.
Flavors: r-devel-linux-x86_64-debian-clang, r-devel-linux-x86_64-debian-gcc, r-devel-linux-x86_64-fedora-clang, r-devel-linux-x86_64-fedora-gcc, r-patched-linux-x86_64, r-release-linux-x86_64