CRAN Package Check Results for Package base64enc

Last updated on 2017-08-20 14:46:43.

Flavor Version Tinstall Tcheck Ttotal Status Flags
r-devel-linux-x86_64-debian-clang 0.1-3 1.27 10.50 11.77 NOTE
r-devel-linux-x86_64-debian-gcc 0.1-3 1.16 10.66 11.81 NOTE
r-devel-linux-x86_64-fedora-clang 0.1-3 18.12 NOTE
r-devel-linux-x86_64-fedora-gcc 0.1-3 17.53 NOTE
r-devel-windows-ix86+x86_64 0.1-3 8.00 28.00 36.00 OK
r-patched-linux-x86_64 0.1-3 1.19 10.41 11.60 NOTE
r-patched-solaris-x86 0.1-3 32.30 OK
r-release-linux-x86_64 0.1-3 1.11 10.27 11.38 NOTE
r-release-windows-ix86+x86_64 0.1-3 8.00 28.00 36.00 OK
r-release-osx-x86_64 0.1-3 OK
r-oldrel-windows-ix86+x86_64 0.1-3 24.00 25.00 49.00 OK
r-oldrel-osx-x86_64 0.1-3 OK

Check Details

Version: 0.1-3
Check: compiled code
Result: NOTE
    File ‘base64enc/libs/base64enc.so’:
     Found no calls to: ‘R_registerRoutines’, ‘R_useDynamicSymbols’
    
    It is good practice to register native routines and to disable symbol
    search.
    
    See ‘Writing portable packages’ in the ‘Writing R Extensions’ manual.
Flavors: r-devel-linux-x86_64-debian-clang, r-devel-linux-x86_64-debian-gcc, r-devel-linux-x86_64-fedora-clang, r-devel-linux-x86_64-fedora-gcc, r-patched-linux-x86_64, r-release-linux-x86_64