CRAN Package Check Results for Package base64enc

Last updated on 2014-04-23 12:48:14.

Flavor Version Tinstall Tcheck Ttotal Status Flags
r-devel-linux-x86_64-debian-clang 0.1-1 0.97 8.24 9.22 OK
r-devel-linux-x86_64-debian-gcc 0.1-1 1.18 8.21 9.39 OK
r-devel-linux-x86_64-fedora-clang 0.1-1 18.01 OK
r-devel-linux-x86_64-fedora-gcc 0.1-1 17.33 OK
r-devel-osx-x86_64-clang 0.1-1 19.72 OK
r-devel-osx-x86_64-gcc 0.1-1 NOTE
r-devel-windows-ix86+x86_64 0.1-1 8.00 18.00 26.00 OK
r-patched-linux-x86_64 0.1-1 1.48 8.49 9.97 OK
r-patched-solaris-sparc 0.1-1 123.50 OK
r-patched-solaris-x86 0.1-1 27.40 OK
r-release-linux-ix86 0.1-1 1.00 19.00 20.00 OK
r-release-linux-x86_64 0.1-1 1.75 8.27 10.02 OK
r-release-osx-x86_64-mavericks 0.1-1 OK
r-release-windows-ix86+x86_64 0.1-1 13.00 22.00 35.00 OK
r-oldrel-windows-ix86+x86_64 0.1-1 6.00 18.00 24.00 OK

Check Details

Version: 0.1-1
Check: package dependencies
Result: NOTE
    Package which this enhances but not available for checking: ‘png’
Flavor: r-devel-osx-x86_64-gcc