CRAN Package Check Results for Package base64enc

Last updated on 2017-02-25 11:48:09.

Flavor Version Tinstall Tcheck Ttotal Status Flags
r-devel-linux-x86_64-debian-clang 0.1-3 1.20 10.06 11.26 NOTE
r-devel-linux-x86_64-debian-gcc 0.1-3 1.46 10.10 11.57 NOTE
r-devel-linux-x86_64-fedora-clang 0.1-3 17.93 NOTE --no-stop-on-test-error
r-devel-linux-x86_64-fedora-gcc 0.1-3 16.76 NOTE --no-stop-on-test-error
r-devel-macos-x86_64-clang 0.1-3 16.63 NOTE --no-stop-on-test-error
r-devel-windows-ix86+x86_64 0.1-3 9.00 39.00 48.00 OK
r-patched-linux-x86_64 0.1-3 1.35 8.13 9.47 OK
r-patched-solaris-sparc 0.1-3 92.20 OK
r-patched-solaris-x86 0.1-3 22.10 OK
r-release-linux-x86_64 0.1-3 0.99 8.31 9.29 OK
r-release-osx-x86_64-mavericks 0.1-3 OK
r-release-windows-ix86+x86_64 0.1-3 24.00 25.00 49.00 OK
r-oldrel-windows-ix86+x86_64 0.1-3 36.00 26.00 62.00 OK

Check Details

Version: 0.1-3
Check: compiled code
Result: NOTE
    File ‘base64enc/libs/base64enc.so’:
     Found no calls to: ‘R_registerRoutines’, ‘R_useDynamicSymbols’
    
    It is good practice to register native routines and to disable symbol
    search.
    
    See ‘Writing portable packages’ in the ‘Writing R Extensions’ manual.
Flavors: r-devel-linux-x86_64-debian-clang, r-devel-linux-x86_64-debian-gcc

Version: 0.1-3
Flags: --no-stop-on-test-error
Check: compiled code
Result: NOTE
    File ‘base64enc/libs/base64enc.so’:
     Found no calls to: ‘R_registerRoutines’, ‘R_useDynamicSymbols’
    
    It is good practice to register native routines and to disable symbol
    search.
    
    See ‘Writing portable packages’ in the ‘Writing R Extensions’ manual.
Flavors: r-devel-linux-x86_64-fedora-clang, r-devel-linux-x86_64-fedora-gcc, r-devel-macos-x86_64-clang