CRAN Package Check Results for Package base64enc

Last updated on 2017-03-27 03:49:29.

Flavor Version Tinstall Tcheck Ttotal Status Flags
r-devel-linux-x86_64-debian-clang 0.1-3 1.32 10.16 11.49 NOTE
r-devel-linux-x86_64-debian-gcc 0.1-3 1.06 9.91 10.97 NOTE
r-devel-linux-x86_64-fedora-clang 0.1-3 18.68 NOTE --no-stop-on-test-error
r-devel-linux-x86_64-fedora-gcc 0.1-3 17.75 NOTE --no-stop-on-test-error
r-devel-macos-x86_64-clang 0.1-3 16.34 NOTE --no-stop-on-test-error
r-devel-windows-ix86+x86_64 0.1-3 9.00 29.00 38.00 OK
r-patched-linux-x86_64 0.1-3 1.07 10.06 11.13 NOTE
r-patched-solaris-sparc 0.1-3 110.10 OK
r-patched-solaris-x86 0.1-3 27.00 OK
r-release-linux-x86_64 0.1-3 1.05 8.29 9.34 OK
r-release-osx-x86_64-mavericks 0.1-3 OK
r-release-windows-ix86+x86_64 0.1-3 24.00 25.00 49.00 OK
r-oldrel-windows-ix86+x86_64 0.1-3 36.00 26.00 62.00 OK

Check Details

Version: 0.1-3
Check: compiled code
Result: NOTE
    File ‘base64enc/libs/base64enc.so’:
     Found no calls to: ‘R_registerRoutines’, ‘R_useDynamicSymbols’
    
    It is good practice to register native routines and to disable symbol
    search.
    
    See ‘Writing portable packages’ in the ‘Writing R Extensions’ manual.
Flavors: r-devel-linux-x86_64-debian-clang, r-devel-linux-x86_64-debian-gcc, r-patched-linux-x86_64

Version: 0.1-3
Flags: --no-stop-on-test-error
Check: compiled code
Result: NOTE
    File ‘base64enc/libs/base64enc.so’:
     Found no calls to: ‘R_registerRoutines’, ‘R_useDynamicSymbols’
    
    It is good practice to register native routines and to disable symbol
    search.
    
    See ‘Writing portable packages’ in the ‘Writing R Extensions’ manual.
Flavors: r-devel-linux-x86_64-fedora-clang, r-devel-linux-x86_64-fedora-gcc, r-devel-macos-x86_64-clang