CRAN Package Check Results for Package base64enc

Last updated on 2017-04-27 11:53:21.

Flavor Version Tinstall Tcheck Ttotal Status Flags
r-devel-linux-x86_64-debian-clang 0.1-3 1.30 10.18 11.48 NOTE
r-devel-linux-x86_64-debian-gcc 0.1-3 1.08 9.96 11.05 NOTE
r-devel-linux-x86_64-fedora-clang 0.1-3 17.90 NOTE --no-stop-on-test-error
r-devel-linux-x86_64-fedora-gcc 0.1-3 16.78 NOTE --no-stop-on-test-error
r-devel-windows-ix86+x86_64 0.1-3 13.00 28.00 41.00 OK
r-patched-linux-x86_64 0.1-3 1.08 10.24 11.31 NOTE
r-patched-solaris-sparc 0.1-3 110.10 OK
r-patched-solaris-x86 0.1-3 26.30 OK
r-release-linux-x86_64 0.1-3 1.14 10.27 11.41 NOTE
r-release-windows-ix86+x86_64 0.1-3 9.00 29.00 38.00 OK
r-release-osx-x86_64 0.1-3 OK
r-oldrel-windows-ix86+x86_64 0.1-3 24.00 25.00 49.00 OK
r-oldrel-osx-x86_64 0.1-3 OK

Check Details

Version: 0.1-3
Check: compiled code
Result: NOTE
    File ‘base64enc/libs/base64enc.so’:
     Found no calls to: ‘R_registerRoutines’, ‘R_useDynamicSymbols’
    
    It is good practice to register native routines and to disable symbol
    search.
    
    See ‘Writing portable packages’ in the ‘Writing R Extensions’ manual.
Flavors: r-devel-linux-x86_64-debian-clang, r-devel-linux-x86_64-debian-gcc, r-patched-linux-x86_64, r-release-linux-x86_64

Version: 0.1-3
Flags: --no-stop-on-test-error
Check: compiled code
Result: NOTE
    File ‘base64enc/libs/base64enc.so’:
     Found no calls to: ‘R_registerRoutines’, ‘R_useDynamicSymbols’
    
    It is good practice to register native routines and to disable symbol
    search.
    
    See ‘Writing portable packages’ in the ‘Writing R Extensions’ manual.
Flavors: r-devel-linux-x86_64-fedora-clang, r-devel-linux-x86_64-fedora-gcc